-- Table structure for table `ierrg_form`
--

CREATE TABLE `ierrg_form` (
  `id` mediumint(8) UNSIGNED NOT NULL,
  `title` varchar(150) COLLATE utf8mb4_unicode_ci NOT NULL,
  `date_created` datetime NOT NULL,
  `is_active` tinyint(1) NOT NULL DEFAULT '1',
  `is_trash` tinyint(1) NOT NULL DEFAULT '0'
) ENGINE=MyISAM DEFAULT CHARSET=utf8mb4 COLLATE=utf8mb4_unicode_ci;

--
-- Dumping data for table `ierrg_form`
--

INSERT INTO `ierrg_form` (`id`, `title`, `date_created`, `is_active`, `is_trash`) VALUES
(1, 'Event Request', '2016-03-06 12:08:30', 1, 0),
(2, 'Contact Us', '2016-08-05 20:06:55', 1, 0);

-- --------------------------------------------------------

--
-- Table structure for table `ierrg_form_meta`
--

CREATE TABLE `ierrg_form_meta` (
  `form_id` mediumint(8) UNSIGNED NOT NULL,
  `display_meta` longtext COLLATE utf8mb4_unicode_ci,
  `entries_grid_meta` longtext COLLATE utf8mb4_unicode_ci,
  `confirmations` longtext COLLATE utf8mb4_unicode_ci,
  `notifications` longtext COLLATE utf8mb4_unicode_ci
) ENGINE=MyISAM DEFAULT CHARSET=utf8mb4 COLLATE=utf8mb4_unicode_ci;

--
-- Dumping data for table `ierrg_form_meta`
--

INSERT INTO `ierrg_form_meta` (`form_id`, `display_meta`, `entries_grid_meta`, `confirmations`, `notifications`) VALUES
(1, '{\"title\":\"Event Request\",\"description\":\"\",\"labelPlacement\":\"top_label\",\"descriptionPlacement\":\"below\",\"button\":{\"type\":\"image\",\"text\":\"\",\"imageUrl\":\"https:\\/\\/idealescaperooms.com\\/wp-content\\/uploads\\/2016\\/08\\/IER-submit-button.png\"},\"fields\":[{\"type\":\"text\",\"id\":1,\"label\":\"Contact Name\",\"adminLabel\":\"\",\"isRequired\":true,\"size\":\"large\",\"errorMessage\":\"\",\"inputs\":null,\"labelPlacement\":\"\",\"descriptionPlacement\":\"\",\"subLabelPlacement\":\"\",\"placeholder\":\"\",\"multipleFiles\":false,\"maxFiles\":\"\",\"calculationFormula\":\"\",\"calculationRounding\":\"\",\"enableCalculation\":\"\",\"disableQuantity\":false,\"displayAllCategories\":false,\"inputMask\":false,\"inputMaskValue\":\"\",\"allowsPrepopulate\":false,\"formId\":1,\"pageNumber\":1,\"description\":\"\",\"inputType\":\"\",\"cssClass\":\"gf_left_half\",\"inputName\":\"\",\"adminOnly\":false,\"noDuplicates\":false,\"defaultValue\":\"\",\"choices\":\"\",\"conditionalLogic\":\"\",\"displayOnly\":\"\"},{\"type\":\"text\",\"id\":7,\"label\":\"Business Name\",\"adminLabel\":\"\",\"isRequired\":true,\"size\":\"large\",\"errorMessage\":\"\",\"inputs\":null,\"labelPlacement\":\"\",\"descriptionPlacement\":\"\",\"subLabelPlacement\":\"\",\"placeholder\":\"\",\"multipleFiles\":false,\"maxFiles\":\"\",\"calculationFormula\":\"\",\"calculationRounding\":\"\",\"enableCalculation\":\"\",\"disableQuantity\":false,\"displayAllCategories\":false,\"inputMask\":false,\"inputMaskValue\":\"\",\"allowsPrepopulate\":false,\"formId\":1,\"pageNumber\":1,\"description\":\"\",\"inputType\":\"\",\"cssClass\":\"gf_right_half\",\"inputName\":\"\",\"adminOnly\":false,\"noDuplicates\":false,\"defaultValue\":\"\",\"choices\":\"\",\"conditionalLogic\":\"\",\"displayOnly\":\"\"},{\"type\":\"email\",\"id\":4,\"label\":\"Email\",\"adminLabel\":\"\",\"isRequired\":true,\"size\":\"large\",\"errorMessage\":\"\",\"inputs\":null,\"labelPlacement\":\"\",\"descriptionPlacement\":\"\",\"subLabelPlacement\":\"\",\"placeholder\":\"\",\"multipleFiles\":false,\"maxFiles\":\"\",\"calculationFormula\":\"\",\"calculationRounding\":\"\",\"enableCalculation\":\"\",\"disableQuantity\":false,\"displayAllCategories\":false,\"inputMask\":false,\"inputMaskValue\":\"\",\"allowsPrepopulate\":false,\"formId\":1,\"pageNumber\":1,\"description\":\"\",\"inputType\":\"\",\"cssClass\":\"gf_left_half\",\"inputName\":\"\",\"adminOnly\":false,\"noDuplicates\":false,\"defaultValue\":\"\",\"choices\":\"\",\"conditionalLogic\":\"\",\"displayOnly\":\"\"},{\"type\":\"phone\",\"id\":5,\"label\":\"Phone\",\"adminLabel\":\"\",\"isRequired\":true,\"size\":\"large\",\"errorMessage\":\"\",\"inputs\":null,\"phoneFormat\":\"standard\",\"labelPlacement\":\"\",\"descriptionPlacement\":\"\",\"subLabelPlacement\":\"\",\"placeholder\":\"\",\"multipleFiles\":false,\"maxFiles\":\"\",\"calculationFormula\":\"\",\"calculationRounding\":\"\",\"enableCalculation\":\"\",\"disableQuantity\":false,\"displayAllCategories\":false,\"inputMask\":false,\"inputMaskValue\":\"\",\"allowsPrepopulate\":false,\"formId\":1,\"pageNumber\":1,\"description\":\"\",\"inputType\":\"\",\"cssClass\":\"gf_right_half\",\"inputName\":\"\",\"adminOnly\":false,\"noDuplicates\":false,\"defaultValue\":\"\",\"choices\":\"\",\"conditionalLogic\":\"\",\"displayOnly\":\"\"},{\"type\":\"select\",\"id\":2,\"label\":\"Event Type\",\"adminLabel\":\"\",\"isRequired\":true,\"size\":\"large\",\"errorMessage\":\"\",\"inputs\":null,\"choices\":[{\"text\":\"- Select One -\",\"value\":\"- Select One -\",\"isSelected\":false,\"price\":\"\"},{\"text\":\"Corporate Team Building\",\"value\":\"Corporate Team Building\",\"isSelected\":false,\"price\":\"\"},{\"text\":\"Birthday Party\",\"value\":\"Birthday Party\",\"isSelected\":false,\"price\":\"\"},{\"text\":\"Private Party (15+ guests)\",\"value\":\"Private Party (15+ guests)\",\"isSelected\":false,\"price\":\"\"}],\"labelPlacement\":\"\",\"descriptionPlacement\":\"\",\"subLabelPlacement\":\"\",\"placeholder\":\"\",\"multipleFiles\":false,\"maxFiles\":\"\",\"calculationFormula\":\"\",\"calculationRounding\":\"\",\"enableCalculation\":\"\",\"disableQuantity\":false,\"displayAllCategories\":false,\"inputMask\":false,\"inputMaskValue\":\"\",\"allowsPrepopulate\":false,\"formId\":1,\"pageNumber\":1,\"description\":\"\",\"inputType\":\"\",\"cssClass\":\"gf_left_half\",\"inputName\":\"\",\"adminOnly\":false,\"noDuplicates\":false,\"defaultValue\":\"\",\"conditionalLogic\":\"\",\"displayOnly\":\"\"},{\"type\":\"text\",\"id\":6,\"label\":\"Group Size\",\"adminLabel\":\"\",\"isRequired\":true,\"size\":\"medium\",\"errorMessage\":\"\",\"inputs\":null,\"labelPlacement\":\"\",\"descriptionPlacement\":\"\",\"subLabelPlacement\":\"\",\"placeholder\":\"\",\"multipleFiles\":false,\"maxFiles\":\"\",\"calculationFormula\":\"\",\"calculationRounding\":\"\",\"enableCalculation\":\"\",\"disableQuantity\":false,\"displayAllCategories\":false,\"inputMask\":false,\"inputMaskValue\":\"\",\"allowsPrepopulate\":false,\"formId\":1,\"pageNumber\":1,\"description\":\"\",\"inputType\":\"\",\"cssClass\":\"gf_right_half\",\"inputName\":\"\",\"adminOnly\":false,\"noDuplicates\":false,\"defaultValue\":\"\",\"choices\":\"\",\"conditionalLogic\":\"\",\"displayOnly\":\"\"},{\"type\":\"date\",\"id\":3,\"label\":\"Requested Event Date\",\"adminLabel\":\"\",\"isRequired\":true,\"size\":\"medium\",\"errorMessage\":\"\",\"inputs\":[{\"id\":\"3.1\",\"label\":\"MM\",\"name\":\"\",\"defaultValue\":\"\",\"placeholder\":\"\"},{\"id\":\"3.2\",\"label\":\"DD\",\"name\":\"\",\"defaultValue\":\"\",\"placeholder\":\"\"},{\"id\":\"3.3\",\"label\":\"YYYY\",\"name\":\"\",\"defaultValue\":\"\",\"placeholder\":\"\"}],\"labelPlacement\":\"\",\"descriptionPlacement\":\"\",\"subLabelPlacement\":\"\",\"placeholder\":\"\",\"multipleFiles\":false,\"maxFiles\":\"\",\"calculationFormula\":\"\",\"calculationRounding\":\"\",\"enableCalculation\":\"\",\"disableQuantity\":false,\"displayAllCategories\":false,\"inputMask\":false,\"inputMaskValue\":\"\",\"dateType\":\"datefield\",\"calendarIconType\":\"none\",\"calendarIconUrl\":\"\",\"allowsPrepopulate\":false,\"dateFormat\":\"mdy\",\"formId\":1,\"pageNumber\":1,\"description\":\"\",\"inputType\":\"\",\"cssClass\":\"\",\"inputName\":\"\",\"adminOnly\":false,\"noDuplicates\":false,\"defaultValue\":\"\",\"choices\":\"\",\"conditionalLogic\":\"\",\"displayOnly\":\"\"},{\"type\":\"textarea\",\"id\":8,\"label\":\"Comments\",\"adminLabel\":\"\",\"isRequired\":false,\"size\":\"small\",\"errorMessage\":\"\",\"inputs\":null,\"labelPlacement\":\"\",\"descriptionPlacement\":\"\",\"subLabelPlacement\":\"\",\"placeholder\":\"\",\"multipleFiles\":false,\"maxFiles\":\"\",\"calculationFormula\":\"\",\"calculationRounding\":\"\",\"enableCalculation\":\"\",\"disableQuantity\":false,\"displayAllCategories\":false,\"inputMask\":false,\"inputMaskValue\":\"\",\"allowsPrepopulate\":false,\"formId\":1,\"pageNumber\":1,\"description\":\"\",\"inputType\":\"\",\"cssClass\":\"\",\"inputName\":\"\",\"adminOnly\":false,\"noDuplicates\":false,\"defaultValue\":\"\",\"choices\":\"\",\"conditionalLogic\":\"\",\"displayOnly\":\"\"}],\"version\":\"1.9.19\",\"id\":1,\"useCurrentUserAsAuthor\":true,\"postContentTemplateEnabled\":false,\"postTitleTemplateEnabled\":false,\"postTitleTemplate\":\"\",\"postContentTemplate\":\"\",\"lastPageButton\":null,\"pagination\":null,\"firstPageCssClass\":null,\"subLabelPlacement\":\"below\",\"cssClass\":\"\",\"enableHoneypot\":false,\"enableAnimation\":false,\"save\":{\"enabled\":false,\"button\":{\"type\":\"link\",\"text\":\"Save and Continue Later\"}},\"limitEntries\":false,\"limitEntriesCount\":\"\",\"limitEntriesPeriod\":\"\",\"limitEntriesMessage\":\"\",\"scheduleForm\":false,\"scheduleStart\":\"\",\"scheduleStartHour\":\"\",\"scheduleStartMinute\":\"\",\"scheduleStartAmpm\":\"\",\"scheduleEnd\":\"\",\"scheduleEndHour\":\"\",\"scheduleEndMinute\":\"\",\"scheduleEndAmpm\":\"\",\"schedulePendingMessage\":\"\",\"scheduleMessage\":\"\",\"requireLogin\":false,\"requireLoginMessage\":\"\"}', '', '{\"56dc1dbe07f56\":{\"id\":\"56dc1dbe07f56\",\"name\":\"Default Confirmation\",\"isDefault\":true,\"type\":\"message\",\"message\":\"Thanks for contacting us! We will get in touch with you shortly.\",\"url\":\"\",\"pageId\":\"\",\"queryString\":\"\"}}', '{\"56dc1dbe07daa\":{\"isActive\":true,\"id\":\"56dc1dbe07daa\",\"name\":\"Admin Notification\",\"service\":\"wordpress\",\"event\":\"form_submission\",\"to\":\"idealescaperooms@gmail.com\",\"toType\":\"email\",\"bcc\":\"\",\"subject\":\"New submission from {form_title}\",\"message\":\"{all_fields}\",\"from\":\"{Email:4}\",\"fromName\":\"IdealEscapeRooms Website\",\"replyTo\":\"{Email:4}\",\"routing\":null,\"conditionalLogic\":null,\"disableAutoformat\":false}}'),
(2, '{\"title\":\"Contact Us\",\"description\":\"\",\"labelPlacement\":\"top_label\",\"descriptionPlacement\":\"below\",\"button\":{\"type\":\"image\",\"text\":\"\",\"imageUrl\":\"https:\\/\\/idealescaperooms.com\\/wp-content\\/uploads\\/2016\\/08\\/IER-submit-button.png\"},\"fields\":[{\"type\":\"text\",\"id\":1,\"label\":\"Name\",\"adminLabel\":\"\",\"isRequired\":true,\"size\":\"large\",\"errorMessage\":\"\",\"inputs\":null,\"labelPlacement\":\"\",\"descriptionPlacement\":\"\",\"subLabelPlacement\":\"\",\"placeholder\":\"\",\"multipleFiles\":false,\"maxFiles\":\"\",\"calculationFormula\":\"\",\"calculationRounding\":\"\",\"enableCalculation\":\"\",\"disableQuantity\":false,\"displayAllCategories\":false,\"inputMask\":false,\"inputMaskValue\":\"\",\"allowsPrepopulate\":false,\"formId\":2,\"pageNumber\":1,\"description\":\"\",\"inputType\":\"\",\"cssClass\":\"\",\"inputName\":\"\",\"adminOnly\":false,\"noDuplicates\":false,\"defaultValue\":\"\",\"choices\":\"\",\"conditionalLogic\":\"\",\"displayOnly\":\"\"},{\"type\":\"email\",\"id\":4,\"label\":\"Email\",\"adminLabel\":\"\",\"isRequired\":true,\"size\":\"large\",\"errorMessage\":\"\",\"inputs\":null,\"labelPlacement\":\"\",\"descriptionPlacement\":\"\",\"subLabelPlacement\":\"\",\"placeholder\":\"\",\"multipleFiles\":false,\"maxFiles\":\"\",\"calculationFormula\":\"\",\"calculationRounding\":\"\",\"enableCalculation\":\"\",\"disableQuantity\":false,\"displayAllCategories\":false,\"inputMask\":false,\"inputMaskValue\":\"\",\"allowsPrepopulate\":false,\"formId\":2,\"pageNumber\":1,\"description\":\"\",\"inputType\":\"\",\"cssClass\":\"\",\"inputName\":\"\",\"adminOnly\":false,\"noDuplicates\":false,\"defaultValue\":\"\",\"choices\":\"\",\"conditionalLogic\":\"\",\"displayOnly\":\"\"},{\"type\":\"phone\",\"id\":5,\"label\":\"Phone\",\"adminLabel\":\"\",\"isRequired\":true,\"size\":\"large\",\"errorMessage\":\"\",\"inputs\":null,\"phoneFormat\":\"standard\",\"labelPlacement\":\"\",\"descriptionPlacement\":\"\",\"subLabelPlacement\":\"\",\"placeholder\":\"\",\"multipleFiles\":false,\"maxFiles\":\"\",\"calculationFormula\":\"\",\"calculationRounding\":\"\",\"enableCalculation\":\"\",\"disableQuantity\":false,\"displayAllCategories\":false,\"inputMask\":false,\"inputMaskValue\":\"\",\"allowsPrepopulate\":false,\"formId\":2,\"pageNumber\":1,\"description\":\"\",\"inputType\":\"\",\"cssClass\":\"\",\"inputName\":\"\",\"adminOnly\":false,\"noDuplicates\":false,\"defaultValue\":\"\",\"choices\":\"\",\"conditionalLogic\":\"\",\"displayOnly\":\"\"},{\"type\":\"textarea\",\"id\":6,\"label\":\"How may we help you?\",\"adminLabel\":\"\",\"isRequired\":true,\"size\":\"small\",\"errorMessage\":\"\",\"inputs\":null,\"labelPlacement\":\"\",\"descriptionPlacement\":\"\",\"subLabelPlacement\":\"\",\"placeholder\":\"\",\"multipleFiles\":false,\"maxFiles\":\"\",\"calculationFormula\":\"\",\"calculationRounding\":\"\",\"enableCalculation\":\"\",\"disableQuantity\":false,\"displayAllCategories\":false,\"inputMask\":false,\"inputMaskValue\":\"\",\"allowsPrepopulate\":false,\"formId\":2,\"pageNumber\":1,\"description\":\"\",\"inputType\":\"\",\"cssClass\":\"\",\"inputName\":\"\",\"adminOnly\":false,\"noDuplicates\":false,\"defaultValue\":\"\",\"choices\":\"\",\"conditionalLogic\":\"\",\"displayOnly\":\"\"}],\"version\":\"1.9.19\",\"id\":2,\"useCurrentUserAsAuthor\":true,\"postContentTemplateEnabled\":false,\"postTitleTemplateEnabled\":false,\"postTitleTemplate\":\"\",\"postContentTemplate\":\"\",\"lastPageButton\":null,\"pagination\":null,\"firstPageCssClass\":null,\"subLabelPlacement\":\"below\",\"cssClass\":\"\",\"enableHoneypot\":false,\"enableAnimation\":false,\"save\":{\"enabled\":false,\"button\":{\"type\":\"link\",\"text\":\"Save and Continue Later\"}},\"limitEntries\":false,\"limitEntriesCount\":\"\",\"limitEntriesPeriod\":\"\",\"limitEntriesMessage\":\"\",\"scheduleForm\":false,\"scheduleStart\":\"\",\"scheduleStartHour\":\"\",\"scheduleStartMinute\":\"\",\"scheduleStartAmpm\":\"\",\"scheduleEnd\":\"\",\"scheduleEndHour\":\"\",\"scheduleEndMinute\":\"\",\"scheduleEndAmpm\":\"\",\"schedulePendingMessage\":\"\",\"scheduleMessage\":\"\",\"requireLogin\":false,\"requireLoginMessage\":\"\",\"notifications\":{\"56dc1dbe07daa\":{\"isActive\":true,\"id\":\"56dc1dbe07daa\",\"name\":\"Admin Notification\",\"service\":\"wordpress\",\"event\":\"form_submission\",\"to\":\"idealescaperooms@gmail.com\",\"toType\":\"email\",\"bcc\":\"\",\"subject\":\"New submission from {form_title}\",\"message\":\"{all_fields}\",\"from\":\"{Email:4}\",\"fromName\":\"IdealEscapeRooms Website\",\"replyTo\":\"{Email:4}\",\"routing\":null,\"conditionalLogic\":null,\"disableAutoformat\":false}},\"confirmations\":{\"56dc1dbe07f56\":{\"id\":\"56dc1dbe07f56\",\"name\":\"Default Confirmation\",\"isDefault\":true,\"type\":\"message\",\"message\":\"Thanks for contacting us! We will get in touch with you shortly.\",\"url\":\"\",\"pageId\":\"\",\"queryString\":\"\"}}}', '', '{\"56dc1dbe07f56\":{\"id\":\"56dc1dbe07f56\",\"name\":\"Default Confirmation\",\"isDefault\":true,\"type\":\"message\",\"message\":\"Thanks for contacting us! We will get in touch with you shortly.\",\"url\":\"\",\"pageId\":\"\",\"queryString\":\"\"}}', '{\"56dc1dbe07daa\":{\"isActive\":true,\"id\":\"56dc1dbe07daa\",\"name\":\"Admin Notification\",\"service\":\"wordpress\",\"event\":\"form_submission\",\"to\":\"idealescaperooms@gmail.com\",\"toType\":\"email\",\"bcc\":\"\",\"subject\":\"New submission from {form_title}\",\"message\":\"{all_fields}\",\"from\":\"{Email:4}\",\"fromName\":\"IdealEscapeRooms Website\",\"replyTo\":\"{Email:4}\",\"routing\":null,\"conditionalLogic\":null,\"disableAutoformat\":false}}');

-- --------------------------------------------------------

--
-- Table structure for table `ierrg_form_view`
--

CREATE TABLE `ierrg_form_view` (
  `id` bigint(20) UNSIGNED NOT NULL,
  `form_id` mediumint(8) UNSIGNED NOT NULL,
  `date_created` datetime NOT NULL,
  `ip` char(15) COLLATE utf8mb4_unicode_ci DEFAULT NULL,
  `count` mediumint(8) UNSIGNED NOT NULL DEFAULT '1'
) ENGINE=MyISAM DEFAULT CHARSET=utf8mb4 COLLATE=utf8mb4_unicode_ci;

--
-- Dumping data for table `ierrg_form_view`
--

INSERT INTO `ierrg_form_view` (`id`, `form_id`, `date_created`, `ip`, `count`) VALUES
(1, 1, '2016-03-06 12:09:23', '70.39.246.37', 11),
(2, 1, '2016-03-07 23:12:00', '76.238.194.228', 2),
(3, 1, '2016-03-10 21:15:02', '76.238.194.228', 3),
(4, 1, '2016-03-11 21:19:41', '76.238.194.228', 4),
(5, 1, '2016-03-13 01:05:36', '76.238.194.228', 6),
(6, 1, '2016-03-14 22:39:25', '76.238.194.228', 1),
(7, 1, '2016-03-15 22:45:55', '76.238.194.228', 1),
(8, 1, '2016-03-26 16:37:29', '69.30.213.202', 4),
(9, 1, '2016-03-28 02:03:29', '76.238.194.228', 1),
(10, 1, '2016-03-29 09:26:20', '100.43.81.150', 1),
(11, 1, '2016-03-31 12:43:36', '76.238.194.228', 6),
(12, 1, '2016-04-02 10:03:46', '144.76.8.132', 5),
(13, 1, '2016-04-03 13:20:35', '66.249.66.129', 5),
(14, 1, '2016-04-04 18:48:11', '66.249.66.133', 5),
(15, 1, '2016-04-06 01:15:57', '66.249.66.129', 6),
(16, 1, '2016-04-07 01:25:23', '66.249.66.133', 7),
(17, 1, '2016-04-08 02:12:38', '69.30.198.202', 6),
(18, 1, '2016-04-09 05:49:55', '66.249.66.6', 8),
(19, 1, '2016-04-10 11:21:31', '66.249.66.6', 5),
(20, 1, '2016-04-11 15:19:55', '78.46.50.246', 6),
(21, 1, '2016-04-12 16:10:25', '66.249.69.2', 7),
(22, 1, '2016-04-13 22:30:03', '66.249.65.252', 4),
(23, 1, '2016-04-15 00:41:57', '66.249.64.251', 8),
(24, 1, '2016-04-16 00:50:45', '66.249.66.189', 6),
(25, 1, '2016-04-17 06:37:21', '66.249.66.189', 7),
(26, 1, '2016-04-18 10:25:41', '212.83.177.193', 6),
(27, 1, '2016-04-19 10:33:48', '66.249.66.133', 5),
(28, 1, '2016-04-20 11:07:59', '66.249.66.189', 6),
(29, 1, '2016-04-21 11:25:27', '66.249.66.133', 5),
(30, 1, '2016-04-22 12:42:08', '66.249.66.129', 4),
(31, 1, '2016-04-23 13:12:12', '66.249.66.133', 7),
(32, 1, '2016-04-24 18:20:35', '66.249.66.189', 4),
(33, 1, '2016-04-25 19:09:46', '66.249.65.252', 5),
(34, 1, '2016-04-27 01:10:32', '66.249.66.129', 5),
(35, 1, '2016-04-28 07:33:41', '66.249.66.129', 7),
(36, 1, '2016-04-29 12:47:23', '66.249.79.87', 5),
(37, 1, '2016-04-30 13:10:44', '66.249.66.129', 5),
(38, 1, '2016-05-01 15:04:37', '51.254.130.58', 5),
(39, 1, '2016-05-02 18:20:54', '66.249.66.189', 4),
(40, 1, '2016-05-03 18:48:30', '66.249.66.129', 5),
(41, 1, '2016-05-04 22:58:46', '66.249.66.129', 5),
(42, 1, '2016-05-06 03:39:22', '66.249.66.129', 5),
(43, 1, '2016-05-07 04:17:36', '66.249.66.133', 5),
(44, 1, '2016-05-08 10:37:42', '66.249.65.252', 6),
(45, 1, '2016-05-09 10:57:38', '76.238.194.228', 3),
(46, 1, '2016-05-10 20:23:27', '138.201.88.141', 2),
(47, 1, '2016-05-13 06:19:48', '207.46.13.65', 2),
(48, 1, '2016-05-15 00:54:48', '66.249.64.111', 6),
(49, 1, '2016-05-16 06:01:35', '66.249.64.111', 3),
(50, 1, '2016-05-17 09:46:37', '5.9.85.4', 3),
(51, 1, '2016-05-19 10:43:04', '136.243.152.18', 5),
(52, 1, '2016-05-20 18:56:45', '69.58.178.57', 5),
(53, 1, '2016-05-21 19:09:39', '51.254.215.143', 5),
(54, 1, '2016-05-23 00:34:09', '5.9.111.70', 3),
(55, 1, '2016-05-24 08:35:02', '66.249.66.35', 8),
(56, 1, '2016-05-25 11:12:22', '66.249.66.38', 7),
(57, 1, '2016-05-26 13:17:59', '66.249.66.38', 14),
(58, 1, '2016-05-27 14:14:09', '66.249.66.35', 8),
(59, 1, '2016-05-28 21:36:41', '66.249.79.220', 5),
(60, 1, '2016-05-29 22:38:53', '66.249.66.35', 8),
(61, 1, '2016-05-31 01:23:05', '66.249.66.38', 6),
(62, 1, '2016-06-01 01:35:15', '66.249.66.155', 4),
(63, 1, '2016-06-02 01:42:16', '66.249.66.155', 5),
(64, 1, '2016-06-03 01:52:53', '66.249.64.233', 7),
(65, 1, '2016-06-04 02:30:24', '66.249.65.39', 6),
(66, 1, '2016-06-05 07:55:53', '51.254.215.143', 4),
(67, 1, '2016-06-07 06:42:39', '66.249.75.107', 2),
(68, 1, '2016-06-08 13:30:21', '66.249.66.155', 1),
(69, 1, '2016-06-10 00:55:15', '66.249.79.220', 2),
(70, 1, '2016-06-11 01:37:33', '76.238.194.228', 5),
(71, 1, '2016-06-12 16:35:53', '66.249.66.155', 3),
(72, 1, '2016-06-13 18:47:42', '62.210.170.165', 2),
(73, 1, '2016-06-14 19:15:15', '180.76.15.23', 1),
(74, 1, '2016-06-15 21:04:55', '104.236.219.174', 2),
(75, 1, '2016-06-17 04:19:53', '180.76.15.157', 1),
(76, 1, '2016-06-18 19:27:43', '66.249.75.211', 4),
(77, 1, '2016-06-19 20:20:54', '66.249.64.238', 2),
(78, 1, '2016-06-21 04:14:41', '76.238.194.228', 1),
(79, 1, '2016-06-26 02:47:50', '173.234.159.250', 4),
(80, 1, '2016-06-29 05:02:57', '158.69.225.34', 1),
(81, 1, '2016-07-02 03:04:15', '40.77.167.35', 2),
(82, 1, '2016-07-06 00:28:53', '76.238.194.228', 2),
(83, 1, '2016-07-07 12:44:06', '66.249.64.233', 2),
(84, 1, '2016-07-11 09:02:00', '193.111.140.153', 4),
(85, 1, '2016-07-12 17:10:01', '66.249.66.155', 2),
(86, 1, '2016-07-14 02:47:45', '77.75.79.54', 1),
(87, 1, '2016-07-15 14:37:19', '138.201.127.112', 2),
(88, 1, '2016-07-16 18:42:03', '5.9.142.226', 6),
(89, 1, '2016-07-18 07:35:30', '77.75.78.162', 4),
(90, 1, '2016-07-19 16:51:57', '77.75.77.32', 6),
(91, 1, '2016-07-23 04:29:34', '77.75.79.62', 1),
(92, 1, '2016-07-24 06:54:09', '77.75.77.32', 2),
(93, 1, '2016-07-25 12:53:24', '51.254.97.192', 5),
(94, 1, '2016-07-26 22:42:33', '68.180.228.120', 3),
(95, 1, '2016-07-29 06:49:08', '62.210.170.165', 1),
(96, 1, '2016-07-30 13:03:57', '77.75.78.167', 3),
(97, 1, '2016-07-31 15:13:58', '5.9.73.227', 3),
(98, 1, '2016-08-03 12:43:49', '77.75.79.109', 2),
(99, 1, '2016-08-05 17:22:33', '162.210.196.98', 35),
(100, 2, '2016-08-05 20:37:54', '76.242.97.105', 49),
(101, 1, '2016-08-06 20:30:39', '66.249.64.148', 8),
(102, 2, '2016-08-07 05:55:25', '66.249.64.181', 5),
(103, 1, '2016-08-07 20:52:24', '76.238.194.228', 9),
(104, 2, '2016-08-08 13:51:31', '71.13.94.226', 3),
(105, 1, '2016-08-09 07:48:19', '69.30.198.178', 11),
(106, 2, '2016-08-09 22:31:11', '180.151.240.166', 7),
(107, 1, '2016-08-10 11:10:42', '76.238.194.228', 4),
(108, 2, '2016-08-11 02:59:52', '180.76.15.141', 2),
(109, 1, '2016-08-12 11:47:45', '158.69.134.29', 12),
(110, 2, '2016-08-12 11:47:46', '158.69.134.29', 5),
(111, 2, '2016-08-13 13:11:47', '180.76.15.156', 8),
(112, 1, '2016-08-13 17:49:28', '104.236.225.99', 14),
(113, 2, '2016-08-15 00:42:33', '157.55.39.143', 2),
(114, 1, '2016-08-15 02:45:31', '76.238.194.228', 5),
(115, 1, '2016-08-16 07:00:37', '62.138.2.243', 7),
(116, 2, '2016-08-16 13:21:31', '104.131.187.134', 2),
(117, 1, '2016-08-17 13:24:30', '104.7.255.23', 1),
(118, 1, '2016-08-18 13:33:26', '5.9.73.227', 6),
(119, 1, '2016-08-20 04:33:42', '77.75.78.161', 12),
(120, 2, '2016-08-20 13:32:21', '69.58.178.59', 4),
(121, 1, '2016-08-21 09:35:55', '77.75.77.32', 5),
(122, 2, '2016-08-22 07:43:34', '45.55.229.91', 1),
(123, 2, '2016-08-23 11:52:14', '77.75.77.62', 5),
(124, 1, '2016-08-23 16:58:58', '77.75.76.170', 7),
(125, 2, '2016-08-24 17:06:05', '66.249.79.182', 1),
(126, 1, '2016-08-25 16:49:49', '66.249.65.163', 9),
(127, 2, '2016-08-26 15:51:16', '104.131.61.161', 5),
(128, 1, '2016-08-26 19:02:29', '216.82.165.113', 6),
(129, 2, '2016-08-27 16:07:18', '66.249.64.200', 1),
(130, 1, '2016-08-28 10:42:48', '138.201.127.112', 4),
(131, 1, '2016-08-29 12:38:46', '77.75.79.11', 3),
(132, 2, '2016-08-29 18:32:25', '77.75.77.72', 2),
(133, 1, '2016-08-30 15:36:36', '70.194.7.202', 9),
(134, 2, '2016-08-31 00:02:43', '66.227.198.48', 1),
(135, 1, '2016-08-31 15:38:26', '77.75.78.167', 4),
(136, 1, '2016-09-01 19:44:08', '12.192.178.170', 7),
(137, 1, '2016-09-02 19:48:02', '68.56.0.127', 3),
(138, 2, '2016-09-03 02:03:06', '174.25.117.30', 3),
(139, 1, '2016-09-03 21:29:54', '188.40.95.70', 2),
(140, 2, '2016-09-04 02:14:24', '178.238.225.65', 6),
(141, 1, '2016-09-04 21:39:26', '104.131.43.223', 13),
(142, 2, '2016-09-05 16:32:14', '76.112.248.53', 7),
(143, 1, '2016-09-06 05:16:26', '77.75.78.166', 10),
(144, 2, '2016-09-06 16:45:24', '70.194.14.154', 4),
(145, 1, '2016-09-07 22:56:57', '46.4.116.197', 6),
(146, 1, '2016-09-09 01:54:33', '69.197.177.26', 6),
(147, 2, '2016-09-09 05:34:12', '66.249.65.155', 1),
(148, 1, '2016-09-10 14:08:20', '195.154.250.248', 7),
(149, 2, '2016-09-10 17:05:47', '76.198.16.20', 2),
(150, 1, '2016-09-11 17:18:13', '162.210.196.130', 7),
(151, 2, '2016-09-11 23:19:29', '180.76.15.137', 2),
(152, 1, '2016-09-12 22:23:19', '75.129.91.147', 5),
(153, 2, '2016-09-12 23:26:20', '180.76.15.150', 4),
(154, 1, '2016-09-14 07:57:14', '51.255.51.25', 6),
(155, 2, '2016-09-15 15:38:11', '180.76.15.21', 3),
(156, 1, '2016-09-15 17:15:58', '104.131.176.180', 9),
(157, 1, '2016-09-16 17:57:30', '76.242.97.105', 7),
(158, 2, '2016-09-16 17:58:01', '76.242.97.105', 3),
(159, 2, '2016-09-17 19:13:22', '207.46.13.110', 2),
(160, 1, '2016-09-18 03:14:41', '157.55.39.237', 10),
(161, 2, '2016-09-19 00:08:02', '66.249.66.38', 2),
(162, 1, '2016-09-19 03:56:31', '5.9.123.116', 3),
(163, 1, '2016-09-20 03:59:23', '45.55.229.135', 7),
(164, 2, '2016-09-20 03:59:25', '45.55.229.135', 3),
(165, 2, '2016-09-21 05:31:51', '157.55.39.79', 4),
(166, 1, '2016-09-21 17:32:42', '157.55.39.224', 3),
(167, 1, '2016-09-23 01:03:22', '24.192.207.1', 11),
(168, 2, '2016-09-23 09:13:27', '68.180.230.46', 4),
(169, 1, '2016-09-24 05:37:53', '51.254.97.22', 6),
(170, 2, '2016-09-24 23:11:16', '45.55.141.41', 7),
(171, 1, '2016-09-25 09:00:15', '69.84.207.246', 9),
(172, 2, '2016-09-26 00:40:01', '99.71.189.39', 3),
(173, 1, '2016-09-26 14:52:04', '51.254.32.6', 4),
(174, 2, '2016-09-27 08:53:10', '54.166.116.3', 1),
(175, 1, '2016-09-27 23:29:03', '51.254.131.245', 7),
(176, 2, '2016-09-28 16:28:54', '40.77.167.39', 3),
(177, 1, '2016-09-29 01:45:03', '77.75.78.169', 6),
(178, 2, '2016-09-29 17:25:45', '99.71.189.39', 4),
(179, 1, '2016-09-30 13:52:31', '51.255.194.3', 5),
(180, 2, '2016-09-30 22:15:41', '198.22.122.16', 1),
(181, 1, '2016-10-01 15:46:45', '173.208.157.186', 6),
(182, 1, '2016-10-03 12:04:47', '141.8.143.196', 12),
(183, 2, '2016-10-03 17:24:28', '97.85.48.88', 7),
(184, 1, '2016-10-05 05:24:43', '66.249.75.179', 10),
(185, 2, '2016-10-05 07:42:13', '66.249.75.179', 3),
(186, 2, '2016-10-07 00:05:23', '23.27.239.123', 1),
(187, 1, '2016-10-07 13:48:50', '180.76.15.29', 3),
(188, 2, '2016-10-08 07:48:25', '142.4.218.156', 5),
(189, 1, '2016-10-08 21:31:17', '68.36.6.71', 7),
(190, 2, '2016-10-09 16:39:19', '207.46.13.141', 1),
(191, 1, '2016-10-10 02:07:40', '66.249.66.41', 11),
(192, 1, '2016-10-11 02:12:34', '66.249.64.59', 11),
(193, 2, '2016-10-11 13:09:50', '198.208.251.23', 3),
(194, 1, '2016-10-12 04:32:24', '66.249.64.57', 10),
(195, 2, '2016-10-13 00:13:49', '141.8.143.196', 3),
(196, 1, '2016-10-13 05:14:46', '66.249.66.41', 10),
(197, 2, '2016-10-14 03:05:36', '97.85.48.88', 5),
(198, 1, '2016-10-14 05:22:04', '66.249.66.35', 23),
(199, 1, '2016-10-15 07:04:47', '66.249.66.38', 8),
(200, 2, '2016-10-15 20:17:30', '66.87.114.196', 7),
(201, 1, '2016-10-16 08:24:43', '66.249.64.59', 11),
(202, 2, '2016-10-16 20:54:57', '104.7.255.138', 6),
(203, 1, '2016-10-17 08:32:09', '66.249.69.67', 10),
(204, 2, '2016-10-17 21:57:42', '68.188.168.140', 24),
(205, 1, '2016-10-18 11:26:09', '66.249.65.155', 47),
(206, 2, '2016-10-18 22:18:12', '50.200.191.34', 4),
(207, 1, '2016-10-19 11:57:46', '66.249.79.175', 9),
(208, 2, '2016-10-20 10:02:07', '24.236.179.55', 8),
(209, 1, '2016-10-20 14:41:46', '66.249.64.57', 9),
(210, 1, '2016-10-21 18:31:24', '66.249.64.55', 20),
(211, 2, '2016-10-21 19:02:36', '207.46.13.92', 13),
(212, 2, '2016-10-22 20:23:22', '66.87.114.253', 15),
(213, 1, '2016-10-22 20:37:22', '66.249.64.55', 11),
(214, 1, '2016-10-23 21:30:41', '66.249.66.35', 11),
(215, 2, '2016-10-23 21:53:41', '76.238.193.173', 9),
(216, 2, '2016-10-24 22:12:51', '166.216.159.151', 13),
(217, 1, '2016-10-25 01:03:45', '66.249.66.41', 12),
(218, 2, '2016-10-26 00:09:26', '40.77.167.89', 12),
(219, 1, '2016-10-26 02:00:37', '104.152.24.63', 11),
(220, 2, '2016-10-27 00:12:33', '176.31.39.23', 19),
(221, 1, '2016-10-27 03:25:19', '68.42.111.216', 14),
(222, 2, '2016-10-28 02:28:24', '23.28.42.16', 20),
(223, 1, '2016-10-28 06:35:50', '66.249.66.35', 10),
(224, 1, '2016-10-29 08:26:46', '66.249.69.77', 9),
(225, 2, '2016-10-29 10:55:25', '91.108.70.67', 11),
(226, 1, '2016-10-30 11:33:18', '66.249.69.72', 11),
(227, 2, '2016-10-31 00:45:19', '76.112.249.87', 5),
(228, 1, '2016-10-31 12:01:55', '66.249.65.159', 12),
(229, 2, '2016-11-01 01:07:25', '97.85.48.88', 16),
(230, 1, '2016-11-01 12:37:37', '157.55.39.224', 12),
(231, 2, '2016-11-02 05:13:05', '104.236.110.18', 12),
(232, 1, '2016-11-02 13:13:53', '66.249.66.35', 7),
(233, 1, '2016-11-03 13:41:12', '66.249.66.38', 13),
(234, 2, '2016-11-03 15:54:08', '77.75.78.161', 20),
(235, 1, '2016-11-04 15:23:47', '173.162.55.253', 14),
(236, 2, '2016-11-04 15:55:32', '97.85.48.88', 24),
(237, 2, '2016-11-05 15:56:52', '66.87.114.159', 27),
(238, 1, '2016-11-05 16:10:52', '66.249.64.200', 18),
(239, 1, '2016-11-06 16:54:16', '66.249.64.195', 10),
(240, 2, '2016-11-06 17:02:34', '199.102.235.140', 31),
(241, 2, '2016-11-07 17:31:50', '66.87.114.86', 13),
(242, 1, '2016-11-07 18:11:02', '66.249.64.200', 15),
(243, 2, '2016-11-08 18:17:46', '184.18.196.116', 12),
(244, 1, '2016-11-08 18:59:08', '66.249.64.205', 17),
(245, 2, '2016-11-09 18:29:55', '96.40.90.37', 27),
(246, 1, '2016-11-09 19:33:57', '66.249.64.205', 11),
(247, 2, '2016-11-10 18:34:06', '198.111.71.16', 33),
(248, 1, '2016-11-10 19:47:42', '66.249.64.195', 15),
(249, 2, '2016-11-11 19:10:28', '66.249.69.52', 23),
(250, 1, '2016-11-11 19:51:19', '66.249.69.52', 16),
(251, 2, '2016-11-12 20:13:01', '107.77.193.138', 22),
(252, 1, '2016-11-12 20:31:09', '66.249.79.175', 13),
(253, 2, '2016-11-13 21:33:37', '108.232.22.155', 23),
(254, 1, '2016-11-13 22:36:21', '167.114.174.95', 14),
(255, 2, '2016-11-14 22:07:36', '166.137.12.76', 14),
(256, 1, '2016-11-14 22:57:34', '66.249.64.195', 18),
(257, 1, '2016-11-15 23:18:00', '66.249.66.123', 8),
(258, 2, '2016-11-15 23:33:11', '172.56.11.55', 13),
(259, 1, '2016-11-17 00:13:48', '66.249.66.125', 11),
(260, 2, '2016-11-17 00:56:44', '108.88.8.12', 9),
(261, 2, '2016-11-18 00:58:34', '98.209.142.69', 18),
(262, 1, '2016-11-18 01:49:39', '66.249.66.125', 12),
(263, 2, '2016-11-19 01:36:01', '166.137.102.116', 17),
(264, 1, '2016-11-19 02:34:41', '66.249.66.35', 13),
(265, 1, '2016-11-20 02:47:37', '66.249.66.35', 12),
(266, 2, '2016-11-20 03:22:56', '68.56.1.168', 12),
(267, 1, '2016-11-21 03:22:46', '66.249.66.41', 16),
(268, 2, '2016-11-21 13:15:22', '66.249.66.35', 10),
(269, 1, '2016-11-22 04:20:22', '66.249.66.41', 19),
(270, 2, '2016-11-22 14:11:50', '198.206.250.38', 15),
(271, 1, '2016-11-23 08:19:25', '66.249.65.24', 12),
(272, 2, '2016-11-23 16:33:29', '75.145.236.197', 3),
(273, 1, '2016-11-24 08:53:54', '66.249.65.26', 13),
(274, 2, '2016-11-24 23:02:44', '96.35.74.121', 22),
(275, 1, '2016-11-25 09:40:33', '66.249.79.172', 17),
(276, 2, '2016-11-26 00:07:27', '166.170.0.20', 16),
(277, 1, '2016-11-26 10:17:37', '66.249.79.172', 11),
(278, 2, '2016-11-27 01:54:27', '180.76.15.150', 6),
(279, 1, '2016-11-27 10:41:14', '66.249.64.195', 14),
(280, 2, '2016-11-28 03:16:47', '76.220.209.104', 12),
(281, 1, '2016-11-28 10:43:28', '66.249.64.205', 15),
(282, 2, '2016-11-29 03:19:53', '97.85.48.88', 14),
(283, 1, '2016-11-29 12:38:26', '220.181.108.175', 15),
(284, 2, '2016-11-30 03:25:31', '68.36.198.156', 12),
(285, 1, '2016-11-30 14:45:06', '66.249.66.38', 16),
(286, 2, '2016-12-01 12:31:07', '66.188.56.253', 9),
(287, 1, '2016-12-01 16:33:01', '66.249.66.38', 23),
(288, 1, '2016-12-02 16:36:30', '66.249.66.41', 17),
(289, 2, '2016-12-02 21:32:59', '47.33.192.138', 9),
(290, 1, '2016-12-03 17:57:35', '66.249.64.195', 14),
(291, 2, '2016-12-03 21:56:39', '176.31.39.23', 4),
(292, 1, '2016-12-04 18:18:01', '66.249.64.195', 11),
(293, 2, '2016-12-05 02:00:48', '207.46.13.172', 2),
(294, 1, '2016-12-05 18:21:04', '66.249.64.205', 10),
(295, 2, '2016-12-06 11:54:00', '67.216.187.62', 11),
(296, 1, '2016-12-06 19:18:08', '66.249.65.24', 10),
(297, 2, '2016-12-07 13:18:22', '141.8.143.196', 9),
(298, 1, '2016-12-07 21:08:11', '76.238.194.225', 15),
(299, 2, '2016-12-08 14:08:25', '66.249.64.200', 8),
(300, 1, '2016-12-08 21:15:21', '24.180.183.250', 10),
(301, 2, '2016-12-09 19:42:40', '98.250.178.181', 6),
(302, 1, '2016-12-10 00:01:56', '66.249.64.200', 14),
(303, 2, '2016-12-10 23:52:14', '207.46.13.73', 8),
(304, 1, '2016-12-11 00:12:32', '97.95.14.105', 13),
(305, 1, '2016-12-12 01:37:04', '66.249.64.200', 18),
(306, 2, '2016-12-12 16:50:03', '68.42.109.224', 11),
(307, 1, '2016-12-13 01:48:21', '66.249.66.163', 21),
(308, 2, '2016-12-13 22:31:42', '96.35.72.199', 6),
(309, 1, '2016-12-14 04:39:29', '66.249.66.155', 16),
(310, 1, '2016-12-15 06:45:10', '66.249.66.163', 11),
(311, 1, '2016-12-16 07:00:40', '141.8.143.196', 14),
(312, 2, '2016-12-16 12:33:11', '157.55.39.222', 4),
(313, 1, '2016-12-17 11:54:37', '66.249.75.99', 14),
(314, 2, '2016-12-17 13:26:19', '207.46.13.111', 9),
(315, 1, '2016-12-18 17:17:53', '66.249.65.229', 18),
(316, 2, '2016-12-19 04:23:55', '138.197.10.74', 8),
(317, 1, '2016-12-19 17:56:53', '141.8.143.196', 26),
(318, 2, '2016-12-20 07:35:13', '207.46.13.124', 8),
(319, 1, '2016-12-20 18:34:47', '216.152.103.25', 18),
(320, 2, '2016-12-21 16:51:36', '66.87.114.4', 11),
(321, 1, '2016-12-21 19:03:45', '66.249.64.195', 11),
(322, 1, '2016-12-22 19:59:39', '66.249.64.195', 24),
(323, 2, '2016-12-23 02:02:36', '141.8.143.196', 5),
(324, 1, '2016-12-23 20:39:38', '66.249.64.205', 15),
(325, 2, '2016-12-24 06:51:07', '167.114.172.225', 7),
(326, 1, '2016-12-24 21:40:50', '66.249.64.195', 17),
(327, 2, '2016-12-25 08:18:00', '104.236.213.177', 6),
(328, 1, '2016-12-25 23:53:20', '66.249.64.195', 12),
(329, 2, '2016-12-26 17:05:44', '76.238.193.58', 7),
(330, 1, '2016-12-27 00:11:58', '66.249.66.41', 21),
(331, 2, '2016-12-27 17:44:02', '50.241.220.190', 11),
(332, 1, '2016-12-28 00:26:10', '104.236.83.1', 20),
(333, 2, '2016-12-28 20:38:40', '97.84.254.173', 9),
(334, 1, '2016-12-29 00:49:21', '141.8.143.196', 25),
(335, 2, '2016-12-29 22:00:09', '99.113.48.24', 13),
(336, 1, '2016-12-30 00:52:43', '66.249.64.200', 19),
(337, 2, '2016-12-31 01:06:51', '71.82.72.29', 13),
(338, 1, '2016-12-31 01:12:51', '70.210.64.224', 17),
(339, 1, '2017-01-01 03:17:19', '69.136.134.195', 16),
(340, 2, '2017-01-01 21:42:58', '141.8.143.196', 5),
(341, 1, '2017-01-02 03:19:05', '66.249.79.159', 16),
(342, 1, '2017-01-03 05:25:25', '66.249.64.200', 17),
(343, 2, '2017-01-03 05:43:42', '141.8.143.196', 19),
(344, 1, '2017-01-04 05:37:16', '66.249.64.205', 22),
(345, 2, '2017-01-04 07:32:16', '119.82.112.170', 12),
(346, 1, '2017-01-05 05:53:09', '66.249.64.200', 20),
(347, 2, '2017-01-05 15:43:55', '141.8.143.196', 12),
(348, 1, '2017-01-06 06:12:40', '66.249.64.195', 18),
(349, 2, '2017-01-06 22:24:27', '97.95.219.66', 8),
(350, 1, '2017-01-07 08:26:15', '66.249.66.35', 11),
(351, 2, '2017-01-08 01:06:04', '108.195.241.29', 4),
(352, 1, '2017-01-08 10:17:08', '66.249.66.35', 13),
(353, 2, '2017-01-09 01:48:58', '77.75.76.170', 5),
(354, 1, '2017-01-09 11:25:21', '66.249.66.163', 11),
(355, 2, '2017-01-10 02:55:41', '108.194.39.99', 6),
(356, 1, '2017-01-10 11:41:08', '66.249.75.99', 15),
(357, 2, '2017-01-11 06:49:20', '141.8.143.196', 4),
(358, 1, '2017-01-11 12:14:08', '66.249.66.127', 13),
(359, 2, '2017-01-12 11:48:28', '180.76.15.161', 10),
(360, 1, '2017-01-12 13:40:36', '66.249.66.159', 17),
(361, 1, '2017-01-13 13:50:45', '195.154.240.170', 25),
(362, 2, '2017-01-13 15:07:33', '159.203.129.71', 20),
(363, 1, '2017-01-14 14:29:16', '66.249.79.159', 16),
(364, 2, '2017-01-14 15:33:52', '96.35.72.56', 15),
(365, 1, '2017-01-15 14:32:57', '66.249.79.163', 16),
(366, 2, '2017-01-15 16:40:11', '184.15.176.61', 9),
(367, 1, '2017-01-16 14:40:51', '75.1.132.3', 15),
(368, 2, '2017-01-16 19:32:16', '96.40.90.165', 21),
(369, 1, '2017-01-17 15:41:00', '66.249.66.159', 19),
(370, 2, '2017-01-17 23:53:32', '35.50.55.244', 14),
(371, 1, '2017-01-18 15:48:53', '75.168.184.158', 20),
(372, 2, '2017-01-19 00:30:07', '68.188.163.171', 23),
(373, 1, '2017-01-19 16:14:46', '66.249.66.159', 20),
(374, 2, '2017-01-20 01:38:16', '52.228.28.3', 11),
(375, 1, '2017-01-20 16:37:51', '97.68.167.106', 20),
(376, 2, '2017-01-21 02:08:14', '138.197.7.56', 10),
(377, 1, '2017-01-21 20:16:11', '66.249.66.35', 16),
(378, 2, '2017-01-22 07:43:19', '66.249.66.41', 17),
(379, 1, '2017-01-22 22:15:10', '66.249.64.57', 23),
(380, 2, '2017-01-23 15:33:47', '77.88.47.47', 13),
(381, 1, '2017-01-23 22:32:05', '66.249.64.57', 18),
(382, 2, '2017-01-24 21:55:58', '172.56.11.86', 10),
(383, 1, '2017-01-24 22:46:23', '66.249.65.223', 13),
(384, 1, '2017-01-25 23:24:29', '141.8.143.196', 13),
(385, 2, '2017-01-26 00:50:03', '70.194.15.48', 20),
(386, 1, '2017-01-26 23:43:15', '66.249.79.163', 22),
(387, 2, '2017-01-27 03:01:18', '71.13.81.201', 26),
(388, 1, '2017-01-28 00:06:14', '66.249.66.35', 19),
(389, 2, '2017-01-28 03:16:55', '66.227.202.176', 35),
(390, 1, '2017-01-29 02:18:05', '66.249.69.52', 19),
(391, 2, '2017-01-29 04:49:28', '172.58.121.249', 13),
(392, 1, '2017-01-30 03:14:49', '141.8.143.196', 19),
(393, 2, '2017-01-30 06:58:08', '24.5.151.177', 19),
(394, 1, '2017-01-31 06:50:00', '66.249.64.205', 22),
(395, 2, '2017-01-31 10:41:33', '23.112.128.202', 8),
(396, 1, '2017-02-01 06:52:12', '66.249.66.35', 27),
(397, 2, '2017-02-01 13:30:04', '141.8.143.196', 9),
(398, 1, '2017-02-02 07:09:46', '141.8.143.196', 9),
(399, 2, '2017-02-02 13:34:33', '68.37.156.75', 6),
(400, 1, '2017-02-03 07:50:01', '180.76.15.138', 12),
(401, 2, '2017-02-04 01:53:05', '163.172.65.234', 14),
(402, 1, '2017-02-04 07:54:05', '66.249.66.41', 13),
(403, 1, '2017-02-05 12:05:06', '66.249.66.38', 12),
(404, 2, '2017-02-05 13:19:25', '76.112.248.53', 6),
(405, 1, '2017-02-06 12:42:34', '141.8.143.196', 11),
(406, 2, '2017-02-06 14:57:15', '107.77.193.156', 8),
(407, 1, '2017-02-07 13:21:05', '66.249.66.38', 10),
(408, 2, '2017-02-07 17:57:17', '103.220.30.243', 8),
(409, 1, '2017-02-08 14:40:14', '66.249.79.159', 19),
(410, 2, '2017-02-08 23:24:34', '68.51.173.68', 10),
(411, 1, '2017-02-09 15:03:35', '66.249.66.35', 11),
(412, 2, '2017-02-10 13:04:56', '172.56.11.170', 11),
(413, 1, '2017-02-10 19:59:33', '66.87.115.14', 19),
(414, 2, '2017-02-11 13:31:42', '107.131.193.124', 7),
(415, 1, '2017-02-11 20:05:54', '108.70.57.243', 10),
(416, 1, '2017-02-12 20:41:00', '66.249.66.41', 14),
(417, 2, '2017-02-12 21:40:45', '76.220.210.235', 8),
(418, 1, '2017-02-13 20:43:38', '77.75.79.54', 12),
(419, 2, '2017-02-13 23:37:28', '68.56.0.48', 1),
(420, 1, '2017-02-14 21:50:04', '66.249.66.38', 14),
(421, 2, '2017-02-15 02:02:47', '77.88.47.47', 6),
(422, 1, '2017-02-16 00:49:19', '68.36.16.72', 16),
(423, 2, '2017-02-16 04:41:37', '157.55.39.150', 9),
(424, 1, '2017-02-17 01:13:00', '66.249.66.35', 15),
(425, 2, '2017-02-17 12:57:13', '209.31.126.41', 8),
(426, 1, '2017-02-18 02:08:20', '141.8.143.196', 16),
(427, 2, '2017-02-18 15:25:09', '66.87.115.195', 9),
(428, 1, '2017-02-19 04:04:16', '66.249.66.41', 17),
(429, 2, '2017-02-19 16:11:00', '97.83.6.98', 9),
(430, 1, '2017-02-20 06:42:31', '66.249.79.159', 13),
(431, 2, '2017-02-20 18:53:46', '68.188.232.68', 7),
(432, 1, '2017-02-21 08:14:25', '66.249.66.35', 14),
(433, 2, '2017-02-21 20:29:11', '173.167.21.245', 2),
(434, 1, '2017-02-22 12:44:16', '66.249.69.44', 12),
(435, 2, '2017-02-22 23:16:13', '54.86.20.240', 5),
(436, 1, '2017-02-23 14:42:33', '66.249.66.38', 20),
(437, 2, '2017-02-23 23:55:32', '108.250.126.107', 14),
(438, 1, '2017-02-24 18:24:53', '68.188.184.92', 21),
(439, 2, '2017-02-25 00:06:11', '104.7.253.35', 13),
(440, 1, '2017-02-25 19:02:40', '66.249.66.38', 11),
(441, 2, '2017-02-26 01:18:48', '70.194.1.150', 14),
(442, 1, '2017-02-26 19:16:38', '141.8.143.196', 21),
(443, 2, '2017-02-27 01:59:47', '24.176.46.12', 9),
(444, 1, '2017-02-27 20:01:11', '77.244.214.31', 18),
(445, 2, '2017-02-28 16:42:09', '141.8.143.196', 13),
(446, 1, '2017-02-28 21:15:44', '66.249.66.127', 14),
(447, 2, '2017-03-01 19:48:07', '216.11.106.10', 9),
(448, 1, '2017-03-01 22:58:52', '66.249.73.38', 16),
(449, 2, '2017-03-02 20:55:06', '108.171.131.189', 4),
(450, 1, '2017-03-03 03:45:14', '66.249.66.127', 18),
(451, 2, '2017-03-03 21:40:32', '73.18.157.54', 9),
(452, 1, '2017-03-04 04:11:20', '66.249.79.159', 11),
(453, 2, '2017-03-05 02:24:52', '32.208.182.32', 3),
(454, 1, '2017-03-05 04:24:21', '66.249.64.200', 8),
(455, 1, '2017-03-06 04:32:37', '66.249.69.44', 9),
(456, 2, '2017-03-06 07:04:14', '141.8.143.196', 3),
(457, 1, '2017-03-07 05:12:31', '157.55.39.114', 14),
(458, 2, '2017-03-07 16:33:31', '71.227.4.191', 9),
(459, 1, '2017-03-08 05:37:27', '66.249.64.200', 16),
(460, 2, '2017-03-09 02:16:20', '107.5.109.179', 8),
(461, 1, '2017-03-09 09:50:40', '66.249.64.131', 11),
(462, 1, '2017-03-10 09:58:56', '141.8.143.196', 31),
(463, 2, '2017-03-10 15:04:27', '157.55.39.168', 13),
(464, 1, '2017-03-11 11:55:19', '66.249.64.200', 18),
(465, 2, '2017-03-11 16:52:00', '70.194.12.142', 16),
(466, 1, '2017-03-12 12:59:43', '66.249.66.38', 14),
(467, 2, '2017-03-12 18:00:04', '76.112.247.251', 6),
(468, 1, '2017-03-13 13:32:49', '66.249.66.35', 15),
(469, 2, '2017-03-13 19:27:07', '166.137.14.25', 10),
(470, 1, '2017-03-14 13:52:40', '66.249.73.232', 20),
(471, 2, '2017-03-14 19:59:55', '176.31.64.186', 5),
(472, 1, '2017-03-15 15:31:12', '66.249.66.163', 15),
(473, 2, '2017-03-16 03:55:36', '40.77.167.59', 4),
(474, 1, '2017-03-16 16:12:04', '66.249.66.38', 12),
(475, 2, '2017-03-17 16:20:56', '68.49.77.251', 10),
(476, 1, '2017-03-17 16:50:45', '77.75.78.166', 25),
(477, 1, '2017-03-18 21:39:16', '66.249.66.38', 17),
(478, 2, '2017-03-19 11:35:11', '66.249.66.41', 6),
(479, 1, '2017-03-19 22:34:21', '66.249.66.35', 19),
(480, 2, '2017-03-20 13:23:45', '72.166.89.50', 4),
(481, 1, '2017-03-21 00:23:27', '66.249.66.38', 12),
(482, 1, '2017-03-22 00:50:57', '66.249.66.35', 16),
(483, 2, '2017-03-22 05:17:43', '66.249.66.38', 22),
(484, 1, '2017-03-23 01:18:56', '141.8.143.196', 27),
(485, 2, '2017-03-23 08:35:19', '66.249.64.131', 11),
(486, 1, '2017-03-24 02:28:21', '66.249.66.123', 15),
(487, 2, '2017-03-24 09:22:38', '54.175.232.122', 6),
(488, 1, '2017-03-25 02:30:35', '77.88.47.47', 14),
(489, 2, '2017-03-25 10:23:07', '207.46.13.121', 15),
(490, 1, '2017-03-26 04:12:26', '66.249.65.223', 17),
(491, 2, '2017-03-26 13:25:11', '76.112.241.185', 8),
(492, 1, '2017-03-27 07:33:21', '141.8.143.196', 23),
(493, 2, '2017-03-27 14:29:08', '68.37.55.109', 7),
(494, 1, '2017-03-28 08:00:13', '66.249.79.72', 18),
(495, 2, '2017-03-28 16:19:13', '66.249.79.67', 4),
(496, 1, '2017-03-29 08:01:19', '66.249.66.35', 19),
(497, 1, '2017-03-30 08:53:16', '66.249.69.44', 14),
(498, 2, '2017-03-30 13:11:44', '51.255.65.72', 5),
(499, 1, '2017-03-31 11:11:28', '66.249.66.35', 16),
(500, 2, '2017-03-31 14:28:28', '198.77.229.246', 13),
(501, 1, '2017-04-01 11:17:02', '66.249.66.38', 16),
(502, 1, '2017-04-02 12:25:38', '66.249.66.41', 20),
(503, 2, '2017-04-02 18:56:48', '77.88.47.79', 2),
(504, 1, '2017-04-03 16:24:03', '66.249.66.38', 33),
(505, 2, '2017-04-04 01:12:36', '66.249.66.35', 6),
(506, 1, '2017-04-04 16:57:46', '66.249.66.35', 15),
(507, 2, '2017-04-05 01:56:11', '180.76.15.6', 11),
(508, 1, '2017-04-05 18:22:42', '66.249.69.52', 16),
(509, 2, '2017-04-06 06:14:23', '91.209.51.22', 9),
(510, 1, '2017-04-06 18:56:45', '66.249.66.35', 12),
(511, 2, '2017-04-07 11:41:44', '66.249.66.41', 8),
(512, 1, '2017-04-07 19:14:59', '66.249.64.200', 25),
(513, 2, '2017-04-08 15:18:28', '66.249.64.195', 5),
(514, 1, '2017-04-08 20:16:17', '180.76.15.136', 14),
(515, 1, '2017-04-09 20:53:51', '66.249.66.38', 12),
(516, 2, '2017-04-10 00:55:52', '77.88.47.79', 9),
(517, 1, '2017-04-10 23:31:37', '66.249.66.38', 9),
(518, 1, '2017-04-12 00:35:36', '66.249.66.38', 16),
(519, 2, '2017-04-12 02:36:08', '66.249.66.44', 8),
(520, 1, '2017-04-13 01:19:27', '66.249.66.38', 11),
(521, 2, '2017-04-13 10:01:32', '176.31.64.186', 2),
(522, 1, '2017-04-14 02:25:47', '66.249.66.38', 15),
(523, 2, '2017-04-14 15:53:32', '66.249.64.205', 2),
(524, 1, '2017-04-15 03:16:13', '66.249.64.200', 17),
(525, 2, '2017-04-15 22:25:36', '77.88.47.79', 7),
(526, 1, '2017-04-16 03:30:27', '66.249.64.205', 32),
(527, 2, '2017-04-17 00:32:04', '66.249.69.50', 13),
(528, 1, '2017-04-17 03:34:46', '66.249.69.50', 22),
(529, 1, '2017-04-18 05:00:54', '66.249.64.195', 13),
(530, 2, '2017-04-18 06:58:30', '77.75.76.166', 1),
(531, 1, '2017-04-19 05:51:26', '66.249.79.155', 14),
(532, 2, '2017-04-19 19:31:39', '73.254.62.91', 6),
(533, 1, '2017-04-20 05:52:11', '66.249.64.195', 14),
(534, 2, '2017-04-20 21:05:59', '164.132.161.5', 6),
(535, 1, '2017-04-21 06:13:53', '66.249.64.195', 19),
(536, 2, '2017-04-21 23:19:00', '66.249.64.200', 7),
(537, 1, '2017-04-22 06:53:50', '66.249.64.195', 11),
(538, 1, '2017-04-23 07:57:07', '66.249.64.195', 26),
(539, 2, '2017-04-23 13:02:13', '144.76.199.14', 7),
(540, 1, '2017-04-24 08:05:47', '66.249.66.125', 17),
(541, 2, '2017-04-24 18:44:10', '66.249.64.221', 5),
(542, 1, '2017-04-25 11:51:43', '144.76.199.14', 21),
(543, 2, '2017-04-26 03:35:00', '157.55.39.92', 11),
(544, 1, '2017-04-26 13:24:40', '66.249.66.41', 34),
(545, 2, '2017-04-27 04:48:42', '66.249.66.127', 8),
(546, 1, '2017-04-27 17:58:36', '66.249.66.123', 16),
(547, 2, '2017-04-28 05:27:54', '141.8.143.196', 5),
(548, 1, '2017-04-28 19:20:50', '66.249.64.205', 21),
(549, 2, '2017-04-29 06:34:46', '157.55.39.99', 5),
(550, 1, '2017-04-29 19:58:08', '66.249.69.72', 12),
(551, 2, '2017-04-30 10:57:19', '40.77.167.124', 4),
(552, 1, '2017-04-30 20:10:18', '141.8.143.196', 17),
(553, 1, '2017-05-01 20:35:04', '77.75.76.161', 25),
(554, 2, '2017-05-01 23:22:19', '66.249.65.223', 8),
(555, 1, '2017-05-02 22:34:50', '66.249.65.226', 12),
(556, 2, '2017-05-03 00:29:17', '207.46.13.70', 4),
(557, 1, '2017-05-04 00:14:25', '66.249.66.127', 13),
(558, 2, '2017-05-04 01:29:27', '141.8.143.196', 11),
(559, 1, '2017-05-05 01:07:58', '66.249.66.123', 24),
(560, 2, '2017-05-05 02:12:56', '66.249.66.123', 8),
(561, 1, '2017-05-06 03:03:54', '66.249.66.38', 16),
(562, 2, '2017-05-06 09:45:03', '66.249.66.41', 13),
(563, 1, '2017-05-07 03:22:55', '66.249.66.44', 10),
(564, 2, '2017-05-07 11:23:54', '157.55.39.132', 6),
(565, 1, '2017-05-08 05:40:49', '66.249.64.205', 27),
(566, 2, '2017-05-08 11:34:03', '40.77.167.41', 8),
(567, 1, '2017-05-09 07:48:40', '66.249.66.155', 17),
(568, 2, '2017-05-09 13:29:11', '66.249.66.154', 7),
(569, 1, '2017-05-10 08:18:02', '66.249.66.38', 15),
(570, 2, '2017-05-11 07:41:13', '66.249.66.41', 9),
(571, 1, '2017-05-11 08:32:34', '66.249.66.44', 17),
(572, 2, '2017-05-12 07:47:25', '34.203.194.81', 25),
(573, 1, '2017-05-12 09:32:33', '66.249.66.38', 14),
(574, 2, '2017-05-13 08:47:36', '66.249.69.67', 10),
(575, 1, '2017-05-13 10:11:18', '66.249.69.67', 15),
(576, 1, '2017-05-14 10:40:47', '66.249.65.229', 16),
(577, 2, '2017-05-14 11:27:57', '66.249.65.229', 5),
(578, 1, '2017-05-15 11:58:20', '66.249.66.41', 19),
(579, 2, '2017-05-15 12:11:52', '66.249.66.48', 9),
(580, 1, '2017-05-16 16:34:34', '66.249.66.41', 14),
(581, 2, '2017-05-16 22:48:22', '66.249.66.44', 6),
(582, 1, '2017-05-17 17:32:31', '66.249.66.41', 8),
(583, 2, '2017-05-18 05:04:12', '67.167.159.128', 3),
(584, 1, '2017-05-18 17:54:25', '66.249.66.38', 9),
(585, 2, '2017-05-19 12:07:03', '141.8.143.196', 8),
(586, 1, '2017-05-19 18:09:24', '66.249.79.159', 24),
(587, 2, '2017-05-20 12:33:31', '66.249.79.155', 15),
(588, 1, '2017-05-20 18:12:30', '66.249.79.163', 40),
(589, 2, '2017-05-21 12:45:44', '66.249.64.200', 6),
(590, 1, '2017-05-21 18:13:11', '66.249.64.205', 31),
(591, 2, '2017-05-22 13:40:32', '66.249.64.200', 8),
(592, 1, '2017-05-22 18:26:17', '66.249.64.195', 21),
(593, 1, '2017-05-23 19:39:26', '66.249.64.205', 11),
(594, 2, '2017-05-24 01:49:27', '141.8.143.196', 4),
(595, 1, '2017-05-24 22:42:52', '141.8.143.196', 14),
(596, 2, '2017-05-25 02:41:23', '40.77.167.13', 2),
(597, 1, '2017-05-25 23:38:06', '66.249.73.24', 19),
(598, 2, '2017-05-26 04:50:59', '138.201.53.14', 4),
(599, 1, '2017-05-26 23:44:05', '66.249.64.193', 13),
(600, 2, '2017-05-27 13:03:21', '100.43.90.8', 1),
(601, 1, '2017-05-28 00:07:04', '141.8.143.196', 18),
(602, 2, '2017-05-28 15:57:51', '98.209.48.220', 4),
(603, 1, '2017-05-29 05:14:48', '66.249.66.23', 14),
(604, 2, '2017-05-30 02:38:31', '157.55.39.4', 9),
(605, 1, '2017-05-30 05:19:12', '66.249.64.199', 19),
(606, 1, '2017-05-31 05:43:36', '66.249.64.199', 8),
(607, 2, '2017-06-01 04:00:11', '157.55.39.49', 7),
(608, 1, '2017-06-01 06:55:25', '66.249.79.65', 16),
(609, 1, '2017-06-02 07:30:22', '141.8.143.196', 12),
(610, 2, '2017-06-02 09:45:21', '40.77.167.77', 1),
(611, 1, '2017-06-03 07:49:45', '216.244.66.199', 14),
(612, 2, '2017-06-04 08:12:42', '66.249.64.196', 9),
(613, 1, '2017-06-04 08:27:59', '66.249.64.193', 34),
(614, 1, '2017-06-05 08:34:50', '66.249.64.27', 17),
(615, 2, '2017-06-05 10:26:24', '66.249.64.28', 6),
(616, 1, '2017-06-06 09:41:01', '66.249.64.28', 15),
(617, 2, '2017-06-06 12:36:09', '176.31.64.186', 5),
(618, 1, '2017-06-07 11:45:42', '66.249.64.193', 11),
(619, 2, '2017-06-07 20:30:22', '180.76.15.146', 1),
(620, 1, '2017-06-08 13:51:24', '66.249.64.27', 9),
(621, 1, '2017-06-09 14:26:21', '66.249.75.28', 11),
(622, 1, '2017-06-10 16:39:05', '66.249.66.25', 12),
(623, 2, '2017-06-10 17:34:17', '51.255.65.88', 4),
(624, 1, '2017-06-11 18:41:15', '66.249.66.143', 11),
(625, 1, '2017-06-12 22:53:32', '180.76.15.17', 12),
(626, 2, '2017-06-13 19:35:06', '108.171.135.189', 3),
(627, 1, '2017-06-13 23:44:54', '66.249.66.25', 12),
(628, 1, '2017-06-15 01:13:49', '141.8.143.196', 16),
(629, 2, '2017-06-15 03:21:57', '157.55.39.238', 6),
(630, 1, '2017-06-16 01:26:27', '180.76.15.6', 12),
(631, 2, '2017-06-16 03:47:58', '180.76.15.23', 2),
(632, 1, '2017-06-17 02:39:25', '66.249.64.193', 10),
(633, 2, '2017-06-17 17:28:41', '108.232.21.102', 2),
(634, 1, '2017-06-18 03:21:55', '66.249.64.193', 9),
(635, 2, '2017-06-18 22:06:45', '141.8.143.196', 2),
(636, 1, '2017-06-19 05:33:20', '66.249.64.199', 8),
(637, 1, '2017-06-20 05:48:11', '66.249.64.193', 23),
(638, 2, '2017-06-20 19:11:18', '66.249.69.196', 11),
(639, 1, '2017-06-21 07:59:40', '66.249.69.196', 27),
(640, 2, '2017-06-21 20:09:38', '66.249.64.193', 8),
(641, 1, '2017-06-22 10:24:41', '66.249.64.196', 15),
(642, 2, '2017-06-23 03:43:27', '141.8.143.196', 5),
(643, 1, '2017-06-23 12:17:06', '66.249.64.199', 24),
(644, 1, '2017-06-24 12:38:27', '66.249.64.196', 18),
(645, 2, '2017-06-24 16:15:55', '66.249.64.199', 7),
(646, 1, '2017-06-25 13:19:21', '137.74.207.119', 21),
(647, 2, '2017-06-25 18:15:51', '66.249.66.24', 8),
(648, 1, '2017-06-26 13:37:01', '141.8.143.196', 14),
(649, 2, '2017-06-26 20:37:57', '66.249.79.65', 10),
(650, 1, '2017-06-27 17:01:35', '66.249.79.71', 12),
(651, 2, '2017-06-27 23:28:23', '66.249.65.79', 5),
(652, 1, '2017-06-28 17:22:51', '66.249.66.23', 13),
(653, 2, '2017-06-29 04:38:23', '84.201.133.39', 4),
(654, 1, '2017-06-29 18:20:21', '66.249.66.25', 15),
(655, 2, '2017-06-30 07:52:16', '144.76.199.14', 4),
(656, 1, '2017-06-30 18:29:50', '66.249.66.23', 8),
(657, 1, '2017-07-01 19:24:01', '66.249.66.23', 10),
(658, 2, '2017-07-01 20:22:22', '66.249.66.24', 6),
(659, 1, '2017-07-02 20:02:30', '66.249.69.193', 10),
(660, 2, '2017-07-03 07:33:52', '141.8.143.196', 2),
(661, 1, '2017-07-03 20:16:18', '66.249.69.199', 21),
(662, 2, '2017-07-04 07:49:26', '66.249.66.25', 8),
(663, 1, '2017-07-05 08:01:54', '66.249.70.2', 9),
(664, 2, '2017-07-05 11:38:01', '180.76.15.17', 3),
(665, 1, '2017-07-06 09:26:21', '66.249.66.25', 7),
(666, 2, '2017-07-06 13:04:07', '66.249.66.24', 8),
(667, 1, '2017-07-07 12:44:25', '66.249.66.25', 5),
(668, 2, '2017-07-07 13:14:45', '66.249.66.24', 10),
(669, 2, '2017-07-08 13:31:02', '66.249.66.25', 5),
(670, 1, '2017-07-09 17:26:39', '180.76.15.138', 8),
(671, 2, '2017-07-10 05:53:20', '144.76.199.14', 8),
(672, 1, '2017-07-10 18:18:41', '66.249.64.129', 6),
(673, 2, '2017-07-11 23:38:29', '141.8.143.196', 5),
(674, 1, '2017-07-12 08:22:22', '141.8.143.196', 6),
(675, 2, '2017-07-13 14:22:05', '141.8.143.196', 6),
(676, 1, '2017-07-14 10:20:55', '144.76.199.14', 5),
(677, 2, '2017-07-15 14:38:59', '66.249.64.144', 4),
(678, 1, '2017-07-15 15:19:45', '66.249.64.129', 7),
(679, 2, '2017-07-17 07:35:44', '163.172.104.224', 5),
(680, 1, '2017-07-17 07:38:53', '163.172.104.224', 4),
(681, 1, '2017-07-18 12:50:56', '180.76.15.144', 7),
(682, 2, '2017-07-18 22:37:39', '144.76.199.14', 2),
(683, 1, '2017-07-19 18:37:40', '66.249.66.93', 2),
(684, 2, '2017-07-20 07:38:54', '141.8.143.196', 5),
(685, 1, '2017-07-20 23:44:51', '68.36.15.173', 5),
(686, 2, '2017-07-21 14:04:37', '71.213.84.191', 2),
(687, 2, '2017-07-23 09:38:31', '68.180.228.97', 2),
(688, 1, '2017-07-23 20:43:53', '77.75.78.165', 9),
(689, 2, '2017-07-24 11:31:39', '217.182.88.168', 3),
(690, 1, '2017-07-24 21:24:45', '157.55.39.93', 7),
(691, 2, '2017-07-25 18:45:42', '141.8.144.12', 5),
(692, 1, '2017-07-26 00:51:13', '217.182.132.15', 3),
(693, 2, '2017-07-26 22:16:25', '82.80.161.206', 5),
(694, 1, '2017-07-27 13:02:29', '207.86.39.34', 18),
(695, 2, '2017-07-27 22:39:48', '141.8.144.12', 3),
(696, 2, '2017-07-28 23:13:59', '99.188.236.235', 2),
(697, 1, '2017-07-29 05:19:37', '144.76.60.98', 7),
(698, 2, '2017-07-30 02:20:53', '68.188.168.94', 2),
(699, 1, '2017-07-30 06:37:06', '66.249.70.5', 30),
(700, 1, '2017-07-31 06:48:56', '66.249.66.23', 20),
(701, 2, '2017-07-31 22:10:22', '66.249.66.24', 10),
(702, 1, '2017-08-01 07:07:28', '66.249.66.25', 18),
(703, 2, '2017-08-01 22:57:47', '66.249.79.143', 1),
(704, 2, '2017-08-03 11:10:00', '66.249.65.83', 4),
(705, 1, '2017-08-03 15:30:55', '216.244.66.237', 10),
(706, 2, '2017-08-04 16:47:59', '50.77.252.241', 5),
(707, 1, '2017-08-04 19:13:16', '82.80.244.59', 7),
(708, 2, '2017-08-05 17:31:18', '66.249.66.25', 8),
(709, 1, '2017-08-05 20:29:08', '66.249.66.25', 9),
(710, 2, '2017-08-07 05:57:52', '66.249.66.25', 6),
(711, 1, '2017-08-07 07:40:13', '66.249.66.25', 8),
(712, 2, '2017-08-08 12:48:55', '66.249.66.25', 12),
(713, 1, '2017-08-08 13:45:53', '77.75.76.167', 14),
(714, 2, '2017-08-09 13:13:22', '66.249.66.24', 12),
(715, 1, '2017-08-09 19:15:26', '66.249.66.24', 8),
(716, 2, '2017-08-10 23:45:01', '108.250.126.119', 2),
(717, 2, '2017-08-12 03:56:58', '138.197.11.136', 6),
(718, 1, '2017-08-12 05:27:22', '37.17.172.122', 6),
(719, 2, '2017-08-13 10:01:18', '66.249.66.23', 11),
(720, 1, '2017-08-13 14:11:57', '66.249.66.23', 2),
(721, 2, '2017-08-14 12:46:06', '66.249.79.143', 6),
(722, 1, '2017-08-14 16:45:28', '198.208.251.22', 4),
(723, 2, '2017-08-15 16:29:09', '66.249.65.213', 2),
(724, 1, '2017-08-15 18:00:20', '66.249.65.211', 5),
(725, 1, '2017-08-16 19:07:35', '66.249.65.213', 9),
(726, 2, '2017-08-17 02:18:47', '66.249.66.23', 7),
(727, 2, '2017-08-18 04:06:07', '207.46.13.28', 11),
(728, 1, '2017-08-18 15:51:10', '99.203.0.36', 9),
(729, 2, '2017-08-19 04:47:37', '66.249.66.23', 7),
(730, 1, '2017-08-19 18:55:52', '180.76.15.25', 14),
(731, 2, '2017-08-20 18:47:04', '66.249.66.23', 9),
(732, 1, '2017-08-20 23:06:34', '66.249.66.23', 10),
(733, 2, '2017-08-22 01:04:35', '176.31.64.186', 5),
(734, 1, '2017-08-22 15:20:47', '66.249.69.36', 6),
(735, 2, '2017-08-23 01:28:51', '108.232.21.105', 12),
(736, 1, '2017-08-23 18:27:45', '66.249.70.5', 4),
(737, 2, '2017-08-25 03:11:08', '76.89.84.72', 4),
(738, 1, '2017-08-25 03:11:18', '76.89.84.72', 5),
(739, 1, '2017-08-26 07:09:40', '180.76.15.138', 5),
(740, 2, '2017-08-26 19:06:46', '66.249.79.143', 11),
(741, 1, '2017-08-27 11:58:17', '66.249.70.5', 2),
(742, 2, '2017-08-27 23:53:01', '66.249.73.129', 10),
(743, 1, '2017-08-28 17:15:33', '46.229.168.72', 3),
(744, 2, '2017-08-29 02:26:43', '93.158.161.134', 2),
(745, 1, '2017-08-30 00:10:27', '208.110.66.130', 6),
(746, 2, '2017-08-30 04:55:25', '46.161.9.3', 2),
(747, 2, '2017-08-31 10:49:53', '66.249.70.7', 2),
(748, 1, '2017-08-31 13:52:30', '66.249.70.5', 4),
(749, 2, '2017-09-01 15:00:27', '66.249.70.5', 8),
(750, 1, '2017-09-01 17:18:32', '66.249.70.5', 4),
(751, 2, '2017-09-02 21:17:20', '66.249.69.71', 5),
(752, 1, '2017-09-02 22:04:35', '137.74.207.120', 1),
(753, 2, '2017-09-03 23:04:37', '66.249.69.71', 1),
(754, 1, '2017-09-04 04:05:07', '207.46.13.16', 4),
(755, 2, '2017-09-05 03:58:29', '54.193.26.170', 2),
(756, 1, '2017-09-05 09:33:47', '185.129.148.181', 3),
(757, 2, '2017-09-06 06:33:05', '66.249.70.7', 6),
(758, 1, '2017-09-06 13:01:33', '66.249.70.7', 14),
(759, 2, '2017-09-07 06:48:01', '66.249.79.145', 11),
(760, 1, '2017-09-07 13:09:59', '66.249.79.141', 7),
(761, 2, '2017-09-08 07:45:05', '66.249.70.7', 11),
(762, 1, '2017-09-08 16:07:25', '66.249.73.135', 1),
(763, 2, '2017-09-09 09:16:47', '66.249.73.132', 8),
(764, 1, '2017-09-09 21:44:53', '180.76.15.20', 4),
(765, 2, '2017-09-10 14:08:45', '66.249.66.24', 7),
(766, 1, '2017-09-10 22:27:40', '66.249.66.25', 12),
(767, 2, '2017-09-11 14:22:14', '66.249.70.5', 9),
(768, 1, '2017-09-12 05:12:12', '46.229.168.77', 4),
(769, 2, '2017-09-12 14:43:50', '66.249.70.5', 8),
(770, 2, '2017-09-13 16:13:49', '66.249.70.5', 4),
(771, 2, '2017-09-14 18:28:22', '66.249.69.36', 3),
(772, 1, '2017-09-14 20:01:42', '70.210.73.97', 6),
(773, 1, '2017-09-16 16:32:13', '96.42.184.159', 9),
(774, 2, '2017-09-16 17:15:50', '68.55.234.99', 3),
(775, 2, '2017-09-17 21:47:41', '66.249.70.5', 3),
(776, 1, '2017-09-17 23:02:41', '108.88.8.253', 1),
(777, 2, '2017-09-19 01:15:28', '24.247.209.178', 5),
(778, 1, '2017-09-19 12:22:07', '216.244.66.237', 3),
(779, 2, '2017-09-21 01:05:48', '207.46.13.55', 2),
(780, 1, '2017-09-21 02:46:37', '77.88.47.95', 4),
(781, 2, '2017-09-22 01:14:53', '66.249.66.95', 5),
(782, 1, '2017-09-23 10:23:02', '68.180.230.156', 8),
(783, 2, '2017-09-23 13:41:56', '104.192.74.22', 3),
(784, 1, '2017-09-24 11:35:13', '68.180.230.156', 9),
(785, 2, '2017-09-24 19:07:52', '216.244.66.237', 7),
(786, 2, '2017-09-26 01:04:54', '76.238.192.22', 4),
(787, 1, '2017-09-26 03:03:51', '66.249.66.27', 2),
(788, 2, '2017-09-27 12:14:35', '68.180.230.156', 3),
(789, 1, '2017-09-27 14:07:57', '180.76.15.145', 4),
(790, 1, '2017-09-29 03:53:26', '66.249.66.23', 17),
(791, 2, '2017-09-29 08:16:47', '66.249.66.23', 9),
(792, 1, '2017-09-30 05:58:22', '66.249.66.25', 9),
(793, 2, '2017-09-30 12:19:24', '170.130.98.135', 5),
(794, 1, '2017-10-01 06:54:35', '66.249.70.5', 5),
(795, 2, '2017-10-01 13:32:16', '66.249.70.7', 10),
(796, 2, '2017-10-02 15:07:08', '66.249.70.2', 6),
(797, 1, '2017-10-03 13:02:14', '66.249.73.132', 4),
(798, 2, '2017-10-04 07:06:36', '66.249.70.5', 3),
(799, 1, '2017-10-04 15:22:18', '66.249.70.2', 8),
(800, 2, '2017-10-05 09:00:25', '66.249.70.5', 5),
(801, 1, '2017-10-06 02:50:56', '180.76.15.22', 4),
(802, 2, '2017-10-06 17:32:38', '46.229.168.72', 6),
(803, 1, '2017-10-07 09:28:03', '66.249.70.2', 14),
(804, 2, '2017-10-07 19:52:10', '66.249.70.29', 10),
(805, 1, '2017-10-08 09:58:57', '5.9.85.245', 5),
(806, 2, '2017-10-08 23:05:28', '66.249.69.65', 6),
(807, 1, '2017-10-09 20:43:05', '207.46.13.157', 2),
(808, 2, '2017-10-10 08:39:38', '176.31.64.186', 5),
(809, 1, '2017-10-10 22:59:41', '5.255.250.128', 6),
(810, 2, '2017-10-11 16:02:26', '66.249.66.196', 7),
(811, 1, '2017-10-12 14:20:05', '198.208.251.23', 5),
(812, 2, '2017-10-13 09:13:36', '158.69.229.6', 9),
(813, 1, '2017-10-13 18:55:14', '76.238.194.121', 8),
(814, 2, '2017-10-14 12:36:02', '66.249.66.23', 10),
(815, 1, '2017-10-14 19:48:03', '66.249.66.23', 8),
(816, 2, '2017-10-15 16:49:28', '66.249.73.23', 6),
(817, 1, '2017-10-15 22:30:56', '5.9.85.245', 4),
(818, 1, '2017-10-17 18:42:24', '66.249.66.95', 15),
(819, 2, '2017-10-17 20:08:21', '66.249.66.95', 5),
(820, 1, '2017-10-18 18:42:45', '12.34.36.250', 3),
(821, 2, '2017-10-18 22:12:20', '66.249.66.95', 10),
(822, 1, '2017-10-19 20:45:55', '216.244.66.237', 4),
(823, 2, '2017-10-20 01:21:53', '66.249.70.7', 2),
(824, 1, '2017-10-21 06:09:34', '157.55.39.243', 3),
(825, 2, '2017-10-21 16:05:15', '68.43.54.161', 9),
(826, 2, '2017-10-22 17:06:22', '66.249.73.23', 7),
(827, 1, '2017-10-23 04:39:04', '164.132.161.20', 2),
(828, 2, '2017-10-24 12:22:18', '198.208.159.17', 3),
(829, 1, '2017-10-24 14:40:21', '66.249.73.216', 4),
(830, 2, '2017-10-25 14:33:04', '66.249.79.145', 10),
(831, 1, '2017-10-25 18:08:07', '5.255.250.128', 2),
(832, 2, '2017-10-26 14:38:38', '54.85.182.120', 6),
(833, 1, '2017-10-27 06:41:42', '66.249.70.5', 11),
(834, 2, '2017-10-27 17:29:58', '66.249.70.5', 10),
(835, 1, '2017-10-28 08:30:08', '66.249.70.7', 13),
(836, 2, '2017-10-28 17:38:42', '66.249.70.5', 12),
(837, 2, '2017-10-29 19:26:19', '66.249.66.94', 8),
(838, 1, '2017-10-30 04:51:19', '66.249.66.94', 3),
(839, 2, '2017-10-31 02:02:51', '66.249.66.95', 5),
(840, 2, '2017-11-01 07:16:43', '66.249.70.7', 8),
(841, 1, '2017-11-02 11:39:03', '77.75.76.171', 9),
(842, 2, '2017-11-02 20:36:55', '104.7.253.202', 8),
(843, 2, '2017-11-04 01:34:59', '66.249.70.2', 9),
(844, 1, '2017-11-05 01:33:48', '77.75.78.161', 5),
(845, 2, '2017-11-05 04:41:50', '211.115.79.122', 5),
(846, 1, '2017-11-06 04:30:19', '68.180.230.120', 5),
(847, 2, '2017-11-06 05:32:22', '104.218.195.140', 5),
(848, 1, '2017-11-07 04:35:03', '211.115.79.122', 7),
(849, 2, '2017-11-07 09:35:54', '211.115.79.122', 5),
(850, 1, '2017-11-08 09:36:22', '158.69.252.176', 3),
(851, 2, '2017-11-08 19:37:30', '24.127.254.53', 9),
(852, 1, '2017-11-09 09:51:38', '158.69.254.103', 8),
(853, 2, '2017-11-10 01:34:19', '104.155.5.72', 5),
(854, 1, '2017-11-10 14:27:22', '77.75.76.164', 2),
(855, 2, '2017-11-11 04:57:46', '96.64.248.41', 3),
(856, 1, '2017-11-12 10:38:08', '95.91.11.130', 12),
(857, 2, '2017-11-13 07:34:10', '66.249.66.25', 10),
(858, 1, '2017-11-13 11:51:55', '198.208.251.22', 8),
(859, 2, '2017-11-14 09:34:41', '66.249.66.24', 14),
(860, 1, '2017-11-14 13:12:41', '66.249.66.25', 7),
(861, 2, '2017-11-15 13:41:22', '66.249.75.149', 5),
(862, 1, '2017-11-17 00:50:14', '104.160.20.8', 7),
(863, 2, '2017-11-18 06:10:47', '23.106.250.26', 3),
(864, 1, '2017-11-18 14:26:11', '208.110.93.52', 3),
(865, 2, '2017-11-20 14:13:59', '99.23.26.37', 3),
(866, 1, '2017-11-20 16:32:59', '68.41.172.16', 3),
(867, 1, '2017-11-21 21:49:29', '199.102.235.140', 6),
(868, 2, '2017-11-21 22:06:34', '5.255.250.128', 6),
(869, 1, '2017-11-22 23:55:11', '180.76.15.163', 6),
(870, 2, '2017-11-23 03:47:12', '108.244.198.16', 5),
(871, 1, '2017-11-24 05:56:46', '193.106.30.99', 5),
(872, 2, '2017-11-24 06:55:01', '68.37.10.217', 2),
(873, 1, '2017-11-25 11:09:17', '77.75.76.164', 3),
(874, 2, '2017-11-25 15:37:29', '174.230.147.59', 5),
(875, 1, '2017-11-26 11:23:14', '217.182.132.4', 3),
(876, 2, '2017-11-27 09:58:09', '138.197.6.2', 3),
(877, 1, '2017-11-27 22:09:37', '66.249.66.23', 8),
(878, 2, '2017-11-28 15:12:36', '174.230.131.158', 9),
(879, 1, '2017-11-28 22:54:58', '66.249.65.209', 17),
(880, 2, '2017-11-29 17:29:19', '66.249.65.211', 6),
(881, 1, '2017-11-30 05:52:18', '158.69.229.6', 3),
(882, 2, '2017-11-30 18:34:02', '206.201.157.6', 11),
(883, 1, '2017-12-01 18:14:22', '173.13.8.41', 2),
(884, 2, '2017-12-02 04:06:13', '66.249.70.7', 7),
(885, 1, '2017-12-03 00:34:21', '66.249.70.2', 7),
(886, 2, '2017-12-03 04:18:43', '108.70.57.197', 3),
(887, 2, '2017-12-04 09:14:25', '8.18.122.208', 3),
(888, 1, '2017-12-04 12:54:44', '180.76.15.8', 2),
(889, 2, '2017-12-05 16:38:29', '13.56.226.247', 3),
(890, 1, '2017-12-06 04:54:56', '40.77.167.136', 3),
(891, 2, '2017-12-07 01:11:58', '68.180.230.120', 5),
(892, 1, '2017-12-07 14:54:05', '5.9.85.245', 5),
(893, 2, '2017-12-08 17:20:07', '216.244.66.246', 6),
(894, 2, '2017-12-09 18:34:03', '107.77.194.108', 8),
(895, 1, '2017-12-09 18:55:30', '77.75.78.165', 5),
(896, 1, '2017-12-10 23:13:04', '77.75.78.162', 4),
(897, 2, '2017-12-11 16:35:20', '5.255.250.151', 8),
(898, 1, '2017-12-12 04:26:21', '84.201.133.63', 5),
(899, 2, '2017-12-13 04:19:28', '165.227.117.27', 5),
(900, 1, '2017-12-14 03:45:57', '66.249.70.7', 6),
(901, 2, '2017-12-14 04:41:47', '66.249.70.7', 8),
(902, 1, '2017-12-15 04:54:04', '66.249.70.5', 9),
(903, 2, '2017-12-15 06:45:33', '66.249.70.7', 6),
(904, 1, '2017-12-16 08:06:47', '68.180.230.52', 5),
(905, 2, '2017-12-16 09:26:06', '176.31.64.186', 2),
(906, 2, '2017-12-17 19:25:56', '77.75.78.167', 3),
(907, 1, '2017-12-18 03:21:09', '99.108.209.91', 7),
(908, 2, '2017-12-19 01:55:24', '99.29.188.17', 5),
(909, 2, '2017-12-20 03:26:42', '68.55.79.232', 4),
(910, 1, '2017-12-20 16:54:30', '77.75.76.166', 16),
(911, 2, '2017-12-21 04:42:05', '138.197.96.241', 16),
(912, 1, '2017-12-21 19:09:49', '66.249.66.24', 9),
(913, 2, '2017-12-22 15:11:45', '5.9.85.245', 3),
(914, 1, '2017-12-23 02:22:00', '68.180.230.52', 4),
(915, 2, '2017-12-23 18:52:21', '138.197.96.241', 8),
(916, 1, '2017-12-24 03:13:20', '76.112.240.249', 1),
(917, 2, '2017-12-25 03:55:22', '207.46.13.115', 1),
(918, 1, '2017-12-25 18:19:25', '193.106.30.99', 10),
(919, 2, '2017-12-26 09:26:57', '204.79.180.6', 7),
(920, 1, '2017-12-26 21:29:49', '66.249.70.2', 13),
(921, 2, '2017-12-27 13:48:45', '66.249.70.7', 7),
(922, 1, '2017-12-28 15:03:31', '174.230.11.150', 2),
(923, 2, '2017-12-28 15:03:57', '174.230.11.150', 2),
(924, 2, '2017-12-29 16:08:18', '23.106.76.157', 1),
(925, 2, '2017-12-31 12:27:07', '176.31.64.186', 6),
(926, 2, '2018-01-01 16:12:11', '24.231.186.57', 2),
(927, 1, '2018-01-02 13:06:48', '2.31.95.248', 9),
(928, 2, '2018-01-02 22:39:21', '77.88.5.200', 3),
(929, 2, '2018-01-03 23:27:44', '76.255.219.58', 2),
(930, 1, '2018-01-04 00:27:42', '51.255.71.118', 1),
(931, 1, '2018-01-05 02:48:17', '68.61.101.191', 1),
(932, 2, '2018-01-05 03:15:26', '66.249.79.141', 3),
(933, 2, '2018-01-06 05:38:45', '23.106.27.24', 2),
(934, 1, '2018-01-07 04:41:37', '207.46.13.131', 6),
(935, 2, '2018-01-07 14:41:02', '98.250.216.14', 1),
(936, 2, '2018-01-08 15:59:01', '24.236.178.219', 3),
(937, 1, '2018-01-09 00:54:39', '207.46.13.6', 2),
(938, 2, '2018-01-09 17:09:21', '198.208.251.21', 3),
(939, 2, '2018-01-11 15:59:00', '216.244.66.246', 4),
(940, 1, '2018-01-11 16:37:52', '66.249.70.7', 11),
(941, 1, '2018-01-12 17:21:14', '66.249.70.5', 9),
(942, 2, '2018-01-12 19:15:54', '68.180.230.35', 2),
(943, 2, '2018-01-14 00:22:49', '47.33.215.25', 4),
(944, 1, '2018-01-14 04:04:06', '77.75.77.95', 3),
(945, 2, '2018-01-15 04:32:54', '77.75.76.172', 2),
(946, 1, '2018-01-15 12:41:08', '68.180.230.35', 3),
(947, 1, '2018-01-17 06:50:13', '5.9.79.151', 6),
(948, 2, '2018-01-17 19:10:02', '66.249.70.7', 7),
(949, 1, '2018-01-18 09:17:40', '35.189.236.27', 5),
(950, 1, '2018-01-19 14:02:06', '88.99.62.159', 1),
(951, 2, '2018-01-19 16:39:18', '18.144.43.243', 2),
(952, 2, '2018-01-21 03:51:31', '75.38.133.42', 2),
(953, 1, '2018-01-21 04:32:44', '54.36.148.94', 7),
(954, 2, '2018-01-22 08:31:26', '104.251.86.17', 2),
(955, 1, '2018-01-22 09:49:23', '157.55.39.126', 3),
(956, 1, '2018-01-24 13:16:29', '192.155.86.149', 2),
(957, 2, '2018-01-24 13:16:29', '192.155.86.149', 2),
(958, 1, '2018-01-25 17:58:47', '69.14.224.61', 5),
(959, 1, '2018-01-26 18:03:20', '207.46.13.190', 5),
(960, 2, '2018-01-26 19:38:31', '66.249.66.196', 2),
(961, 1, '2018-01-28 00:03:50', '66.249.66.25', 7),
(962, 2, '2018-01-28 05:53:19', '66.249.73.22', 6),
(963, 1, '2018-01-29 00:30:16', '66.249.73.23', 16),
(964, 2, '2018-01-29 10:05:39', '23.106.252.85', 2),
(965, 2, '2018-01-30 14:46:58', '66.249.66.23', 4),
(966, 1, '2018-01-30 14:53:34', '54.36.148.26', 2),
(967, 2, '2018-01-31 20:04:20', '65.55.210.57', 2),
(968, 1, '2018-02-01 16:46:39', '96.66.9.209', 11),
(969, 2, '2018-02-01 20:59:17', '34.232.76.168', 4),
(970, 2, '2018-02-03 08:56:28', '5.255.250.128', 3),
(971, 2, '2018-02-04 17:10:38', '68.41.89.230', 2),
(972, 1, '2018-02-05 02:33:19', '207.46.13.162', 2),
(973, 2, '2018-02-06 01:57:03', '185.134.179.134', 4),
(974, 1, '2018-02-06 04:19:56', '66.249.64.28', 19),
(975, 1, '2018-02-07 06:11:12', '66.249.64.27', 1),
(976, 2, '2018-02-07 10:00:32', '66.249.64.28', 4),
(977, 1, '2018-02-09 04:58:51', '77.75.78.160', 1),
(978, 2, '2018-02-09 14:41:54', '51.255.65.33', 2),
(979, 2, '2018-02-11 07:08:19', '66.249.79.141', 3),
(980, 1, '2018-02-12 01:17:18', '164.132.162.157', 2);
INSERT INTO `ierrg_form_view` (`id`, `form_id`, `date_created`, `ip`, `count`) VALUES
(981, 2, '2018-02-12 12:56:10', '5.255.250.128', 7),
(982, 1, '2018-02-13 03:26:32', '68.180.229.126', 11),
(983, 2, '2018-02-13 15:09:43', '68.51.136.169', 9),
(984, 1, '2018-02-14 10:12:02', '66.249.73.24', 11),
(985, 2, '2018-02-14 18:49:50', '66.249.73.24', 4),
(986, 1, '2018-02-15 12:32:38', '157.55.39.196', 2),
(987, 2, '2018-02-15 19:51:44', '67.209.193.204', 1),
(988, 1, '2018-02-16 16:44:02', '51.255.65.29', 7),
(989, 2, '2018-02-17 04:18:29', '96.64.248.41', 5),
(990, 1, '2018-02-17 17:19:50', '108.88.9.249', 2),
(991, 2, '2018-02-18 09:01:01', '66.249.70.5', 4),
(992, 2, '2018-02-19 22:47:01', '174.230.17.43', 3),
(993, 2, '2018-02-21 07:28:23', '128.199.115.29', 6),
(994, 1, '2018-02-21 07:28:43', '128.199.115.29', 16),
(995, 1, '2018-02-22 09:38:36', '77.75.76.167', 10),
(996, 2, '2018-02-23 00:30:20', '35.153.66.221', 3),
(997, 1, '2018-02-23 19:31:50', '68.36.214.27', 6),
(998, 1, '2018-02-25 03:55:52', '68.188.236.29', 1),
(999, 2, '2018-02-25 16:06:44', '96.42.177.73', 6),
(1000, 1, '2018-02-26 13:19:34', '77.75.76.164', 1),
(1001, 2, '2018-02-27 03:33:03', '204.79.180.18', 3),
(1002, 1, '2018-02-27 14:22:02', '66.249.73.129', 7),
(1003, 2, '2018-02-28 05:18:11', '13.56.163.220', 5),
(1004, 1, '2018-03-01 00:50:28', '88.99.62.159', 6),
(1005, 2, '2018-03-01 05:31:19', '66.249.75.88', 3),
(1006, 1, '2018-03-02 19:19:54', '66.249.66.24', 11),
(1007, 2, '2018-03-02 22:53:58', '66.249.66.25', 8),
(1008, 2, '2018-03-03 23:58:36', '66.249.66.25', 6),
(1009, 1, '2018-03-04 00:41:47', '68.41.34.176', 6),
(1010, 2, '2018-03-05 00:22:55', '66.249.66.24', 6),
(1011, 1, '2018-03-05 02:55:25', '66.249.66.24', 8),
(1012, 2, '2018-03-06 03:26:26', '66.249.66.145', 2),
(1013, 2, '2018-03-07 06:10:29', '66.249.66.143', 1),
(1014, 1, '2018-03-07 18:46:43', '17.142.149.31', 13),
(1015, 2, '2018-03-08 06:50:29', '46.4.104.205', 2),
(1016, 1, '2018-03-08 23:22:05', '66.249.66.145', 12),
(1017, 2, '2018-03-09 08:44:28', '66.249.66.143', 11),
(1018, 1, '2018-03-09 23:27:55', '66.249.66.141', 4),
(1019, 2, '2018-03-10 19:39:29', '66.249.79.145', 6),
(1020, 1, '2018-03-11 00:08:46', '66.249.79.145', 7),
(1021, 2, '2018-03-11 22:30:44', '68.55.81.221', 7),
(1022, 1, '2018-03-12 03:14:57', '66.249.66.145', 10),
(1023, 2, '2018-03-12 23:27:18', '66.249.75.88', 4),
(1024, 1, '2018-03-13 04:14:08', '54.36.148.18', 7),
(1025, 2, '2018-03-14 02:19:38', '46.4.104.205', 2),
(1026, 1, '2018-03-14 11:24:08', '66.249.66.145', 11),
(1027, 2, '2018-03-15 07:25:35', '66.249.66.143', 7),
(1028, 1, '2018-03-15 14:21:51', '66.249.66.145', 5),
(1029, 2, '2018-03-16 10:48:06', '66.249.66.141', 8),
(1030, 1, '2018-03-16 23:55:39', '180.76.15.145', 3),
(1031, 2, '2018-03-17 13:59:01', '66.249.73.132', 4),
(1032, 1, '2018-03-18 04:40:03', '216.244.66.246', 3),
(1033, 2, '2018-03-19 15:22:30', '104.155.10.36', 3),
(1034, 1, '2018-03-19 15:22:33', '104.155.10.36', 6),
(1035, 1, '2018-03-21 06:30:51', '216.244.66.246', 2),
(1036, 2, '2018-03-21 13:53:56', '23.82.85.44', 5),
(1037, 2, '2018-03-22 17:47:37', '100.35.47.77', 4),
(1038, 1, '2018-03-22 17:47:46', '100.35.47.77', 2),
(1039, 1, '2018-03-23 18:19:41', '66.249.66.145', 18),
(1040, 2, '2018-03-24 00:20:43', '77.75.76.167', 7),
(1041, 1, '2018-03-24 20:04:49', '66.249.70.2', 19),
(1042, 2, '2018-03-25 09:54:22', '66.249.70.7', 3),
(1043, 1, '2018-03-26 06:51:24', '5.255.250.128', 2),
(1044, 2, '2018-03-26 10:15:13', '207.46.13.31', 9),
(1045, 2, '2018-03-27 12:30:23', '66.249.70.2', 6),
(1046, 1, '2018-03-27 13:23:16', '88.99.62.159', 1),
(1047, 1, '2018-03-29 05:37:51', '40.77.167.50', 5),
(1048, 2, '2018-03-29 13:29:12', '77.75.76.169', 4),
(1049, 1, '2018-03-30 15:30:53', '5.255.250.128', 7),
(1050, 2, '2018-03-30 22:57:13', '54.37.85.105', 6),
(1051, 1, '2018-04-02 02:18:16', '66.249.70.5', 4),
(1052, 2, '2018-04-02 16:56:11', '76.238.193.98', 4),
(1053, 2, '2018-04-04 20:52:14', '96.85.110.225', 4),
(1054, 1, '2018-04-04 23:11:00', '40.77.167.78', 3),
(1055, 2, '2018-04-05 22:46:23', '99.203.0.89', 11),
(1056, 1, '2018-04-06 06:36:11', '180.76.15.152', 13),
(1057, 2, '2018-04-06 23:10:43', '66.249.69.28', 9),
(1058, 1, '2018-04-08 20:10:05', '66.249.66.141', 22),
(1059, 2, '2018-04-09 10:54:13', '66.70.182.111', 5),
(1060, 1, '2018-04-09 22:26:32', '66.249.66.141', 5),
(1061, 2, '2018-04-10 12:56:38', '93.84.105.89', 6),
(1062, 1, '2018-04-11 01:08:42', '167.99.68.152', 8),
(1063, 2, '2018-04-11 14:56:45', '176.31.64.186', 5),
(1064, 1, '2018-04-12 06:43:50', '66.249.70.7', 8),
(1065, 2, '2018-04-13 00:25:03', '24.127.95.208', 8),
(1066, 2, '2018-04-14 03:17:20', '66.249.70.5', 10),
(1067, 1, '2018-04-14 04:18:04', '180.76.15.25', 5),
(1068, 1, '2018-04-15 05:08:55', '77.75.79.95', 7),
(1069, 2, '2018-04-16 00:09:30', '73.18.103.77', 3),
(1070, 1, '2018-04-16 17:34:05', '40.77.167.71', 3),
(1071, 2, '2018-04-17 11:06:47', '49.0.39.150', 1),
(1072, 2, '2018-04-18 16:04:20', '35.195.6.214', 1),
(1073, 1, '2018-04-18 16:04:25', '35.195.6.214', 7),
(1074, 1, '2018-04-19 19:35:06', '77.75.79.32', 3),
(1075, 2, '2018-04-19 22:56:09', '77.75.79.17', 6),
(1076, 1, '2018-04-21 02:02:47', '66.249.79.143', 5),
(1077, 2, '2018-04-21 08:08:42', '66.249.79.143', 11),
(1078, 1, '2018-04-22 03:31:01', '216.244.66.237', 3),
(1079, 2, '2018-04-22 09:02:08', '66.249.70.7', 1),
(1080, 2, '2018-04-23 17:20:06', '216.56.86.87', 2),
(1081, 1, '2018-04-23 18:37:13', '66.249.73.129', 8),
(1082, 2, '2018-04-24 19:05:23', '180.76.15.140', 4),
(1083, 2, '2018-04-25 21:06:58', '148.251.7.6', 6),
(1084, 1, '2018-04-25 21:07:17', '148.251.7.6', 8),
(1085, 1, '2018-04-28 14:01:09', '157.55.39.105', 1),
(1086, 2, '2018-04-30 08:12:32', '23.82.41.64', 3),
(1087, 1, '2018-05-01 03:49:43', '77.75.78.164', 9),
(1088, 2, '2018-05-01 17:55:15', '180.76.15.149', 1),
(1089, 1, '2018-05-02 04:33:25', '54.36.149.86', 2),
(1090, 2, '2018-05-03 05:38:03', '5.39.63.24', 1),
(1091, 1, '2018-05-03 19:18:21', '75.151.11.193', 1),
(1092, 2, '2018-05-04 11:49:14', '137.74.132.80', 8),
(1093, 1, '2018-05-05 19:46:52', '66.249.70.7', 3),
(1094, 2, '2018-05-06 10:35:41', '176.31.64.186', 4),
(1095, 1, '2018-05-07 01:35:59', '66.249.70.2', 20),
(1096, 2, '2018-05-07 11:39:39', '66.249.70.5', 1),
(1097, 1, '2018-05-08 01:39:51', '66.249.70.7', 23),
(1098, 2, '2018-05-08 11:52:12', '107.77.192.169', 9),
(1099, 1, '2018-05-09 08:59:27', '66.249.70.7', 2),
(1100, 2, '2018-05-09 15:41:45', '66.249.70.5', 10),
(1101, 1, '2018-05-10 10:16:04', '66.249.70.5', 7),
(1102, 2, '2018-05-10 19:03:42', '52.91.135.81', 2),
(1103, 1, '2018-05-11 14:08:41', '66.249.70.5', 7),
(1104, 2, '2018-05-11 19:11:17', '204.79.180.17', 3),
(1105, 2, '2018-05-12 20:56:11', '66.249.69.29', 6),
(1106, 1, '2018-05-13 23:35:54', '158.69.241.134', 3),
(1107, 2, '2018-05-13 23:36:02', '158.69.241.134', 2),
(1108, 1, '2018-05-15 04:26:45', '66.249.70.2', 3),
(1109, 2, '2018-05-15 08:20:27', '207.46.13.167', 6),
(1110, 1, '2018-05-16 15:08:47', '180.76.15.136', 2),
(1111, 2, '2018-05-16 18:20:38', '67.149.252.168', 4),
(1112, 1, '2018-05-17 17:30:50', '66.249.65.211', 9),
(1113, 2, '2018-05-17 20:22:21', '77.75.78.168', 6),
(1114, 1, '2018-05-18 23:26:27', '66.249.79.143', 4),
(1115, 2, '2018-05-20 00:34:58', '66.249.79.143', 6),
(1116, 1, '2018-05-20 01:01:56', '88.99.62.159', 2),
(1117, 2, '2018-05-21 00:44:41', '76.230.141.154', 8),
(1118, 1, '2018-05-21 08:07:51', '66.249.70.2', 5),
(1119, 1, '2018-05-22 10:07:24', '180.76.15.154', 1),
(1120, 2, '2018-05-22 22:39:34', '66.249.70.7', 2),
(1121, 2, '2018-05-23 23:57:31', '137.74.132.80', 2),
(1122, 1, '2018-05-24 09:41:46', '54.36.148.57', 3),
(1123, 1, '2018-05-26 02:49:44', '158.69.240.176', 7),
(1124, 2, '2018-05-26 02:49:54', '158.69.240.176', 3),
(1125, 1, '2018-05-27 04:02:40', '180.76.15.13', 1),
(1126, 2, '2018-05-27 05:47:40', '54.213.142.5', 3),
(1127, 1, '2018-05-28 08:14:40', '180.76.15.23', 2),
(1128, 2, '2018-05-29 05:19:26', '18.144.40.200', 1),
(1129, 2, '2018-05-30 21:54:31', '66.249.66.25', 6),
(1130, 2, '2018-05-31 22:18:15', '66.249.79.141', 3),
(1131, 1, '2018-06-01 10:04:13', '207.46.13.104', 7),
(1132, 2, '2018-06-02 05:47:58', '180.76.15.26', 1),
(1133, 1, '2018-06-02 19:52:57', '180.76.15.7', 1),
(1134, 2, '2018-06-04 03:40:27', '5.255.250.94', 4),
(1135, 1, '2018-06-04 17:00:36', '54.36.149.56', 20),
(1136, 2, '2018-06-05 13:45:37', '46.4.104.205', 6),
(1137, 1, '2018-06-05 18:52:25', '54.167.88.177', 8),
(1138, 2, '2018-06-06 21:35:37', '66.249.70.7', 5),
(1139, 1, '2018-06-06 21:55:56', '66.249.70.2', 2),
(1140, 1, '2018-06-08 16:21:39', '75.144.64.165', 1),
(1141, 2, '2018-06-08 16:21:53', '75.144.64.165', 6),
(1142, 2, '2018-06-09 16:38:37', '203.160.89.37', 14),
(1143, 1, '2018-06-10 04:17:27', '66.249.70.2', 3),
(1144, 2, '2018-06-10 20:29:34', '68.98.7.186', 11),
(1145, 1, '2018-06-11 13:39:43', '142.0.201.156', 2),
(1146, 2, '2018-06-12 05:02:07', '66.249.73.71', 2),
(1147, 1, '2018-06-12 17:00:59', '5.255.250.128', 5),
(1148, 2, '2018-06-13 07:03:49', '66.249.66.23', 5),
(1149, 1, '2018-06-14 02:24:22', '66.249.79.141', 3),
(1150, 2, '2018-06-14 11:48:22', '72.14.199.77', 2),
(1151, 1, '2018-06-15 10:38:35', '142.0.205.84', 7),
(1152, 2, '2018-06-16 06:33:53', '66.249.70.2', 6),
(1153, 1, '2018-06-16 14:13:33', '5.255.250.128', 4),
(1154, 2, '2018-06-17 07:20:41', '66.249.70.5', 10),
(1155, 1, '2018-06-17 22:35:15', '5.9.155.226', 8),
(1156, 2, '2018-06-18 23:29:44', '46.4.104.205', 4),
(1157, 1, '2018-06-18 23:30:33', '46.4.104.205', 13),
(1158, 1, '2018-06-19 23:31:11', '52.201.229.125', 9),
(1159, 2, '2018-06-19 23:52:50', '104.218.195.191', 8),
(1160, 2, '2018-06-20 23:59:55', '96.27.8.82', 2),
(1161, 1, '2018-06-21 05:05:27', '157.55.39.66', 4),
(1162, 2, '2018-06-22 06:30:10', '176.31.64.186', 5),
(1163, 1, '2018-06-22 17:43:35', '35.187.49.70', 10),
(1164, 2, '2018-06-23 14:35:35', '207.46.13.24', 9),
(1165, 1, '2018-06-24 00:16:50', '157.55.39.39', 2),
(1166, 2, '2018-06-24 15:28:02', '216.244.66.200', 2),
(1167, 1, '2018-06-25 06:26:32', '207.46.13.56', 4),
(1168, 1, '2018-06-26 12:52:43', '77.75.79.32', 3),
(1169, 1, '2018-06-27 18:29:31', '162.210.198.56', 15),
(1170, 2, '2018-06-27 18:29:32', '162.210.198.56', 4),
(1171, 2, '2018-06-29 01:59:05', '149.202.86.188', 4),
(1172, 1, '2018-07-01 08:32:27', '54.36.149.18', 2),
(1173, 2, '2018-07-03 09:05:45', '83.197.236.241', 5),
(1174, 1, '2018-07-03 21:00:54', '54.175.240.45', 10),
(1175, 2, '2018-07-05 02:14:40', '207.46.13.120', 2),
(1176, 1, '2018-07-05 16:15:13', '207.46.13.120', 1),
(1177, 2, '2018-07-06 10:28:59', '149.202.86.188', 3),
(1178, 1, '2018-07-06 19:07:52', '180.76.15.7', 2),
(1179, 2, '2018-07-07 13:02:55', '149.202.86.188', 5),
(1180, 1, '2018-07-07 21:44:50', '82.80.249.192', 4),
(1181, 2, '2018-07-08 16:12:11', '207.46.13.120', 1),
(1182, 1, '2018-07-09 08:52:34', '216.244.66.200', 2),
(1183, 2, '2018-07-09 23:42:36', '5.255.250.128', 2),
(1184, 2, '2018-07-11 01:21:39', '5.196.54.215', 3),
(1185, 1, '2018-07-11 18:42:35', '207.46.13.186', 2),
(1186, 2, '2018-07-12 08:48:56', '149.202.86.188', 2),
(1187, 2, '2018-07-13 14:58:03', '66.249.70.2', 4),
(1188, 1, '2018-07-13 18:16:47', '54.36.148.92', 3),
(1189, 1, '2018-07-14 20:13:10', '17.58.103.42', 3),
(1190, 2, '2018-07-15 01:55:17', '157.55.39.79', 3),
(1191, 2, '2018-07-16 21:32:28', '66.249.69.28', 7),
(1192, 1, '2018-07-17 03:30:13', '68.56.0.205', 3),
(1193, 2, '2018-07-17 23:29:05', '66.249.75.88', 6),
(1194, 1, '2018-07-19 03:13:47', '99.6.64.188', 3),
(1195, 2, '2018-07-19 15:40:59', '77.75.78.163', 1),
(1196, 2, '2018-07-21 02:18:07', '180.76.15.134', 2),
(1197, 1, '2018-07-21 19:21:04', '216.244.66.200', 8),
(1198, 2, '2018-07-22 11:42:19', '17.58.103.42', 6),
(1199, 1, '2018-07-23 06:28:46', '180.76.15.140', 2),
(1200, 2, '2018-07-23 14:14:27', '157.55.39.126', 1),
(1201, 2, '2018-07-24 18:41:58', '35.50.32.64', 4),
(1202, 1, '2018-07-24 18:47:44', '180.76.15.34', 3),
(1203, 1, '2018-07-25 22:28:11', '157.55.39.122', 2),
(1204, 2, '2018-07-26 08:18:22', '5.196.54.215', 4),
(1205, 2, '2018-07-27 11:40:06', '66.249.75.88', 2),
(1206, 1, '2018-07-27 20:26:14', '94.130.35.60', 5),
(1207, 2, '2018-07-28 14:26:50', '64.85.24.24', 7),
(1208, 1, '2018-07-28 22:41:38', '66.249.75.85', 2),
(1209, 2, '2018-07-30 00:11:35', '64.85.24.24', 1),
(1210, 1, '2018-07-31 03:53:08', '94.130.35.60', 4),
(1211, 2, '2018-07-31 18:26:33', '157.55.39.63', 4),
(1212, 1, '2018-08-01 05:16:24', '40.77.167.185', 6),
(1213, 2, '2018-08-01 21:29:52', '5.255.250.128', 2),
(1214, 1, '2018-08-02 13:58:56', '94.130.35.60', 6),
(1215, 2, '2018-08-03 04:13:34', '8.18.121.11', 2),
(1216, 1, '2018-08-03 14:38:11', '209.141.54.221', 5),
(1217, 1, '2018-08-04 19:53:44', '66.249.64.193', 10),
(1218, 2, '2018-08-04 22:42:09', '66.249.64.196', 14),
(1219, 1, '2018-08-05 22:26:13', '77.75.76.161', 5),
(1220, 2, '2018-08-06 05:37:02', '66.249.64.193', 7),
(1221, 1, '2018-08-07 06:20:20', '5.255.250.128', 2),
(1222, 2, '2018-08-07 12:03:19', '207.46.13.58', 2),
(1223, 2, '2018-08-09 08:50:10', '5.196.54.215', 3),
(1224, 1, '2018-08-09 18:22:07', '66.249.75.85', 3),
(1225, 2, '2018-08-11 15:50:02', '207.46.13.144', 3),
(1226, 1, '2018-08-12 18:42:10', '66.249.64.196', 5),
(1227, 2, '2018-08-12 22:07:48', '185.104.184.126', 3),
(1228, 2, '2018-08-14 00:26:41', '66.249.64.196', 9),
(1229, 1, '2018-08-14 03:37:53', '94.130.35.60', 4),
(1230, 1, '2018-08-15 05:06:29', '54.36.148.48', 1),
(1231, 2, '2018-08-15 11:41:25', '157.55.39.208', 4),
(1232, 1, '2018-08-16 08:07:12', '66.249.64.28', 5),
(1233, 2, '2018-08-16 18:04:09', '66.249.79.141', 10),
(1234, 1, '2018-08-17 08:25:02', '66.249.79.103', 2),
(1235, 1, '2018-08-18 22:03:02', '17.58.103.42', 2),
(1236, 2, '2018-08-19 00:18:06', '157.55.39.222', 4),
(1237, 2, '2018-08-20 10:30:59', '66.249.90.225', 4),
(1238, 1, '2018-08-21 03:50:07', '40.77.167.144', 8),
(1239, 2, '2018-08-21 13:20:24', '104.129.18.181', 3),
(1240, 1, '2018-08-22 17:51:47', '68.43.52.213', 3),
(1241, 2, '2018-08-22 21:39:39', '155.94.250.39', 5),
(1242, 1, '2018-08-24 02:53:32', '54.36.148.17', 3),
(1243, 2, '2018-08-25 11:05:09', '46.4.104.205', 2),
(1244, 1, '2018-08-25 11:05:18', '46.4.104.205', 5),
(1245, 2, '2018-08-26 15:00:23', '23.27.238.165', 4),
(1246, 2, '2018-08-28 21:43:15', '17.58.103.42', 2),
(1247, 1, '2018-08-29 18:35:57', '207.46.13.52', 6),
(1248, 2, '2018-08-30 09:39:37', '192.69.253.87', 3),
(1249, 2, '2018-09-01 05:30:38', '146.88.193.146', 3),
(1250, 1, '2018-09-01 06:53:16', '40.77.167.199', 3),
(1251, 2, '2018-09-03 01:35:10', '5.196.54.215', 4),
(1252, 1, '2018-09-03 17:51:51', '66.249.66.33', 11),
(1253, 2, '2018-09-04 17:52:03', '52.53.158.233', 10),
(1254, 1, '2018-09-04 20:37:10', '157.55.39.161', 4),
(1255, 2, '2018-09-06 00:06:25', '89.249.65.21', 5),
(1256, 1, '2018-09-06 01:05:26', '62.138.2.243', 6),
(1257, 2, '2018-09-07 10:50:14', '157.55.39.43', 2),
(1258, 1, '2018-09-07 10:51:17', '157.55.39.156', 2),
(1259, 1, '2018-09-08 10:54:52', '13.66.139.0', 3),
(1260, 2, '2018-09-09 13:26:17', '40.77.167.221', 4),
(1261, 1, '2018-09-09 18:49:21', '40.77.167.221', 3),
(1262, 2, '2018-09-10 13:45:53', '66.249.66.36', 3),
(1263, 2, '2018-09-11 21:12:15', '52.3.100.151', 3),
(1264, 1, '2018-09-11 21:12:47', '54.175.93.245', 6),
(1265, 1, '2018-09-13 15:33:26', '157.55.39.175', 1),
(1266, 2, '2018-09-13 17:06:19', '40.77.167.152', 3),
(1267, 2, '2018-09-14 17:35:48', '68.235.50.226', 4),
(1268, 1, '2018-09-15 11:39:53', '40.77.167.45', 12),
(1269, 2, '2018-09-17 04:03:53', '157.55.39.111', 4),
(1270, 1, '2018-09-17 16:15:53', '159.65.24.22', 1),
(1271, 1, '2018-09-18 20:32:37', '40.77.167.116', 1),
(1272, 2, '2018-09-19 23:07:19', '18.194.240.10', 2),
(1273, 1, '2018-09-20 14:48:13', '216.244.66.200', 10),
(1274, 2, '2018-09-21 00:05:35', '40.77.167.46', 6),
(1275, 1, '2018-09-21 16:09:40', '77.75.78.166', 3),
(1276, 2, '2018-09-22 12:50:56', '66.249.79.199', 5),
(1277, 1, '2018-09-23 01:21:12', '95.216.33.45', 6),
(1278, 2, '2018-09-23 19:42:59', '66.249.79.193', 2),
(1279, 1, '2018-09-25 11:04:50', '54.36.148.193', 5),
(1280, 2, '2018-09-25 14:05:55', '52.15.153.184', 2),
(1281, 2, '2018-09-26 23:12:08', '95.163.255.213', 2),
(1282, 1, '2018-09-27 02:23:41', '66.249.66.33', 2),
(1283, 2, '2018-09-28 05:55:28', '64.233.172.161', 2),
(1284, 2, '2018-09-29 12:07:12', '81.171.58.103', 9),
(1285, 1, '2018-09-29 22:14:11', '157.55.39.209', 6),
(1286, 2, '2018-09-30 14:43:11', '66.249.66.36', 10),
(1287, 1, '2018-09-30 22:39:41', '54.36.148.185', 3),
(1288, 2, '2018-10-01 17:36:16', '66.249.64.29', 8),
(1289, 1, '2018-10-02 01:46:54', '66.249.64.28', 6),
(1290, 2, '2018-10-02 19:18:29', '66.249.64.27', 5),
(1291, 1, '2018-10-03 06:25:54', '207.46.13.220', 8),
(1292, 2, '2018-10-03 22:14:06', '66.249.66.39', 6),
(1293, 1, '2018-10-04 14:05:07', '66.249.66.33', 4),
(1294, 2, '2018-10-05 04:12:45', '66.249.66.33', 5),
(1295, 1, '2018-10-05 21:40:27', '66.249.66.36', 7),
(1296, 2, '2018-10-06 17:37:15', '40.77.167.59', 5),
(1297, 1, '2018-10-06 21:48:52', '66.249.65.143', 5),
(1298, 2, '2018-10-07 18:55:47', '66.249.65.141', 13),
(1299, 1, '2018-10-08 04:10:03', '66.249.69.155', 7),
(1300, 2, '2018-10-08 19:03:15', '66.249.69.156', 7),
(1301, 1, '2018-10-09 06:53:36', '216.244.66.200', 4),
(1302, 2, '2018-10-09 23:07:48', '66.249.75.87', 9),
(1303, 1, '2018-10-10 15:54:54', '46.4.104.205', 7),
(1304, 2, '2018-10-12 03:59:10', '66.249.69.28', 4),
(1305, 1, '2018-10-12 12:22:26', '66.249.69.29', 3),
(1306, 1, '2018-10-13 23:57:26', '180.76.15.150', 1),
(1307, 2, '2018-10-14 00:52:12', '157.55.39.146', 1);

-- --------------------------------------------------------

--
-- Table structure for table `ierrg_incomplete_submissions`
--

CREATE TABLE `ierrg_incomplete_submissions` (
  `uuid` char(32) COLLATE utf8mb4_unicode_ci NOT NULL,
  `email` varchar(255) COLLATE utf8mb4_unicode_ci DEFAULT NULL,
  `form_id` mediumint(8) UNSIGNED NOT NULL,
  `date_created` datetime NOT NULL,
  `ip` varchar(39) COLLATE utf8mb4_unicode_ci NOT NULL,
  `source_url` longtext COLLATE utf8mb4_unicode_ci NOT NULL,
  `submission` longtext COLLATE utf8mb4_unicode_ci NOT NULL
) ENGINE=MyISAM DEFAULT CHARSET=utf8mb4 COLLATE=utf8mb4_unicode_ci;

-- --------------------------------------------------------

--
-- Table structure for table `ierrg_lead`
--

CREATE TABLE `ierrg_lead` (
  `id` int(10) UNSIGNED NOT NULL,
  `form_id` mediumint(8) UNSIGNED NOT NULL,
  `post_id` bigint(20) UNSIGNED DEFAULT NULL,
  `date_created` datetime NOT NULL,
  `is_starred` tinyint(1) NOT NULL DEFAULT '0',
  `is_read` tinyint(1) NOT NULL DEFAULT '0',
  `ip` varchar(39) COLLATE utf8mb4_unicode_ci NOT NULL,
  `source_url` varchar(200) COLLATE utf8mb4_unicode_ci NOT NULL DEFAULT '',
  `user_agent` varchar(250) COLLATE utf8mb4_unicode_ci NOT NULL DEFAULT '',
  `currency` varchar(5) COLLATE utf8mb4_unicode_ci DEFAULT NULL,
  `payment_status` varchar(15) COLLATE utf8mb4_unicode_ci DEFAULT NULL,
  `payment_date` datetime DEFAULT NULL,
  `payment_amount` decimal(19,2) DEFAULT NULL,
  `payment_method` varchar(30) COLLATE utf8mb4_unicode_ci DEFAULT NULL,
  `transaction_id` varchar(50) COLLATE utf8mb4_unicode_ci DEFAULT NULL,
  `is_fulfilled` tinyint(1) DEFAULT NULL,
  `created_by` bigint(20) UNSIGNED DEFAULT NULL,
  `transaction_type` tinyint(1) DEFAULT NULL,
  `status` varchar(20) COLLATE utf8mb4_unicode_ci NOT NULL DEFAULT 'active'
) ENGINE=MyISAM DEFAULT CHARSET=utf8mb4 COLLATE=utf8mb4_unicode_ci;

--
-- Dumping data for table `ierrg_lead`
--

INSERT INTO `ierrg_lead` (`id`, `form_id`, `post_id`, `date_created`, `is_starred`, `is_read`, `ip`, `source_url`, `user_agent`, `currency`, `payment_status`, `payment_date`, `payment_amount`, `payment_method`, `transaction_id`, `is_fulfilled`, `created_by`, `transaction_type`, `status`) VALUES
(1, 1, NULL, '2016-03-06 12:11:41', 0, 0, '76.112.248.53', 'http://idealescaperooms.com/uncategorized/form/', 'Mozilla/5.0 (Windows NT 6.1; WOW64) AppleWebKit/537.36 (KHTML, like Gecko) Chrome/48.0.2564.116 Safari/537.36', 'USD', NULL, NULL, NULL, NULL, NULL, NULL, 1, NULL, 'active'),
(2, 1, NULL, '2016-03-06 12:12:45', 0, 0, '76.112.248.53', 'http://idealescaperooms.com/uncategorized/form/', 'Mozilla/5.0 (Windows NT 6.1; WOW64) AppleWebKit/537.36 (KHTML, like Gecko) Chrome/48.0.2564.116 Safari/537.36', 'USD', NULL, NULL, NULL, NULL, NULL, NULL, 1, NULL, 'active'),
(3, 1, NULL, '2016-03-06 12:16:38', 0, 0, '76.112.248.53', 'http://idealescaperooms.com/uncategorized/form/', 'Mozilla/5.0 (Windows NT 6.1; WOW64) AppleWebKit/537.36 (KHTML, like Gecko) Chrome/48.0.2564.116 Safari/537.36', 'USD', NULL, NULL, NULL, NULL, NULL, NULL, 1, NULL, 'active'),
(4, 1, NULL, '2016-03-06 12:27:42', 0, 0, '76.112.248.53', 'http://idealescaperooms.com/uncategorized/form/', 'Mozilla/5.0 (Windows NT 6.1; WOW64) AppleWebKit/537.36 (KHTML, like Gecko) Chrome/48.0.2564.116 Safari/537.36', 'USD', NULL, NULL, NULL, NULL, NULL, NULL, 1, NULL, 'active'),
(5, 1, NULL, '2016-03-06 12:29:58', 0, 0, '76.112.248.53', 'http://idealescaperooms.com/uncategorized/form/', 'Mozilla/5.0 (Windows NT 6.1; WOW64) AppleWebKit/537.36 (KHTML, like Gecko) Chrome/48.0.2564.116 Safari/537.36', 'USD', NULL, NULL, NULL, NULL, NULL, NULL, 1, NULL, 'active'),
(6, 1, NULL, '2016-03-06 12:31:55', 0, 0, '76.112.248.53', 'http://idealescaperooms.com/uncategorized/form/', 'Mozilla/5.0 (Windows NT 6.1; WOW64) AppleWebKit/537.36 (KHTML, like Gecko) Chrome/48.0.2564.116 Safari/537.36', 'USD', NULL, NULL, NULL, NULL, NULL, NULL, 1, NULL, 'active'),
(7, 1, NULL, '2016-03-06 12:47:32', 0, 0, '76.112.248.53', 'http://idealescaperooms.com/uncategorized/form/', 'Mozilla/5.0 (Windows NT 6.1; WOW64) AppleWebKit/537.36 (KHTML, like Gecko) Chrome/48.0.2564.116 Safari/537.36', 'USD', NULL, NULL, NULL, NULL, NULL, NULL, 1, NULL, 'active'),
(8, 1, NULL, '2016-03-06 16:08:13', 0, 0, '76.112.248.53', 'http://idealescaperooms.com/uncategorized/form/', 'Mozilla/5.0 (Windows NT 6.1; WOW64) AppleWebKit/537.36 (KHTML, like Gecko) Chrome/48.0.2564.116 Safari/537.36', 'USD', NULL, NULL, NULL, NULL, NULL, NULL, 1, NULL, 'active'),
(9, 1, NULL, '2016-03-06 16:20:35', 0, 0, '76.112.248.53', 'http://idealescaperooms.com/uncategorized/form/', 'Mozilla/5.0 (Windows NT 6.1; WOW64) AppleWebKit/537.36 (KHTML, like Gecko) Chrome/48.0.2564.116 Safari/537.36', 'USD', NULL, NULL, NULL, NULL, NULL, NULL, 1, NULL, 'active'),
(10, 1, NULL, '2016-03-06 16:51:14', 0, 0, '76.112.248.53', 'http://idealescaperooms.com/uncategorized/form/', 'Mozilla/5.0 (Windows NT 6.1; WOW64) AppleWebKit/537.36 (KHTML, like Gecko) Chrome/48.0.2564.116 Safari/537.36', 'USD', NULL, NULL, NULL, NULL, NULL, NULL, 1, NULL, 'active'),
(11, 1, NULL, '2016-08-05 19:53:34', 0, 0, '76.242.97.105', 'https://idealescaperooms.com/game-info/escape-the-wild-west/', 'Mozilla/5.0 (Windows NT 6.1; WOW64) AppleWebKit/537.36 (KHTML, like Gecko) Chrome/51.0.2704.103 Safari/537.36', 'USD', NULL, NULL, NULL, NULL, NULL, NULL, 1, NULL, 'active'),
(12, 1, NULL, '2016-08-05 19:54:28', 0, 0, '76.242.97.105', 'https://idealescaperooms.com/game-info/escape-the-wild-west/', 'Mozilla/5.0 (Windows NT 6.1; WOW64) AppleWebKit/537.36 (KHTML, like Gecko) Chrome/51.0.2704.103 Safari/537.36', 'USD', NULL, NULL, NULL, NULL, NULL, NULL, 1, NULL, 'active'),
(13, 1, NULL, '2016-08-05 19:57:53', 0, 0, '76.242.97.105', 'https://idealescaperooms.com/game-info/escape-the-wild-west/', 'Mozilla/5.0 (Windows NT 6.1; WOW64) AppleWebKit/537.36 (KHTML, like Gecko) Chrome/51.0.2704.103 Safari/537.36', 'USD', NULL, NULL, NULL, NULL, NULL, NULL, 1, NULL, 'active'),
(14, 1, NULL, '2016-08-05 19:59:57', 0, 0, '76.242.97.105', 'https://idealescaperooms.com/game-info/escape-the-wild-west/', 'Mozilla/5.0 (Windows NT 6.1; WOW64) AppleWebKit/537.36 (KHTML, like Gecko) Chrome/51.0.2704.103 Safari/537.36', 'USD', NULL, NULL, NULL, NULL, NULL, NULL, 1, NULL, 'active'),
(15, 1, NULL, '2016-08-20 19:36:23', 0, 0, '66.227.198.48', 'https://idealescaperooms.com/corporate-events/', 'Mozilla/5.0 (Windows NT 10.0; WOW64; rv:46.0) Gecko/20100101 Firefox/46.0', 'USD', NULL, NULL, NULL, NULL, NULL, NULL, NULL, NULL, 'active'),
(16, 2, NULL, '2016-08-31 00:05:02', 0, 0, '66.227.198.48', 'https://idealescaperooms.com/contact/', 'Mozilla/5.0 (Windows NT 10.0; WOW64; rv:48.0) Gecko/20100101 Firefox/48.0', 'USD', NULL, NULL, NULL, NULL, NULL, NULL, NULL, NULL, 'active'),
(17, 1, NULL, '2016-09-02 19:53:12', 0, 0, '68.56.0.127', 'https://idealescaperooms.com/corporate-events/', 'Mozilla/5.0 (Windows NT 10.0; WOW64; Trident/7.0; rv:11.0) like Gecko', 'USD', NULL, NULL, NULL, NULL, NULL, NULL, NULL, NULL, 'active'),
(18, 2, NULL, '2016-09-10 17:07:38', 0, 0, '76.198.16.20', 'http://idealescaperooms.com/contact/', 'Mozilla/5.0 (Windows NT 6.0) AppleWebKit/537.36 (KHTML, like Gecko) Chrome/49.0.2623.112 Safari/537.36', 'USD', NULL, NULL, NULL, NULL, NULL, NULL, NULL, NULL, 'active'),
(19, 2, NULL, '2016-09-12 23:45:51', 0, 0, '66.227.198.208', 'http://idealescaperooms.com/contact/', 'Mozilla/5.0 (iPhone; CPU iPhone OS 9_3_5 like Mac OS X) AppleWebKit/601.1.46 (KHTML, like Gecko) Version/9.0 Mobile/13G36 Safari/601.1', 'USD', NULL, NULL, NULL, NULL, NULL, NULL, NULL, NULL, 'active'),
(20, 1, NULL, '2016-09-18 19:35:51', 0, 0, '68.36.194.21', 'https://idealescaperooms.com/corporate-events/', 'Mozilla/5.0 (Windows NT 10.0; WOW64) AppleWebKit/537.36 (KHTML, like Gecko) Chrome/52.0.2743.116 Safari/537.36', 'USD', NULL, NULL, NULL, NULL, NULL, NULL, NULL, NULL, 'active'),
(21, 2, NULL, '2016-09-19 21:09:38', 0, 0, '104.7.255.117', 'https://idealescaperooms.com/contact/', 'Mozilla/5.0 (Macintosh; Intel Mac OS X 10_11_5) AppleWebKit/537.36 (KHTML, like Gecko) Chrome/53.0.2785.116 Safari/537.36', 'USD', NULL, NULL, NULL, NULL, NULL, NULL, NULL, NULL, 'active'),
(22, 2, NULL, '2016-09-25 02:54:50', 0, 0, '99.71.189.39', 'https://idealescaperooms.com/contact/', 'Mozilla/5.0 (Linux; Android 4.0.3; KFTT Build/IML74K) AppleWebKit/537.36 (KHTML, like Gecko) Silk/53.2.53 like Chrome/53.0.2785.124 Safari/537.36', 'USD', NULL, NULL, NULL, NULL, NULL, NULL, NULL, NULL, 'active'),
(23, 2, NULL, '2016-09-29 19:16:32', 0, 0, '198.208.159.18', 'https://idealescaperooms.com/contact/', 'Mozilla/5.0 (Windows NT 6.1; WOW64; Trident/7.0; rv:11.0) like Gecko', 'USD', NULL, NULL, NULL, NULL, NULL, NULL, NULL, NULL, 'active'),
(24, 2, NULL, '2016-10-03 23:56:53', 0, 0, '97.85.48.88', 'https://idealescaperooms.com/contact/', 'Mozilla/5.0 (Windows NT 10.0; WOW64) AppleWebKit/537.36 (KHTML, like Gecko) Chrome/53.0.2785.116 Safari/537.36', 'USD', NULL, NULL, NULL, NULL, NULL, NULL, NULL, NULL, 'active'),
(25, 1, NULL, '2016-10-04 00:18:33', 0, 0, '97.85.48.88', 'https://idealescaperooms.com/corporate-events/', 'Mozilla/5.0 (Windows NT 10.0; WOW64) AppleWebKit/537.36 (KHTML, like Gecko) Chrome/53.0.2785.116 Safari/537.36', 'USD', NULL, NULL, NULL, NULL, NULL, NULL, NULL, NULL, 'active'),
(26, 1, NULL, '2016-10-04 00:19:31', 0, 0, '97.85.48.88', 'https://idealescaperooms.com/corporate-events/', 'Mozilla/5.0 (Windows NT 10.0; WOW64) AppleWebKit/537.36 (KHTML, like Gecko) Chrome/53.0.2785.116 Safari/537.36', 'USD', NULL, NULL, NULL, NULL, NULL, NULL, NULL, NULL, 'active'),
(27, 2, NULL, '2016-10-04 00:23:31', 0, 0, '97.85.48.88', 'https://idealescaperooms.com/contact/', 'Mozilla/5.0 (Windows NT 10.0; WOW64) AppleWebKit/537.36 (KHTML, like Gecko) Chrome/53.0.2785.116 Safari/537.36', 'USD', NULL, NULL, NULL, NULL, NULL, NULL, NULL, NULL, 'active'),
(28, 2, NULL, '2016-10-04 00:40:44', 0, 0, '97.85.48.88', 'https://idealescaperooms.com/contact/', 'Mozilla/5.0 (Windows NT 10.0; WOW64) AppleWebKit/537.36 (KHTML, like Gecko) Chrome/53.0.2785.116 Safari/537.36', 'USD', NULL, NULL, NULL, NULL, NULL, NULL, NULL, NULL, 'active'),
(29, 2, NULL, '2016-10-11 13:11:40', 0, 0, '198.208.251.23', 'https://idealescaperooms.com/contact/', 'Mozilla/5.0 (Windows NT 6.1; WOW64; Trident/7.0; rv:11.0) like Gecko', 'USD', NULL, NULL, NULL, NULL, NULL, NULL, NULL, NULL, 'active'),
(30, 1, NULL, '2016-10-11 13:12:32', 0, 0, '198.208.251.23', 'https://idealescaperooms.com/corporate-events/', 'Mozilla/5.0 (Windows NT 6.1; WOW64; Trident/7.0; rv:11.0) like Gecko', 'USD', NULL, NULL, NULL, NULL, NULL, NULL, NULL, NULL, 'active'),
(31, 2, NULL, '2016-10-23 03:21:04', 0, 0, '66.87.114.168', 'https://idealescaperooms.com/contact/', 'Mozilla/5.0 (iPhone; CPU iPhone OS 10_0_2 like Mac OS X) AppleWebKit/602.1.50 (KHTML, like Gecko) Version/10.0 Mobile/14A456 Safari/602.1', 'USD', NULL, NULL, NULL, NULL, NULL, NULL, NULL, NULL, 'active'),
(32, 2, NULL, '2016-11-02 00:41:42', 0, 0, '98.209.94.98', 'http://idealescaperooms.com/contact/', 'Mozilla/5.0 (iPhone; CPU iPhone OS 10_0_2 like Mac OS X) AppleWebKit/602.1.50 (KHTML, like Gecko) Version/10.0 Mobile/14A456 Safari/602.1', 'USD', NULL, NULL, NULL, NULL, NULL, NULL, NULL, NULL, 'active'),
(33, 2, NULL, '2016-11-06 18:17:52', 0, 0, '24.247.84.245', 'https://idealescaperooms.com/contact/', 'Mozilla/5.0 (iPad; CPU OS 9_3_5 like Mac OS X) AppleWebKit/601.1.46 (KHTML, like Gecko) Version/9.0 Mobile/13G36 Safari/601.1', 'USD', NULL, NULL, NULL, NULL, NULL, NULL, NULL, NULL, 'active'),
(34, 2, NULL, '2016-11-06 18:35:36', 0, 0, '24.247.84.245', 'https://idealescaperooms.com/contact/', 'Mozilla/5.0 (iPad; CPU OS 9_3_5 like Mac OS X) AppleWebKit/601.1.46 (KHTML, like Gecko) Version/9.0 Mobile/13G36 Safari/601.1', 'USD', NULL, NULL, NULL, NULL, NULL, NULL, NULL, NULL, 'active'),
(35, 1, NULL, '2016-11-07 16:29:35', 0, 0, '69.48.149.174', 'https://idealescaperooms.com/corporate-events/', 'Mozilla/5.0 (Windows NT 6.1; WOW64; Trident/7.0; rv:11.0) like Gecko', 'USD', NULL, NULL, NULL, NULL, NULL, NULL, NULL, NULL, 'active'),
(36, 1, NULL, '2016-11-08 16:53:28', 0, 0, '50.201.240.110', 'https://idealescaperooms.com/corporate-events/', 'Mozilla/5.0 (Windows NT 6.1; Win64; x64) AppleWebKit/537.36 (KHTML, like Gecko) Chrome/54.0.2840.87 Safari/537.36', 'USD', NULL, NULL, NULL, NULL, NULL, NULL, NULL, NULL, 'active'),
(37, 1, NULL, '2016-11-09 00:08:13', 0, 0, '74.103.148.243', 'https://idealescaperooms.com/corporate-events/', 'Mozilla/5.0 (iPad; CPU OS 10_1_1 like Mac OS X) AppleWebKit/602.2.14 (KHTML, like Gecko) Version/10.0 Mobile/14B100 Safari/602.1', 'USD', NULL, NULL, NULL, NULL, NULL, NULL, NULL, NULL, 'active'),
(38, 2, NULL, '2016-11-10 18:36:51', 0, 0, '198.111.71.16', 'http://idealescaperooms.com/contact/', 'Mozilla/5.0 (Windows NT 6.1) AppleWebKit/537.36 (KHTML, like Gecko) Chrome/54.0.2840.71 Safari/537.36', 'USD', NULL, NULL, NULL, NULL, NULL, NULL, NULL, NULL, 'active'),
(39, 2, NULL, '2016-11-13 23:25:01', 0, 0, '192.138.80.211', 'https://idealescaperooms.com/contact/', 'Mozilla/5.0 (Windows NT 6.1; Trident/7.0; rv:11.0) like Gecko', 'USD', NULL, NULL, NULL, NULL, NULL, NULL, NULL, NULL, 'active'),
(40, 1, NULL, '2016-11-14 12:20:15', 0, 0, '69.48.149.174', 'https://idealescaperooms.com/corporate-events/', 'Mozilla/5.0 (Windows NT 6.1; WOW64; Trident/7.0; rv:11.0) like Gecko', 'USD', NULL, NULL, NULL, NULL, NULL, NULL, NULL, NULL, 'active'),
(41, 2, NULL, '2016-11-14 18:52:52', 0, 0, '12.152.193.133', 'https://idealescaperooms.com/contact/', 'Mozilla/5.0 (Windows NT 6.1; WOW64; Trident/7.0; rv:11.0) like Gecko', 'USD', NULL, NULL, NULL, NULL, NULL, NULL, NULL, NULL, 'active'),
(42, 2, NULL, '2016-11-15 14:33:53', 0, 0, '173.13.7.148', 'https://idealescaperooms.com/contact/', 'Mozilla/5.0 (Windows NT 6.3; WOW64) AppleWebKit/537.36 (KHTML, like Gecko) Chrome/54.0.2840.99 Safari/537.36', 'USD', NULL, NULL, NULL, NULL, NULL, NULL, NULL, NULL, 'active'),
(43, 1, NULL, '2016-11-15 16:25:44', 0, 0, '216.11.106.10', 'https://idealescaperooms.com/corporate-events/', 'Mozilla/5.0 (Windows NT 6.1; WOW64; rv:43.0) Gecko/20100101 Firefox/43.0', 'USD', NULL, NULL, NULL, NULL, NULL, NULL, NULL, NULL, 'active'),
(44, 2, NULL, '2016-11-17 13:10:48', 0, 0, '24.180.182.91', 'https://idealescaperooms.com/contact/', 'Mozilla/5.0 (iPhone; CPU iPhone OS 10_1_1 like Mac OS X) AppleWebKit/602.2.14 (KHTML, like Gecko) Version/10.0 Mobile/14B100 Safari/602.1', 'USD', NULL, NULL, NULL, NULL, NULL, NULL, NULL, NULL, 'active'),
(45, 2, NULL, '2016-11-17 22:00:41', 0, 0, '97.95.219.66', 'https://idealescaperooms.com/contact/', 'Mozilla/5.0 (Windows NT 6.1; Win64; x64) AppleWebKit/537.36 (KHTML, like Gecko) Chrome/54.0.2840.99 Safari/537.36', 'USD', NULL, NULL, NULL, NULL, NULL, NULL, NULL, NULL, 'active'),
(46, 1, NULL, '2016-11-17 22:01:33', 0, 0, '97.95.219.66', 'https://idealescaperooms.com/corporate-events/', 'Mozilla/5.0 (Windows NT 6.1; Win64; x64) AppleWebKit/537.36 (KHTML, like Gecko) Chrome/54.0.2840.99 Safari/537.36', 'USD', NULL, NULL, NULL, NULL, NULL, NULL, NULL, NULL, 'active'),
(47, 1, NULL, '2016-11-21 20:05:26', 0, 0, '198.206.250.38', 'https://idealescaperooms.com/corporate-events/', 'Mozilla/5.0 (Windows NT 6.1; WOW64; Trident/7.0; rv:11.0) like Gecko', 'USD', NULL, NULL, NULL, NULL, NULL, NULL, NULL, NULL, 'active'),
(48, 2, NULL, '2016-11-22 14:14:32', 0, 0, '198.206.250.38', 'http://idealescaperooms.com/contact/', 'Mozilla/5.0 (Windows NT 6.1; WOW64; Trident/7.0; rv:11.0) like Gecko', 'USD', NULL, NULL, NULL, NULL, NULL, NULL, NULL, NULL, 'active'),
(49, 2, NULL, '2016-11-23 00:24:02', 0, 0, '96.42.181.87', 'https://idealescaperooms.com/contact/', 'Mozilla/5.0 (X11; CrOS x86_64 8743.85.0) AppleWebKit/537.36 (KHTML, like Gecko) Chrome/54.0.2840.101 Safari/537.36', 'USD', NULL, NULL, NULL, NULL, NULL, NULL, NULL, NULL, 'active'),
(50, 1, NULL, '2016-11-28 20:36:44', 0, 0, '216.11.243.3', 'https://idealescaperooms.com/corporate-events/', 'Mozilla/5.0 (Windows NT 6.1; WOW64; Trident/7.0; rv:11.0) like Gecko', 'USD', NULL, NULL, NULL, NULL, NULL, NULL, NULL, NULL, 'active'),
(51, 2, NULL, '2016-11-29 02:43:24', 0, 0, '24.236.178.181', 'https://idealescaperooms.com/contact/', 'Mozilla/5.0 (Windows NT 10.0; WOW64; rv:50.0) Gecko/20100101 Firefox/50.0', 'USD', NULL, NULL, NULL, NULL, NULL, NULL, NULL, NULL, 'active'),
(52, 1, NULL, '2016-11-29 23:48:12', 0, 0, '50.199.42.209', 'https://idealescaperooms.com/corporate-events/', 'Mozilla/5.0 (Windows NT 6.3) AppleWebKit/537.36 (KHTML, like Gecko) Chrome/54.0.2840.99 Safari/537.36', 'USD', NULL, NULL, NULL, NULL, NULL, NULL, NULL, NULL, 'active'),
(53, 1, NULL, '2016-12-01 21:40:38', 0, 0, '38.98.175.1', 'https://idealescaperooms.com/corporate-events/', 'Mozilla/5.0 (Windows NT 6.1; WOW64; Trident/7.0; rv:11.0) like Gecko', 'USD', NULL, NULL, NULL, NULL, NULL, NULL, NULL, NULL, 'active'),
(54, 2, NULL, '2016-12-06 11:55:39', 0, 0, '67.216.187.62', 'http://idealescaperooms.com/contact/', 'Mozilla/5.0 (Windows NT 6.1; WOW64; Trident/7.0; rv:11.0) like Gecko', 'USD', NULL, NULL, NULL, NULL, NULL, NULL, NULL, NULL, 'active'),
(55, 2, NULL, '2016-12-08 22:28:36', 0, 0, '68.36.10.225', 'http://idealescaperooms.com/contact/', 'Mozilla/5.0 (iPhone; CPU iPhone OS 9_3_5 like Mac OS X) AppleWebKit/601.1.46 (KHTML, like Gecko) Version/9.0 Mobile/13G36 Safari/601.1', 'USD', NULL, NULL, NULL, NULL, NULL, NULL, NULL, NULL, 'active'),
(56, 1, NULL, '2016-12-10 19:14:29', 0, 0, '70.194.7.164', 'https://idealescaperooms.com/corporate-events/', 'Mozilla/5.0 (iPhone; CPU iPhone OS 10_0_1 like Mac OS X) AppleWebKit/602.1.50 (KHTML, like Gecko) Version/10.0 Mobile/14A403 Safari/602.1', 'USD', NULL, NULL, NULL, NULL, NULL, NULL, NULL, NULL, 'active'),
(57, 2, NULL, '2016-12-13 15:45:11', 0, 0, '198.208.251.23', 'https://idealescaperooms.com/contact/', 'Mozilla/5.0 (Windows NT 6.1; WOW64; Trident/7.0; rv:11.0) like Gecko', 'USD', NULL, NULL, NULL, NULL, NULL, NULL, NULL, NULL, 'active'),
(58, 2, NULL, '2016-12-16 14:15:03', 0, 0, '216.11.106.10', 'https://idealescaperooms.com/contact/', 'Mozilla/5.0 (Windows NT 6.1; WOW64; rv:48.0) Gecko/20100101 Firefox/48.0', 'USD', NULL, NULL, NULL, NULL, NULL, NULL, NULL, NULL, 'active'),
(59, 2, NULL, '2017-01-03 23:11:23', 0, 0, '68.36.8.7', 'https://idealescaperooms.com/contact/', 'Mozilla/5.0 (Macintosh; Intel Mac OS X 10_10_5) AppleWebKit/602.2.14 (KHTML, like Gecko) Version/10.0.1 Safari/602.2.14', 'USD', NULL, NULL, NULL, NULL, NULL, NULL, NULL, NULL, 'active'),
(60, 1, NULL, '2017-01-05 02:23:57', 0, 0, '71.82.72.199', 'https://idealescaperooms.com/corporate-events/', 'Mozilla/5.0 (Windows NT 10.0; WOW64) AppleWebKit/537.36 (KHTML, like Gecko) Chrome/55.0.2883.87 Safari/537.36', 'USD', NULL, NULL, NULL, NULL, NULL, NULL, NULL, NULL, 'active'),
(61, 1, NULL, '2017-01-05 16:11:50', 0, 0, '76.112.128.28', 'https://idealescaperooms.com/corporate-events/', 'Mozilla/5.0 (Windows NT 6.3; WOW64; Trident/7.0; rv:11.0) like Gecko', 'USD', NULL, NULL, NULL, NULL, NULL, NULL, NULL, NULL, 'active'),
(62, 1, NULL, '2017-01-11 04:24:53', 0, 0, '107.140.10.139', 'https://idealescaperooms.com/corporate-events/', 'Mozilla/5.0 (iPhone; CPU iPhone OS 10_2 like Mac OS X) AppleWebKit/602.3.12 (KHTML, like Gecko) Version/10.0 Mobile/14C92 Safari/602.1', 'USD', NULL, NULL, NULL, NULL, NULL, NULL, NULL, NULL, 'active'),
(63, 1, NULL, '2017-01-17 16:21:21', 0, 0, '24.128.169.145', 'https://idealescaperooms.com/corporate-events/', 'Mozilla/5.0 (Windows NT 10.0; WOW64; rv:50.0) Gecko/20100101 Firefox/50.0', 'USD', NULL, NULL, NULL, NULL, NULL, NULL, NULL, NULL, 'active'),
(64, 1, NULL, '2017-01-17 23:38:41', 0, 0, '97.83.7.176', 'https://idealescaperooms.com/corporate-events/', 'Mozilla/5.0 (iPhone; CPU iPhone OS 10_2 like Mac OS X) AppleWebKit/602.3.12 (KHTML, like Gecko) Version/10.0 Mobile/14C92 Safari/602.1', 'USD', NULL, NULL, NULL, NULL, NULL, NULL, NULL, NULL, 'active'),
(65, 2, NULL, '2017-01-23 23:44:11', 0, 0, '50.124.54.161', 'https://idealescaperooms.com/contact/', 'Mozilla/5.0 (Windows NT 10.0; WOW64) AppleWebKit/537.36 (KHTML, like Gecko) Chrome/55.0.2883.87 Safari/537.36', 'USD', NULL, NULL, NULL, NULL, NULL, NULL, NULL, NULL, 'active'),
(66, 2, NULL, '2017-01-26 18:50:32', 0, 0, '108.250.126.86', 'http://idealescaperooms.com/contact/', 'Mozilla/5.0 (iPhone; CPU iPhone OS 10_2 like Mac OS X) AppleWebKit/602.3.12 (KHTML, like Gecko) Version/10.0 Mobile/14C92 Safari/602.1', 'USD', NULL, NULL, NULL, NULL, NULL, NULL, NULL, NULL, 'active'),
(67, 1, NULL, '2017-02-01 18:08:49', 0, 0, '216.11.82.254', 'https://idealescaperooms.com/corporate-events/', 'Mozilla/5.0 (Windows NT 6.1; WOW64) AppleWebKit/537.36 (KHTML, like Gecko) Chrome/55.0.2883.87 Safari/537.36', 'USD', NULL, NULL, NULL, NULL, NULL, NULL, NULL, NULL, 'active'),
(68, 1, NULL, '2017-02-13 15:33:29', 0, 0, '69.48.149.174', 'https://idealescaperooms.com/corporate-events/', 'Mozilla/5.0 (Windows NT 6.1; WOW64; Trident/7.0; rv:11.0) like Gecko', 'USD', NULL, NULL, NULL, NULL, NULL, NULL, NULL, NULL, 'active'),
(69, 2, NULL, '2017-02-15 15:56:51', 0, 0, '70.210.65.124', 'http://idealescaperooms.com/contact/', 'Mozilla/5.0 (iPhone; CPU iPhone OS 10_2_1 like Mac OS X) AppleWebKit/602.4.6 (KHTML, like Gecko) Mobile/14D27 [FBAN/MessengerForiOS;FBAV/104.0.0.28.69;FBBV/49236804;FBRV/0;FBDV/iPhone9,1;FBMD/iPhone;FBSN/iOS;FBSV/10.2.1;FBSS/2;FBCR/Verizon;FBID/phone', 'USD', NULL, NULL, NULL, NULL, NULL, NULL, NULL, NULL, 'active'),
(70, 2, NULL, '2017-02-17 13:53:44', 0, 0, '67.149.255.212', 'https://idealescaperooms.com/contact/', 'Mozilla/5.0 (Windows NT 6.1; WOW64) AppleWebKit/537.36 (KHTML, like Gecko) Chrome/55.0.2883.87 Safari/537.36', 'USD', NULL, NULL, NULL, NULL, NULL, NULL, NULL, NULL, 'active'),
(71, 2, NULL, '2017-02-26 19:36:10', 0, 0, '166.137.102.80', 'http://idealescaperooms.com/contact/', 'Mozilla/5.0 (iPhone; CPU iPhone OS 10_2_1 like Mac OS X) AppleWebKit/602.4.6 (KHTML, like Gecko) Version/10.0 Mobile/14D27 Safari/602.1', 'USD', NULL, NULL, NULL, NULL, NULL, NULL, NULL, NULL, 'active'),
(72, 2, NULL, '2017-02-27 18:56:19', 0, 0, '198.208.159.18', 'https://idealescaperooms.com/contact/', 'Mozilla/5.0 (Windows NT 6.1; WOW64; Trident/7.0; rv:11.0) like Gecko', 'USD', NULL, NULL, NULL, NULL, NULL, NULL, NULL, NULL, 'active'),
(73, 2, NULL, '2017-03-01 01:47:57', 0, 0, '68.55.162.50', 'https://idealescaperooms.com/contact/', 'Mozilla/5.0 (Macintosh; Intel Mac OS X 10_9_5) AppleWebKit/601.3.9 (KHTML, like Gecko) Version/9.0.2 Safari/537.86.3', 'USD', NULL, NULL, NULL, NULL, NULL, NULL, NULL, NULL, 'active'),
(74, 1, NULL, '2017-03-02 17:47:08', 0, 0, '136.181.195.60', 'https://idealescaperooms.com/corporate-events/', 'Mozilla/5.0 (Windows NT 6.1; WOW64; Trident/7.0; rv:11.0) like Gecko', 'USD', NULL, NULL, NULL, NULL, NULL, NULL, NULL, NULL, 'active'),
(75, 1, NULL, '2017-03-02 20:41:23', 0, 0, '107.1.79.74', 'https://idealescaperooms.com/corporate-events/', 'Mozilla/5.0 (Windows NT 6.1; WOW64; Trident/7.0; rv:11.0) like Gecko', 'USD', NULL, NULL, NULL, NULL, NULL, NULL, NULL, NULL, 'active'),
(76, 2, NULL, '2017-03-04 16:53:47', 0, 0, '24.236.163.6', 'http://idealescaperooms.com/contact/', 'Mozilla/5.0 (iPhone; CPU iPhone OS 10_2_1 like Mac OS X) AppleWebKit/602.4.6 (KHTML, like Gecko) Version/10.0 Mobile/14D27 Safari/602.1', 'USD', NULL, NULL, NULL, NULL, NULL, NULL, NULL, NULL, 'active'),
(77, 2, NULL, '2017-03-14 14:20:03', 0, 0, '167.246.61.6', 'http://idealescaperooms.com/contact/', 'Mozilla/5.0 (Windows NT 10.0; Win64; x64) AppleWebKit/537.36 (KHTML, like Gecko) Chrome/56.0.2924.87 Safari/537.36', 'USD', NULL, NULL, NULL, NULL, NULL, NULL, NULL, NULL, 'active'),
(78, 2, NULL, '2017-03-16 23:33:02', 0, 0, '73.161.76.42', 'https://idealescaperooms.com/contact/', 'Mozilla/5.0 (Macintosh; Intel Mac OS X 10_9_5) AppleWebKit/601.7.8 (KHTML, like Gecko) Version/9.1.3 Safari/537.86.7', 'USD', NULL, NULL, NULL, NULL, NULL, NULL, NULL, NULL, 'active'),
(79, 2, NULL, '2017-04-05 14:50:48', 0, 0, '108.194.36.173', 'https://idealescaperooms.com/contact/', 'Mozilla/5.0 (Windows NT 10.0; WOW64) AppleWebKit/537.36 (KHTML, like Gecko) Chrome/57.0.2987.133 Safari/537.36', 'USD', NULL, NULL, NULL, NULL, NULL, NULL, NULL, NULL, 'active'),
(80, 2, NULL, '2017-04-19 19:38:15', 0, 0, '73.254.62.91', 'https://idealescaperooms.com/contact/', 'Mozilla/5.0 (iPhone; CPU iPhone OS 10_3_1 like Mac OS X) AppleWebKit/603.1.30 (KHTML, like Gecko) Version/10.0 Mobile/14E304 Safari/602.1', 'USD', NULL, NULL, NULL, NULL, NULL, NULL, NULL, NULL, 'active'),
(81, 2, NULL, '2017-04-19 19:53:50', 0, 0, '73.254.62.91', 'https://idealescaperooms.com/contact/', 'Mozilla/5.0 (iPhone; CPU iPhone OS 10_3_1 like Mac OS X) AppleWebKit/603.1.30 (KHTML, like Gecko) Version/10.0 Mobile/14E304 Safari/602.1', 'USD', NULL, NULL, NULL, NULL, NULL, NULL, NULL, NULL, 'active'),
(82, 1, NULL, '2017-04-21 15:35:07', 0, 0, '96.35.73.78', 'https://idealescaperooms.com/corporate-events/', 'Mozilla/5.0 (Windows NT 10.0; WOW64) AppleWebKit/537.36 (KHTML, like Gecko) Chrome/57.0.2987.133 Safari/537.36', 'USD', NULL, NULL, NULL, NULL, NULL, NULL, 2, NULL, 'active'),
(83, 2, NULL, '2017-04-21 16:24:30', 0, 0, '96.35.73.78', 'http://idealescaperooms.com/contact/', 'Mozilla/5.0 (Windows NT 10.0; WOW64) AppleWebKit/537.36 (KHTML, like Gecko) Chrome/57.0.2987.133 Safari/537.36', 'USD', NULL, NULL, NULL, NULL, NULL, NULL, NULL, NULL, 'active'),
(84, 2, NULL, '2017-05-03 01:23:50', 0, 0, '50.105.105.76', 'https://idealescaperooms.com/contact/', 'Mozilla/5.0 (Windows NT 10.0; Win64; x64) AppleWebKit/537.36 (KHTML, like Gecko) Chrome/58.0.3029.81 Safari/537.36', 'USD', NULL, NULL, NULL, NULL, NULL, NULL, NULL, NULL, 'active'),
(85, 1, NULL, '2017-05-05 11:03:21', 0, 0, '198.208.159.19', 'https://idealescaperooms.com/corporate-events/', 'Mozilla/5.0 (Windows NT 6.1; Trident/7.0; rv:11.0) like Gecko', 'USD', NULL, NULL, NULL, NULL, NULL, NULL, NULL, NULL, 'active'),
(86, 1, NULL, '2017-05-08 20:43:23', 0, 0, '129.9.75.193', 'https://idealescaperooms.com/corporate-events/', 'Mozilla/5.0 (Windows NT 6.1; WOW64; Trident/7.0; rv:11.0) like Gecko', 'USD', NULL, NULL, NULL, NULL, NULL, NULL, NULL, NULL, 'active'),
(87, 2, NULL, '2017-05-09 15:50:53', 0, 0, '68.49.145.33', 'https://idealescaperooms.com/contact/', 'Mozilla/5.0 (Windows NT 10.0; Win64; x64) AppleWebKit/537.36 (KHTML, like Gecko) Chrome/57.0.2987.133 Safari/537.36', 'USD', NULL, NULL, NULL, NULL, NULL, NULL, NULL, NULL, 'active'),
(88, 1, NULL, '2017-06-24 01:15:46', 0, 0, '66.227.150.78', 'https://idealescaperooms.com/corporate-events/', 'Mozilla/5.0 (Linux; Android 7.0; 2PYB2 Build/NRD90M) AppleWebKit/537.36 (KHTML, like Gecko) Chrome/55.0.2883.91 Mobile Safari/537.36', 'USD', NULL, NULL, NULL, NULL, NULL, NULL, NULL, NULL, 'active'),
(89, 2, NULL, '2017-08-23 01:36:42', 0, 0, '108.232.21.105', 'http://idealescaperooms.com/contact/', 'Mozilla/5.0 (Windows NT 10.0; Win64; x64) AppleWebKit/537.36 (KHTML, like Gecko) Chrome/52.0.2743.116 Safari/537.36 Edge/15.15063', 'USD', NULL, NULL, NULL, NULL, NULL, NULL, NULL, NULL, 'active'),
(90, 2, NULL, '2017-08-28 13:31:45', 0, 0, '68.60.158.122', 'http://idealescaperooms.com/contact/', 'Mozilla/5.0 (Windows NT 10.0; Win64; x64) AppleWebKit/537.36 (KHTML, like Gecko) Chrome/60.0.3112.101 Safari/537.36', 'USD', NULL, NULL, NULL, NULL, NULL, NULL, NULL, NULL, 'active'),
(91, 2, NULL, '2017-09-21 17:03:08', 0, 0, '68.60.158.122', 'http://idealescaperooms.com/contact/', 'Mozilla/5.0 (Windows NT 10.0; Win64; x64) AppleWebKit/537.36 (KHTML, like Gecko) Chrome/60.0.3112.113 Safari/537.36', 'USD', NULL, NULL, NULL, NULL, NULL, NULL, NULL, NULL, 'active'),
(92, 1, NULL, '2017-10-06 15:23:05', 0, 0, '70.90.137.117', 'https://idealescaperooms.com/corporate-events/', 'Mozilla/5.0 (Windows NT 6.1) AppleWebKit/537.36 (KHTML, like Gecko) Chrome/61.0.3163.100 Safari/537.36', 'USD', NULL, NULL, NULL, NULL, NULL, NULL, NULL, NULL, 'active'),
(93, 2, NULL, '2017-10-26 13:54:38', 0, 0, '68.41.178.32', 'http://idealescaperooms.com/contact/', 'Mozilla/5.0 (Windows NT 6.3; Win64; x64) AppleWebKit/537.36 (KHTML, like Gecko) Chrome/61.0.3163.100 Safari/537.36', 'USD', NULL, NULL, NULL, NULL, NULL, NULL, NULL, NULL, 'active'),
(94, 2, NULL, '2017-11-02 00:20:46', 0, 0, '96.35.74.82', 'http://idealescaperooms.com/contact/', 'Mozilla/5.0 (Macintosh; Intel Mac OS X 10_12) AppleWebKit/602.1.50 (KHTML, like Gecko) Version/10.0 Safari/602.1.50', 'USD', NULL, NULL, NULL, NULL, NULL, NULL, NULL, NULL, 'active'),
(95, 1, NULL, '2017-11-06 23:25:45', 0, 0, '174.230.138.81', 'https://idealescaperooms.com/corporate-events/', 'Mozilla/5.0 (iPhone; CPU iPhone OS 10_3_3 like Mac OS X) AppleWebKit/603.3.8 (KHTML, like Gecko) Version/10.0 Mobile/14G60 Safari/602.1', 'USD', NULL, NULL, NULL, NULL, NULL, NULL, NULL, NULL, 'active'),
(96, 2, NULL, '2017-11-30 18:49:13', 0, 0, '206.201.157.6', 'https://idealescaperooms.com/contact/', 'Mozilla/5.0 (Windows NT 6.3; Win64; x64; rv:57.0) Gecko/20100101 Firefox/57.0', 'USD', NULL, NULL, NULL, NULL, NULL, NULL, NULL, NULL, 'active'),
(97, 1, NULL, '2017-12-01 18:18:24', 0, 0, '173.13.8.41', 'https://idealescaperooms.com/corporate-events/', 'Mozilla/5.0 (Macintosh; Intel Mac OS X 10_13_1) AppleWebKit/604.3.5 (KHTML, like Gecko) Version/11.0.1 Safari/604.3.5', 'USD', NULL, NULL, NULL, NULL, NULL, NULL, NULL, NULL, 'active'),
(98, 2, NULL, '2017-12-12 05:59:45', 0, 0, '110.227.94.77', 'https://idealescaperooms.com/contact/', 'Mozilla/5.0 (Windows NT 6.1; Win64; x64) AppleWebKit/537.36 (KHTML, like Gecko) Chrome/63.0.3239.84 Safari/537.36', 'USD', NULL, NULL, NULL, NULL, NULL, NULL, NULL, NULL, 'active'),
(99, 2, NULL, '2017-12-20 20:06:03', 0, 0, '50.197.101.125', 'https://idealescaperooms.com/contact/', 'Mozilla/5.0 (Windows NT 6.1; WOW64; Trident/7.0; rv:11.0) like Gecko', 'USD', NULL, NULL, NULL, NULL, NULL, NULL, NULL, NULL, 'active'),
(100, 2, NULL, '2017-12-24 03:17:05', 0, 0, '76.112.240.249', 'https://idealescaperooms.com/contact/', 'Mozilla/5.0 (iPad; CPU OS 11_2_1 like Mac OS X) AppleWebKit/604.4.7 (KHTML, like Gecko) Version/11.0 Mobile/15C153 Safari/604.1', 'USD', NULL, NULL, NULL, NULL, NULL, NULL, NULL, NULL, 'active'),
(101, 1, NULL, '2017-12-27 15:50:41', 0, 0, '152.160.5.55', 'https://idealescaperooms.com/corporate-events/', 'Mozilla/5.0 (Macintosh; Intel Mac OS X 10.13; rv:57.0) Gecko/20100101 Firefox/57.0', 'USD', NULL, NULL, NULL, NULL, NULL, NULL, NULL, NULL, 'active'),
(102, 1, NULL, '2018-02-01 16:47:41', 0, 0, '96.66.9.209', 'https://idealescaperooms.com/corporate-events/', 'Mozilla/5.0 (Windows NT 6.1; WOW64; Trident/7.0; rv:11.0) like Gecko', 'USD', NULL, NULL, NULL, NULL, NULL, NULL, NULL, NULL, 'active'),
(103, 1, NULL, '2018-05-03 19:18:56', 0, 0, '75.151.11.193', 'https://idealescaperooms.com/corporate-events/', 'Mozilla/5.0 (Windows NT 10.0; Win64; x64) AppleWebKit/537.36 (KHTML, like Gecko) Chrome/66.0.3359.139 Safari/537.36', 'USD', NULL, NULL, NULL, NULL, NULL, NULL, NULL, NULL, 'active'),
(104, 2, NULL, '2018-05-17 21:49:52', 0, 0, '68.36.20.234', 'https://idealescaperooms.com/contact/', 'Mozilla/5.0 (Windows NT 10.0; Win64; x64) AppleWebKit/537.36 (KHTML, like Gecko) Chrome/66.0.3359.181 Safari/537.36', 'USD', NULL, NULL, NULL, NULL, NULL, NULL, NULL, NULL, 'active'),
(105, 2, NULL, '2018-07-24 18:55:28', 0, 0, '35.50.32.64', 'https://idealescaperooms.com/contact/', 'Mozilla/5.0 (Windows NT 10.0; WOW64) AppleWebKit/537.36 (KHTML, like Gecko) Chrome/64.0.3282.167 Safari/537.36', 'USD', NULL, NULL, NULL, NULL, NULL, NULL, NULL, NULL, 'active'),
(106, 2, NULL, '2018-10-08 00:39:49', 0, 0, '68.55.163.130', 'https://idealescaperooms.com/contact/', 'Mozilla/5.0 (iPhone; CPU iPhone OS 12_0 like Mac OS X) AppleWebKit/605.1.15 (KHTML, like Gecko) CriOS/69.0.3497.105 Mobile/15E148 Safari/605.1', 'USD', NULL, NULL, NULL, NULL, NULL, NULL, NULL, NULL, 'active');

-- --------------------------------------------------------

--
-- Table structure for table `ierrg_lead_detail`
--

CREATE TABLE `ierrg_lead_detail` (
  `id` bigint(20) UNSIGNED NOT NULL,
  `lead_id` int(10) UNSIGNED NOT NULL,
  `form_id` mediumint(8) UNSIGNED NOT NULL,
  `field_number` float NOT NULL,
  `value` longtext COLLATE utf8mb4_unicode_ci
) ENGINE=MyISAM DEFAULT CHARSET=utf8mb4 COLLATE=utf8mb4_unicode_ci;

--
-- Dumping data for table `ierrg_lead_detail`
--

INSERT INTO `ierrg_lead_detail` (`id`, `lead_id`, `form_id`, `field_number`, `value`) VALUES
(1, 1, 1, 1, 'whatever'),
(2, 2, 1, 1, 'whatever'),
(3, 3, 1, 1, 'hello'),
(4, 4, 1, 1, 'hello'),
(5, 5, 1, 1, 'hi'),
(6, 6, 1, 1, 'jeremy'),
(7, 7, 1, 1, 'yes'),
(8, 8, 1, 1, 'what up'),
(9, 9, 1, 1, 'what up'),
(10, 10, 1, 1, 'what up'),
(11, 11, 1, 1, 'Jeremy'),
(12, 11, 1, 4, 'jmlynarek04@gmail.com'),
(13, 11, 1, 5, '(375) 903-7503'),
(14, 11, 1, 2, 'Corporate Team Building'),
(15, 11, 1, 6, '22'),
(16, 11, 1, 3, '2017-08-05'),
(17, 12, 1, 1, 'Jeremy'),
(18, 12, 1, 4, 'jmlynarek04@gmail.com'),
(19, 12, 1, 5, '(375) 903-7503'),
(20, 12, 1, 2, 'Corporate Team Building'),
(21, 12, 1, 6, '22'),
(22, 12, 1, 3, '2017-08-08'),
(23, 13, 1, 1, 'John'),
(24, 13, 1, 4, 'jmlynarek04@gmail.com'),
(25, 13, 1, 5, '(375) 903-7503'),
(26, 13, 1, 2, 'Corporate Team Building'),
(27, 13, 1, 6, '22'),
(28, 13, 1, 3, '2017-08-08'),
(29, 14, 1, 1, 'Jill'),
(30, 14, 1, 4, 'jmlynarek04@gmail.com'),
(31, 14, 1, 5, '(375) 903-7503'),
(32, 14, 1, 2, 'Corporate Team Building'),
(33, 14, 1, 6, '22'),
(34, 14, 1, 3, '2017-08-08'),
(35, 15, 1, 1, 'Michelle Hiscox'),
(36, 15, 1, 7, 'none'),
(37, 15, 1, 4, 'hiscoxm@yahoo.com'),
(38, 15, 1, 5, '(586) 216-8437'),
(39, 15, 1, 2, 'Birthday Party'),
(40, 15, 1, 6, '7-10'),
(41, 15, 1, 3, '2016-09-30'),
(42, 15, 1, 8, 'Hi, I was wondering about doing this for my son\'s birthday.  The boys will be in the 12-13 yrs old range.  I didn\'t know if you had any packages, or if you along with other business in the legacy center work together to create packages.  Thanks for the info.\r\nMichelle'),
(43, 16, 2, 1, 'Michelle Hiscox'),
(44, 16, 2, 4, 'hiscoxm@yahoo.com'),
(45, 16, 2, 5, '(586) 216-8437'),
(46, 16, 2, 6, 'I was considering having my son and friends do this for his 13th birthday the beginning of October.  I was wondering about price and if you have any packages with any of the other businesses at the Legacy Center.  Thanks for the info!'),
(47, 17, 1, 1, 'Rudy Waluch'),
(48, 17, 1, 7, 'Molex LLC'),
(49, 17, 1, 4, 'rudy.waluch@molex.com'),
(50, 17, 1, 5, '(248) 464-7654'),
(51, 17, 1, 2, 'Corporate Team Building'),
(52, 17, 1, 6, '8'),
(53, 17, 1, 3, '2016-10-04'),
(54, 17, 1, 8, 'Need to do 2 Escape Room events on the 4th of October.  This is for an 8-person sales team.  Jennifer:  Please call as soon as you can. Thanks!'),
(55, 18, 2, 1, 'marcy Summerfield'),
(56, 18, 2, 4, 'summerfieldmarcy@gmail.com'),
(57, 18, 2, 5, '(248) 884-2515'),
(58, 18, 2, 6, 'I would like to find out a group rate for the Wild West Room, my son would like to have a birthday party there and we could possibly have more than 8 people but I need to know pricing before I can make any decisions.\r\n\r\nThank you'),
(59, 19, 2, 1, 'Mary barning'),
(60, 19, 2, 4, 'Marybarning@gmail.com'),
(61, 19, 2, 5, '(810) 338-3300'),
(62, 19, 2, 6, 'Hello,\r\nCurious if you have an opening date as of yet? Also, I was wondering if there\'s a possibility you could accommodate a Girl Scout troop (8-9 year olds) along with their mothers? I know your site says 11 years old.\r\nThanks!'),
(63, 20, 1, 1, 'Rachel Greb'),
(64, 20, 1, 7, 'Oakdale Academy'),
(65, 20, 1, 4, 'rgreb@oakdaleacademy.com'),
(66, 20, 1, 5, '(586) 243-0971'),
(67, 20, 1, 2, 'Corporate Team Building'),
(68, 20, 1, 6, '25'),
(69, 20, 1, 3, '2016-11-11'),
(70, 20, 1, 8, 'Hi Jennifer!!  We are hoping to plan an event for our faculty/staff on Nov 11th during the day.  Our group is approximately 25 people.  What do you recommend, and what would our pricing options look like?  You can call or text or email me...hope you are well!  I\'m excited for you for your new venture!'),
(71, 21, 2, 1, 'Ashley Llewellyn'),
(72, 21, 2, 4, 'llewellynashley35@yahoo.com'),
(73, 21, 2, 5, '(248) 558-0382'),
(74, 21, 2, 6, 'Are you hiring at all?'),
(75, 22, 2, 1, 'Kelly'),
(76, 22, 2, 4, 'Kschihl@sbcglobal.net'),
(77, 22, 2, 5, '(248) 318-8665'),
(78, 22, 2, 6, 'I am super excited for ideal escape room to come to Oxford. I am dying to put a group of friends together to come check it out. Can you tell me when you are officially open? How many in a group is recommend and pricing  please. \r\n-Kelly'),
(79, 23, 2, 1, 'Thomas Peterson'),
(80, 23, 2, 4, 'Tpeterson9@mcc.edu'),
(81, 23, 2, 5, '(810) 348-9256'),
(82, 23, 2, 6, 'Good afternoon,\r\n\r\nI am contacting you in inquire about and potential job openings. If there is any employment available, please let me know!\r\n\r\n-Thomas Peterson'),
(83, 24, 2, 1, 'Testing the form'),
(84, 24, 2, 4, 'kennethkburrows@gmail.com'),
(85, 24, 2, 5, '(248) 969-9426'),
(86, 24, 2, 6, 'wondering why Rachel\'s submission didn\'t go through?'),
(87, 25, 1, 1, 'test'),
(88, 25, 1, 7, 'Ideal Escape Rooms'),
(89, 25, 1, 4, 'jennifermburrows@gmail.com'),
(90, 25, 1, 5, '(248) 804-0237'),
(91, 25, 1, 2, 'Birthday Party'),
(92, 25, 1, 6, '15'),
(93, 25, 1, 3, '2016-11-11'),
(94, 25, 1, 8, 'testing the form'),
(95, 26, 1, 1, 'jennifer'),
(96, 26, 1, 7, 'Ideal Escape Rooms'),
(97, 26, 1, 4, 'jennifermburrows@gmail.com'),
(98, 26, 1, 5, '(248) 804-0237'),
(99, 26, 1, 2, 'Corporate Team Building'),
(100, 26, 1, 6, 'sdfg'),
(101, 26, 1, 3, '2011-11-11'),
(102, 26, 1, 8, 'sdfgdsfgsd'),
(103, 27, 2, 1, 'jennifer burrows'),
(104, 27, 2, 4, 'jennifermburrows@gmail.com'),
(105, 27, 2, 5, '(248) 969-9426'),
(106, 27, 2, 6, 'asdfasfasdfasdf'),
(107, 28, 2, 1, 'last test'),
(108, 28, 2, 4, 'jennifermburrows@gmail.com'),
(109, 28, 2, 5, '(248) 969-9426'),
(110, 28, 2, 6, 'asdfgadfgdfghfghfghfghdfghdfhdfghdfghdfghdfghdfghdfghdfghdfghdfghdfgh'),
(111, 29, 2, 1, 'Kim Smith-Kulaga'),
(112, 29, 2, 4, 'kimberly.smith-kulaga@gm.com'),
(113, 29, 2, 5, '(248) 320-0310'),
(114, 29, 2, 6, 'I\'m looking for  pricing and availability information for a group of 5.  We are a corporate group (General Motors), interested in booking for a team building event.\r\n\r\nIf you have any information on corporate team building activities/events, please include that also.\r\n\r\nthank you,\r\n\r\nKim'),
(115, 30, 1, 1, 'Kim Smith-Kulaga'),
(116, 30, 1, 7, 'Organizational Change Management/General motors'),
(117, 30, 1, 4, 'kimberly.smith-kulaga@gm.com'),
(118, 30, 1, 5, '(248) 320-0310'),
(119, 30, 1, 2, 'Corporate Team Building'),
(120, 30, 1, 6, '5'),
(121, 30, 1, 3, '2016-12-01'),
(122, 31, 2, 1, 'Kayla Makki'),
(123, 31, 2, 4, 'Kharriman06@gmail.com'),
(124, 31, 2, 5, '(248) 894-4302'),
(125, 31, 2, 6, 'I was interested in getting a group together. Are you guys open yet?'),
(126, 32, 2, 1, 'Kim'),
(127, 32, 2, 4, 'Laksos@comcast.net'),
(128, 32, 2, 5, '(248) 499-9757'),
(129, 32, 2, 6, 'Hello, is there a minimum for a room?  Meaning, if I book 2 spots and no one else books that slot... would we be able to play with only 2?  Thanks!'),
(130, 33, 2, 1, 'Sue lipari'),
(131, 33, 2, 4, 'Slipari4@gmail.com'),
(132, 33, 2, 5, '(248) 770-9416'),
(133, 33, 2, 6, 'Looking to do the escape room next Saturday afternoon or evening for 6-8 people. Can you let me know if something is available?'),
(134, 34, 2, 1, 'Sue lipari'),
(135, 34, 2, 4, 'Slipari4@gmail.com'),
(136, 34, 2, 5, '(248) 770-9416'),
(137, 34, 2, 6, 'Looking to do the escape room next Saturday afternoon or evening for 6-8 people. Can you let me know if something is available?'),
(138, 35, 1, 1, 'Heather Hepner'),
(139, 35, 1, 7, 'Alps Electric'),
(140, 35, 1, 4, 'heather.hepner@alps.com'),
(141, 35, 1, 5, '(248) 904-7823'),
(142, 35, 1, 2, 'Private Party (15+ guests)'),
(143, 35, 1, 6, '15'),
(144, 35, 1, 3, '2016-12-08'),
(145, 35, 1, 8, 'This would be part of our holiday get together for my team.  We would probably eat prior to the event around 1, then head over to your facility around 3.  Please send me information related to pricing and availability.  Thank you, Heather'),
(146, 36, 1, 1, 'Nathan Wells'),
(147, 36, 1, 7, 'Palace Sports and Entertainment'),
(148, 36, 1, 4, 'nwells@palacenet.com'),
(149, 36, 1, 5, '(248) 377-8453'),
(150, 36, 1, 2, 'Corporate Team Building'),
(151, 36, 1, 6, '35'),
(152, 36, 1, 3, '2016-12-12'),
(153, 36, 1, 8, 'Hello my name is Nathan Wells with the Palace in Auburn Hills. I would like to set up a employee team building outing. I do have a couple questions. With more people do we get a discount by chance or is it the rates as posted on your website? Also we have yet to set a date we are looking around our games and staff meetings.'),
(154, 37, 1, 1, 'Mary Cirks'),
(155, 37, 1, 7, 'Family'),
(156, 37, 1, 4, 'Lmcirks@juno.com'),
(157, 37, 1, 5, '(610) 964-8194'),
(158, 37, 1, 2, 'Birthday Party'),
(159, 37, 1, 6, '8'),
(160, 37, 1, 3, '2016-11-23'),
(161, 37, 1, 8, 'We are visiting family in Michigan and would like to know if you are open the Wednesday before Thanksgiving around 1pm.'),
(162, 38, 2, 1, 'Coach Brian VanBuren'),
(163, 38, 2, 4, 'bvanbure@grandblancschools.org'),
(164, 38, 2, 5, '(810) 591-4209'),
(165, 38, 2, 6, 'Jennifer,  we spoke earlier. I didnt know if I could call you back or if this was easier. I am the Lake Fenton coach that inquired about bringing my team,  I have 3 additional questions for you.  1- How elaborate is the Cafe which sounds like it is attached to the Center?  Also, would myself and Staff be allowed to view the kids while they are playing?  Lastly, do you offer a recording/commemorative DVD of the game?'),
(166, 39, 2, 1, 'Fred Doerrige'),
(167, 39, 2, 4, 'dvdafd@gmail.com'),
(168, 39, 2, 5, '(808) 778-7312'),
(169, 39, 2, 6, 'Can we book a room on Tuesday Nov 22nd?'),
(170, 40, 1, 1, 'Heather Hepner'),
(171, 40, 1, 7, 'Alps Electric'),
(172, 40, 1, 4, 'heather.hepner@alps.com'),
(173, 40, 1, 5, '(248) 904-7823'),
(174, 40, 1, 2, 'Private Party (15+ guests)'),
(175, 40, 1, 6, '16'),
(176, 40, 1, 3, '2016-12-08'),
(177, 40, 1, 8, 'Good Morning,\r\nI submitted a request for quote to you last week but have not recevied a response.  Please let me know ASAP if you have availability as I need to book something for my group this week.  Feel free to e-mail me or contact me on the number listed below.  \r\n\r\nThank you,\r\n\r\nHeather Hepner\r\n248-904-7823'),
(178, 41, 2, 1, 'Natalie Seidel'),
(179, 41, 2, 4, 'natalie.seidel@faurecia.com'),
(180, 41, 2, 5, '(248) 836-8416'),
(181, 41, 2, 6, 'would like information on the Escape rooms your offer and also your laser maze. Thank you'),
(182, 42, 2, 1, 'Lyndsay'),
(183, 42, 2, 4, 'lyndsaycarey@yahoo.com'),
(184, 42, 2, 5, '(586) 917-7623'),
(185, 42, 2, 6, 'How could I do this with a staff of 10-16?'),
(186, 43, 1, 1, 'Michelle Mumbrue'),
(187, 43, 1, 7, 'Daniel Axford Elementary'),
(188, 43, 1, 4, 'michelle.mumbrue@oxfordschools.org'),
(189, 43, 1, 5, '(248) 969-5034'),
(190, 43, 1, 2, 'Private Party (15+ guests)'),
(191, 43, 1, 6, '15-20'),
(192, 43, 1, 3, '2016-12-16'),
(193, 43, 1, 8, 'We are interested in having our staff Christmas party start at your Escape Room and wanted to know if this date was available (12-16-2016).  We are not sure of group size yet but wanted to start getting information (between15-20).  We are thinking about  arriving between 4:30 and 5.  Would the cost be $20 or $28?    Thank you for your time.  Michelle'),
(194, 44, 2, 1, 'Cathy hurst'),
(195, 44, 2, 4, 'Cahurst7@gmail.com'),
(196, 44, 2, 5, '(586) 292-8329'),
(197, 44, 2, 6, 'Just saw you were open in the legacy center now. Any chance you have an adventure for kids?  Was thinking it would be a fun team building for my Girl Scout troop. Girls are mostly 4th grade,  but also have a few in 3rd and a few in 5th. Look forward to hearing from you!  Thanks!!'),
(198, 45, 2, 1, 'test'),
(199, 45, 2, 4, 'test@email.com'),
(200, 45, 2, 5, '(111) 111-1111'),
(201, 45, 2, 6, 'testing'),
(202, 46, 1, 1, 'another'),
(203, 46, 1, 7, 'test'),
(204, 46, 1, 4, 'test@email.com'),
(205, 46, 1, 5, '(222) 222-2222'),
(206, 46, 1, 2, '- Select One -'),
(207, 46, 1, 6, '1'),
(208, 46, 1, 3, '2017-11-01'),
(209, 46, 1, 8, 'date fields don\'t work right'),
(210, 47, 1, 1, 'Vicky Purkey'),
(211, 47, 1, 7, 'The Salvation Army Echo Grove Camp'),
(212, 47, 1, 4, 'vicky_purkey@usc.salvationarmy.org'),
(213, 47, 1, 5, '(248) 628-3108'),
(214, 47, 1, 2, 'Private Party (15+ guests)'),
(215, 47, 1, 6, '23 - 30'),
(216, 47, 1, 3, '2016-12-12'),
(217, 47, 1, 8, 'Hello:\r\nWe are interested in having our staff Christmas party at Fuel Your Life and possibly having some fun at  the Escape Room, after the party.  Please call me as soon as you can regarding availability and  the cost.  \r\nI look forward to hearing from you soon.'),
(218, 48, 2, 1, 'Vicky Purkey'),
(219, 48, 2, 4, 'vicky_purkey@usc.salvationarmy.org'),
(220, 48, 2, 5, '(248) 628-3108'),
(221, 48, 2, 6, 'Hi Jennifer.  I spoke with Mark after I talked to you.  A couple of questions came up.  Do you  have 3 rooms to accommodate 24 people at one time?   What is the maximum number of people that can participate at one time?  Please respond by email, so your answers can be forwarded to Mark.  \r\nThank you'),
(222, 49, 2, 1, 'Trevor Marshall'),
(223, 49, 2, 4, 'trevor.marshall@oxfordschools.org'),
(224, 49, 2, 5, '(248) 421-6073'),
(225, 49, 2, 6, 'We would information for booking escape rooms for the Oxford High School basketball teams. Do you offer team discounts?'),
(226, 50, 1, 1, 'Suzanne'),
(227, 50, 1, 7, 'Riverside Elementary'),
(228, 50, 1, 4, 'grambs01@wsdmi.org'),
(229, 50, 1, 5, '(248) 674-7685'),
(230, 50, 1, 2, 'Corporate Team Building'),
(231, 50, 1, 6, '24'),
(232, 50, 1, 3, '2016-12-01'),
(233, 50, 1, 8, 'I\'m interested in exploring how we might make this a team building/holiday reprieve during our staff meeting time. \r\n\r\nLooking forward to hearing from you!\r\nSuzanne'),
(234, 51, 2, 1, 'grandpa'),
(235, 51, 2, 4, 'dennis1809@gmail.com'),
(236, 51, 2, 5, '(586) 924-9084'),
(237, 51, 2, 6, 'I want to see your reviews.  Where are they and how do i get  there?'),
(238, 52, 1, 1, 'Brett Debo'),
(239, 52, 1, 7, 'Orion Physical Therapy'),
(240, 52, 1, 4, 'badebo@sbcglobal.net'),
(241, 52, 1, 5, '(248) 287-1099'),
(242, 52, 1, 2, 'Private Party (15+ guests)'),
(243, 52, 1, 6, '16-20'),
(244, 52, 1, 3, '2016-12-10'),
(245, 52, 1, 8, 'Lake Orion'),
(246, 53, 1, 1, 'Dawson Schiller'),
(247, 53, 1, 7, 'Molex'),
(248, 53, 1, 4, 'dawson.schiller@molex.com'),
(249, 53, 1, 5, '(248) 303-9853'),
(250, 53, 1, 2, 'Corporate Team Building'),
(251, 53, 1, 6, '11'),
(252, 53, 1, 3, '2016-12-09'),
(253, 53, 1, 8, 'I\'m looking to bring my team in the afternoon on 12/9/2016. We are somewhat flexible on time. Please let me know if you have availability.  Thank you'),
(254, 54, 2, 1, 'rick hopman'),
(255, 54, 2, 4, 'rick@hopmanssupply.com'),
(256, 54, 2, 5, '(586) 291-2002'),
(257, 54, 2, 6, 'I would like to see if you have an opening for the wild west 1st or the mona lisa 2nd for this Saturday the 10th for 6 people.'),
(258, 55, 2, 1, 'Kelly Wagner'),
(259, 55, 2, 4, 'klklwagner@aol.com'),
(260, 55, 2, 5, '(248) 884-2952'),
(261, 55, 2, 6, 'We are the Croft group that have booked the Wild West room for this Sunday at 5:30 (for the \'special\' event).  1. Please don\'t mention the \'Croft\' group upon arrival as I was the one that was supposed to have booked this event in order to keep the surprise. Could be labeled the \'Wagner\' group.  2.  Bad weather predicted for Sunday and they live a distance from here. Can we change from the 5:30 time to 4:00? And we may even be interested in changing to the 2:30 time slot if weather prediction gets worse.'),
(262, 56, 1, 1, 'Timothy Mattila'),
(263, 56, 1, 7, 'Private party'),
(264, 56, 1, 4, 'tim.matt777@gmail.com'),
(265, 56, 1, 5, '(810) 869-2663'),
(266, 56, 1, 2, 'Private Party (15+ guests)'),
(267, 56, 1, 6, '10 people'),
(268, 56, 1, 3, '2016-12-26'),
(269, 56, 1, 8, 'Hi we have 10 adults interested in doing an escape room. What are the options cost etc..... thanks!'),
(270, 57, 2, 1, 'Jackie GInste'),
(271, 57, 2, 4, 'jginste@yahoo.com'),
(272, 57, 2, 5, '(248) 918-9989'),
(273, 57, 2, 6, 'If I have a group of 6, can we play our own game... or will it be filled with 3 other strangers?  Also, is it something kids 10 through 21 can enjoy together and all contribute?... or will the older members be doing all the \"work\"?'),
(274, 58, 2, 1, 'Trevor Marshall'),
(275, 58, 2, 4, 'Trevor.marshall@oxfordschools.org'),
(276, 58, 2, 5, '(248) 421-6073'),
(277, 58, 2, 6, 'Hi Jennifer,\r\nI would like to place a hold if possible for my team on January 5th (or possibly the 6th).  we will split into two rooms and would like the early times to keep the cost low for the girls.\r\n\r\nCan you check what is available and let me know what you think would be the best option?\r\n\r\nWe are willing to do two different rooms at the same time or the same room back to back.\r\n\r\nThanks,\r\n\r\nTrevor'),
(278, 59, 2, 1, 'Alana Hart'),
(279, 59, 2, 4, 'ecojoyt@yahoo.com'),
(280, 59, 2, 5, '(248) 841-5618'),
(281, 59, 2, 6, 'Hello Community Supporter,\r\n\r\nI am writing on behave of the non-profit Orion Art Center in Lake Orion, Michigan.  We are a very small art center that prides itself on encouraging all to Imagine, Explore and Discover the art we have inside.  Our 28th Orion Art Center Gala, is being held on March 25, at Paint Creek Country Club in Lake Orion.  During our event, the silent auction is one of many ways we raise funds to operate our art center, host kids camp, provide scholarships, provide free art exhibits, community events and art classes.  I am inquiring about donation for our silent auction.  I would be more than happy to provide further documentation.\r\n\r\nAll received donations are acknowledged in our program, on our Facebook and in our local paper. We are expecting over 200 in attendance.\r\n\r\nThank you for your time and consideration,\r\n\r\nAlana Hart\r\n248-841-5618\r\necojoyt@yahoo.com\r\nOur tax id is 38-2284122'),
(282, 60, 1, 1, 'Amanda'),
(283, 60, 1, 7, 'Valor Salon'),
(284, 60, 1, 4, 'amanda@salonvalor.com'),
(285, 60, 1, 5, '(248) 418-1960'),
(286, 60, 1, 2, '- Select One -'),
(287, 60, 1, 6, '20-24'),
(288, 60, 1, 3, '2017-02-11'),
(289, 61, 1, 1, 'Beth Kimmel'),
(290, 61, 1, 7, 'Living Word Lutheran Church'),
(291, 61, 1, 4, 'kimmelclan@hotmail.com'),
(292, 61, 1, 5, '(248) 760-4267'),
(293, 61, 1, 2, 'Corporate Team Building'),
(294, 61, 1, 6, '?? 30-50??'),
(295, 61, 1, 3, '2017-03-11'),
(296, 61, 1, 8, 'Hello! I just left a message on the machine as well.  The date above did not let me save properly.  We are looking at March 11, 2017 between 7 and 10. .\r\nI have not seen your finished space.  Does it have a \"party room\" and is outside food (thinking appetizers buffet type) allowed?\r\nThanks'),
(297, 62, 1, 1, 'Josh Buechel'),
(298, 62, 1, 7, 'Personal'),
(299, 62, 1, 4, 'Buechel.josh@gmail.com'),
(300, 62, 1, 5, '(248) 342-1633'),
(301, 62, 1, 2, 'Birthday Party'),
(302, 62, 1, 6, '12'),
(303, 62, 1, 3, '2017-01-13'),
(304, 62, 1, 8, 'Just wanted to know if you have any time slots available for the requested date. And the break down of rooms available. Would like to all be in one or preferably split into two groups at the same time in two different rooms. Preferably 7pm or later.'),
(305, 63, 1, 1, 'Dawn Summerlee'),
(306, 63, 1, 7, 'none'),
(307, 63, 1, 4, 'summerleedawn@gmail.com'),
(308, 63, 1, 5, '(810) 694-0086'),
(309, 63, 1, 2, 'Birthday Party'),
(310, 63, 1, 6, '10-20'),
(311, 63, 1, 3, '2017-02-05'),
(312, 63, 1, 8, 'Looking to book 1 or 2 whole rooms and need best pricing available. Do you have an area for eating/ birthday celebration? Do you have a snack bar/ food available for purchase? Am I allowed to bring food so long as it\'s kept outside of the play area?'),
(313, 64, 1, 1, 'Michelle'),
(314, 64, 1, 7, 'New wine fellowship'),
(315, 64, 1, 4, 'Chariotsoflife@gmail.com'),
(316, 64, 1, 5, '(248) 818-9278'),
(317, 64, 1, 2, 'Corporate Team Building'),
(318, 64, 1, 6, '20'),
(319, 64, 1, 3, '2017-03-19'),
(320, 65, 2, 1, 'Kevin Murphy'),
(321, 65, 2, 4, 'KMurphy@iacgroup.com'),
(322, 65, 2, 5, '(313) 316-8668'),
(323, 65, 2, 6, 'Need t book 6 spots fpr Escape the WIld West on Saturday, 1/28 at 2:30'),
(324, 66, 2, 1, 'Deanne Acton'),
(325, 66, 2, 4, 'drobson74@yahoo.com'),
(326, 66, 2, 5, '(586) 651-0833'),
(327, 66, 2, 6, 'I would like to schedule a time for a birthday party in February for a group of boys that are 10 and 11 years old. Are they old enough participate?'),
(328, 67, 1, 1, 'Jill Potter'),
(329, 67, 1, 7, 'Stadium Drive Elementary'),
(330, 67, 1, 4, 'jill.potter@lok12.org'),
(331, 67, 1, 5, '(248) 563-4552'),
(332, 67, 1, 2, 'Corporate Team Building'),
(333, 67, 1, 6, '20-30'),
(334, 67, 1, 3, '2017-02-24'),
(335, 67, 1, 8, 'I am interested in getting information to do a team bonding event/night out. Any information that you can provide would be great. Thank you!'),
(336, 68, 1, 1, 'Heather Hepner'),
(337, 68, 1, 7, 'Alps Electric'),
(338, 68, 1, 4, 'heather.hepner@alps.com'),
(339, 68, 1, 5, '(248) 904-7823'),
(340, 68, 1, 2, 'Corporate Team Building'),
(341, 68, 1, 6, '14'),
(342, 68, 1, 3, '2017-03-07'),
(343, 68, 1, 8, 'We would prefer a 2 pm start time if available as I would like to have lunch with my team first.  Thank you,  Heather Hepner'),
(344, 69, 2, 1, 'Karla rybak'),
(345, 69, 2, 4, 'Kknapp19@aol.com'),
(346, 69, 2, 5, '(586) 850-3756'),
(347, 69, 2, 6, 'Can you have more than 9 players for the Wild West ? We would like to have 10. Please let me know. Thank you !!'),
(348, 70, 2, 1, 'Erin and Jason Hartley'),
(349, 70, 2, 4, 'argyle.erin@gmail.com'),
(350, 70, 2, 5, '(248) 760-9992'),
(351, 70, 2, 6, 'Can you please add us to the March 11, 5:30pm wild west room reservation for Miller. I tried the password of miller530 but it\'s not working. Just send me a link to pay please!'),
(352, 71, 2, 1, 'Kim Bogert'),
(353, 71, 2, 4, 'jane.eyre@live.com'),
(354, 71, 2, 5, '(586) 530-7563'),
(355, 71, 2, 6, 'I would like to book a party on march 12.  Do you have availability for 15- 20 people?'),
(356, 72, 2, 1, 'jennifer wells'),
(357, 72, 2, 4, 'jennifer.wells@gm.com'),
(358, 72, 2, 5, '(810) 240-4228'),
(359, 72, 2, 6, 'Hi, looking to see if I can book a room for 11 people on Friday, April 28th @ 3pm.  I see the limit is 10 and wondering if we can go +1 in the same room?  If not, looking to split into 2 rooms at 3.\r\n\r\nThanks,\r\nJen\r\n\r\nThanks,\r\nJen'),
(360, 73, 2, 1, 'Stacey Siellinski'),
(361, 73, 2, 4, 'slsielinski@clarkston.k12.mi.us'),
(362, 73, 2, 5, '(248) 705-0950'),
(363, 73, 2, 6, 'Hi,\r\nI am planning to book the Mona Lisa experience on Saturday April 22 at 7:30pm.  This will be for a Girl Scout troop from Clarkston with 8 girls.  The escape room will help them earn a badge called \"Common Ground,\" and it\'s about communication and considering other people\'s point of view.  The girls are high school freshman, and it\'s pretty rare for girls to stick with scouting that long.  They are a great group.  We would like to ask if you do any kind of discount for Scout Groups- $28.00 per girl is a lot for us.  Also, could the two scout leaders attend the session but not play (and not pay?)  We are not allowed to help the girls so we won\'t be playing the game at all.   I understand if you are not able to do a discount on a Saturday night, we just thought we would ask.  Thanks! Stacey Sielinski'),
(364, 74, 1, 1, 'Angie Indish'),
(365, 74, 1, 7, 'DHHS'),
(366, 74, 1, 4, 'indisha@michigan.gov'),
(367, 74, 1, 5, '(989) 751-3203'),
(368, 74, 1, 2, 'Corporate Team Building'),
(369, 74, 1, 6, '20'),
(370, 74, 1, 3, '2017-03-09'),
(371, 75, 1, 1, 'Gina Aikens'),
(372, 75, 1, 7, 'Autoliv'),
(373, 75, 1, 4, 'gina.pistorio-aikens@autoliv.com'),
(374, 75, 1, 5, '(248) 475-0428'),
(375, 75, 1, 2, 'Corporate Team Building'),
(376, 75, 1, 6, '20'),
(377, 75, 1, 3, '2017-03-21'),
(378, 75, 1, 8, 'Hello, we would like to make a reservation for 3/21/17 or 3/22/17. We have out of towners visiting our company during that time and would like to set up an outing. We have 20ppl. Please call me as soon as possible so we can set something up.'),
(379, 76, 2, 1, 'Shareen DiGasbarro'),
(380, 76, 2, 4, 'shareen_digasbarro@hotmail.com'),
(381, 76, 2, 5, '(248) 224-2740'),
(382, 76, 2, 6, 'We have reservations for the firefighters room at 2:45. We are hoping to move to the 1:15 slot. Can someone please contact soon?'),
(383, 77, 2, 1, 'Evan'),
(384, 77, 2, 4, 'eschuetz@gmail.com'),
(385, 77, 2, 5, '(586) 201-6226'),
(386, 77, 2, 6, 'Hello, I\'d like to book 10 people for \"Escape The Wild West\" at 4:00 on Saturday, March 25.'),
(387, 78, 2, 1, 'Deanne Lynch'),
(388, 78, 2, 4, 'dlynch03@yahoo.com'),
(389, 78, 2, 5, '(760) 908-9015'),
(390, 78, 2, 6, 'I reserved 8 spots for 3/17 at 7:30 in the western room and wanted to add 1 more person if I could?'),
(391, 79, 2, 1, 'Ashley Jean Theuer'),
(392, 79, 2, 4, 'theuera@yahoo.com'),
(393, 79, 2, 5, '(248) 462-2270'),
(394, 79, 2, 6, 'Am I charged immediately for all participants when I book the reservation? I ask because I will be reserving a room for all members but I am not intending to pay for all, just my own.'),
(395, 80, 2, 1, 'Amanda  DeTone'),
(396, 80, 2, 4, 'Bitbybitinc@yahoo.com'),
(397, 80, 2, 5, '(248) 342-4635'),
(398, 80, 2, 6, 'Hi, \r\nMy husband and I live in Seattle but will be back in Lake Orion visiting our families this weekend.  We have done a few escape rooms in Seattle and have loved them so really wanted to do one with our families.  After having our siblings read the rooms everyone mutually agreed on wanting to do the Wild West room, but when I went to make a reservation for Saturday at 8:30pm I noticed that it\'s only available for up to 9 people.  Would it be possible to add 1 extra person?  To include both my family and my husbands family we have 10 people total.  Please let me know if this is something that is possible to arrange.  Thank you so much.  \r\n\r\nBest regards, \r\nAmanda'),
(399, 81, 2, 1, 'Amanda  DeTone'),
(400, 81, 2, 4, 'Bitbybitinc@yahoo.com'),
(401, 81, 2, 5, '(248) 342-4635'),
(402, 81, 2, 6, 'Hi, \r\nMy husband and I live in Seattle but will be back in Lake Orion visiting our families this weekend.  We have done a few escape rooms in Seattle and have loved them so really wanted to do one with our families.  After having our siblings read the rooms everyone mutually agreed on wanting to do the Wild West room, but when I went to make a reservation for Saturday at 8:30pm I noticed that it\'s only available for up to 9 people.  Would it be possible to add 1 extra person?  To include both my family and my husbands family we have 10 people total.  Please let me know if this is something that is possible to arrange.  Thank you so much.  \r\n\r\nBest regards, \r\nAmanda'),
(403, 82, 1, 1, 'jen'),
(404, 82, 1, 7, 'home'),
(405, 82, 1, 4, 'idealescaperooms@gmail.com'),
(406, 82, 1, 5, '(248) 969-9426'),
(407, 82, 1, 2, 'Corporate Team Building'),
(408, 82, 1, 6, '10'),
(409, 82, 1, 3, '1234-01-02'),
(410, 82, 1, 8, 'Oxford'),
(411, 83, 2, 1, 'jen'),
(412, 83, 2, 4, 'test@gmail.om'),
(413, 83, 2, 5, '(231) 231-2312'),
(414, 83, 2, 6, 'sfghfgh'),
(415, 84, 2, 1, 'Colette Lee'),
(416, 84, 2, 4, 'mustloveducks@sbcglobal.net'),
(417, 84, 2, 5, '(248) 245-1420'),
(418, 84, 2, 6, 'My booking # is 1814 I booked this for my daughters 13th birthday party. I have a bit of a dilemma. We invited 7 girls to the party thinking at least one wouldn\'t be able to make it, because I have to be with them. All of the girls are coming so with me there is 9 and it is a 8 person max. What do I do? Please advise. Thank you'),
(419, 85, 1, 1, 'Steve Tultz'),
(420, 85, 1, 7, 'GM'),
(421, 85, 1, 4, 'steve.tultz@gm.com'),
(422, 85, 1, 5, '(248) 882-0176'),
(423, 85, 1, 2, 'Corporate Team Building'),
(424, 85, 1, 6, '12'),
(425, 85, 1, 3, '2017-06-15'),
(426, 85, 1, 8, 'Morning.\r\nI am looking for a corp. team building event for 12 people.  Please let know your options,timing and cost.\r\nThanks,\r\nSteve Tultz'),
(427, 86, 1, 1, 'Alison Rahm'),
(428, 86, 1, 7, 'FCA'),
(429, 86, 1, 4, 'alison.rahm@fcagroup.com'),
(430, 86, 1, 5, '(248) 202-6196'),
(431, 86, 1, 2, 'Corporate Team Building'),
(432, 86, 1, 6, '19'),
(433, 86, 1, 3, '1997-06-22'),
(434, 86, 1, 8, 'Can you please provide pricing for a group of up to 19 people for an event during the day (M - F)?\r\n\r\nThanks'),
(435, 87, 2, 1, 'Vickie'),
(436, 87, 2, 4, 'vceder@comcast.net'),
(437, 87, 2, 5, '(330) 860-0501'),
(438, 87, 2, 6, 'I would like to book the Wild West for the 27th.  Your online booking does not go out that far.  Suggestions?\r\nIt\'s my husband\'s birthday present :).  Thanks,\r\nVickie'),
(439, 88, 1, 1, 'Bob Riley'),
(440, 88, 1, 7, 'General Motors'),
(441, 88, 1, 4, 'bobriley60@gmail.com'),
(442, 88, 1, 5, '(248) 797-2905'),
(443, 88, 1, 2, 'Corporate Team Building'),
(444, 88, 1, 6, '14'),
(445, 88, 1, 3, '2017-07-18'),
(446, 88, 1, 8, 'Oxford'),
(447, 89, 2, 1, 'Karen Hozian'),
(448, 89, 2, 4, 'khozian@hotmail.com'),
(449, 89, 2, 5, '(248) 703-8353'),
(450, 89, 2, 6, 'We have 10 people  (4 children) can we do Wild West Escape. Also we have coupon from Lone Ranger 20% how do we apply this online? date 8/25 7:30 p.m.'),
(451, 90, 2, 1, 'Renee Oliver'),
(452, 90, 2, 4, 'renoli920@gmail.com'),
(453, 90, 2, 5, '(586) 453-4525'),
(454, 90, 2, 6, 'I need to reserve spots for 10 people for the Wild West game for September 23rd, and it only allows nine. Is there a way to just pay the extra charge for the 10th person, or can that just be done the day of?'),
(455, 91, 2, 1, 'Renee Oliver'),
(456, 91, 2, 4, 'renoli920@gmail.com'),
(457, 91, 2, 5, '(586) 453-4525'),
(458, 91, 2, 6, 'I have a reservation this Saturday at 4:00 to do the Wild West game. I made the reservation for 10 people, but only 8 are able to make it. Is the amount that I paid to reserve that slot just a holder\'s fee so we can easily get a refund for the 2 extra people?'),
(459, 92, 1, 1, 'Liz LaLone'),
(460, 92, 1, 7, 'Great'),
(461, 92, 1, 4, 'lalonee@greatlakesacademy.org'),
(462, 92, 1, 5, '(248) 334-6434'),
(463, 92, 1, 2, 'Corporate Team Building'),
(464, 92, 1, 6, '23'),
(465, 92, 1, 3, '2017-10-13'),
(466, 92, 1, 8, 'We were looking to see if you can book an appt. on a friday around 12:30/1 for the 13th for a staff team building.'),
(467, 93, 2, 1, 'Kenzie Porter'),
(468, 93, 2, 4, 'kenzieporter@yahoo.com'),
(469, 93, 2, 5, '(586) 899-6646'),
(470, 93, 2, 6, 'Are you open on Thanksgiving?'),
(471, 94, 2, 1, 'Jackie Volpe'),
(472, 94, 2, 4, 'jsvolpe@gmail.com'),
(473, 94, 2, 5, '(248) 672-2341'),
(474, 94, 2, 6, 'I want to book 4:30 Firefighter on 11/4. I have at least 5 people and would like them to pay for their own. When I went to book it, it will only let me pick a minimum of 3. I only want to pay for 2. What do I need to do, so I only pay for 2? Thank you.'),
(475, 95, 1, 1, 'Brian'),
(476, 95, 1, 7, 'General Motors'),
(477, 95, 1, 4, 'Brian.macfarlane@gm.com'),
(478, 95, 1, 5, '(248) 977-8780'),
(479, 95, 1, 2, 'Corporate Team Building'),
(480, 95, 1, 6, '12'),
(481, 95, 1, 3, '2017-12-08'),
(482, 95, 1, 8, 'Can we plan to arrive around 1:30?  Would like to call and discuss options.  Thanks \r\nBrian'),
(483, 96, 2, 1, 'Kyle C. Walton'),
(484, 96, 2, 4, 'kyle.walton.esq@gmail.com'),
(485, 96, 2, 5, '(810) 835-1470'),
(486, 96, 2, 6, 'I spoke with Jennifer earlier today. She told me that, after booking for 6, contact the business and let them know I\'d like the remaining slots blocked of.\r\n\r\nWell, I just made my booking! Transaction number 2584, scheduled for Escape the Wild West at 1:00 pm on December 24th. I anticipate that I will have 10 people at that time.\r\n\r\nThank you!'),
(487, 97, 1, 1, 'Jonathan Moreno'),
(488, 97, 1, 7, 'First Baptist Church of Lake Orion'),
(489, 97, 1, 4, 'jonmoreno@fbclo.org'),
(490, 97, 1, 5, '(248) 672-0244'),
(491, 97, 1, 2, 'Private Party (15+ guests)'),
(492, 97, 1, 6, '50-60'),
(493, 97, 1, 3, '2017-12-31'),
(494, 97, 1, 8, 'To whom it may concern, I\'m a youth director in Lake Orion, and I\'m currently putting together an activity itinerary for our annual \"teen all-nighter\". I was wondering if you could accommodate a group of 50ish teens/sponsors on new year\'s eve from roughly 8-10pm. If possible, we\'d like to rent all three of your rooms for two hours. thank you!'),
(495, 98, 2, 1, 'David M'),
(496, 98, 2, 4, 'adi@ndmails.com'),
(497, 98, 2, 5, '(810) 600-5493'),
(498, 98, 2, 6, 'Just wanted to ask if you would be interested in getting external help with graphic design? We do all design work like banners, advertisements, photo edits, logos, flyers, etc. for a fixed monthly fee.\r\n\r\n\r\nWe don\'t charge for each task. What kind of work do you need on a regular basis? Let me know and I\'ll share my portfolio with you.'),
(499, 99, 2, 1, 'Tony Burean'),
(500, 99, 2, 4, 'tburean@empireelect.com'),
(501, 99, 2, 5, '(248) 709-1927'),
(502, 99, 2, 6, 'Hello, \r\nI have some family coming into town and wanted to book the wild west for the 31st.  I did the same thing last year and I\'m excited to return for another adventure.  I\'m just concerned with the amount.  The online booking suggests I need to purchase 9 slots, but the description is for 6 to 8 people.  Please confirm how to handle this?  I\'m looking at the 4pm slot.\r\n\r\nThanks,\r\nTony'),
(503, 100, 2, 1, 'Andrea'),
(504, 100, 2, 4, 'Ajyakima@gmail.com'),
(505, 100, 2, 5, '(248) 935-4426'),
(506, 100, 2, 6, 'I have a reservation for Tuesday dec 26 at 3:30. The reservation is under the name Ahn. We have 4 adults and 4 children. My sister is in town and we’d like to add her. I have called numerous times but no one answers so I’m not sure how to proceed.  Thanks for your help!'),
(507, 101, 1, 1, 'Mary Vogen'),
(508, 101, 1, 7, 'vogen'),
(509, 101, 1, 4, 'ciaobella@att.net'),
(510, 101, 1, 5, '(704) 904-5273'),
(511, 101, 1, 2, 'Private Party (15+ guests)'),
(512, 101, 1, 6, '8'),
(513, 101, 1, 3, '2017-12-27'),
(514, 101, 1, 8, 'Do you have anything available today? (Wednesday evening?)\r\nThanks!\r\nMary Vogen'),
(515, 102, 1, 1, 'Janice McNamara'),
(516, 102, 1, 7, 'Gemini Group'),
(517, 102, 1, 4, 'janicemcnamara@geminigroup.net'),
(518, 102, 1, 5, '(248) 435-7271'),
(519, 102, 1, 2, 'Corporate Team Building'),
(520, 102, 1, 6, '15'),
(521, 102, 1, 3, '2018-02-09'),
(522, 102, 1, 8, 'Afternoon event around 3:00'),
(523, 103, 1, 1, 'Luis Lucini'),
(524, 103, 1, 7, 'Everest Academy'),
(525, 103, 1, 4, 'llucini@everestacademy.org'),
(526, 103, 1, 5, '(608) 561-1248'),
(527, 103, 1, 2, 'Private Party (15+ guests)'),
(528, 103, 1, 6, '18'),
(529, 103, 1, 3, '2018-05-05'),
(530, 104, 2, 1, 'Charise Antoniewicz'),
(531, 104, 2, 4, 'aprilech@gmail.com'),
(532, 104, 2, 5, '(810) 278-0065'),
(533, 104, 2, 6, 'We have a group of 10 people that would like to do this escape room.'),
(534, 105, 2, 1, 'Joseph Cieslik'),
(535, 105, 2, 4, 'joseph.cieslik@compass-usa.com'),
(536, 105, 2, 5, '(248) 495-7048'),
(537, 105, 2, 6, 'I would like to get information on have a corporate team building event. We are interested in a week night for about 10-15 people.'),
(538, 106, 2, 1, 'Brandon Cook'),
(539, 106, 2, 4, 'Bcook616@gmail.com'),
(540, 106, 2, 5, '(248) 881-2607'),
(541, 106, 2, 6, 'Hi,\r\n\r\nI received an email about the new escape room and a $5 off coupon.  However when I try to book using the link, it says $25 per person.    Is that the rate with the discount?  Also, it would be 4 adults and 3 kids 5-7 years old.  Would you charge full price for the kids who will be helping a little?\r\n\r\nThanks,\r\n\r\nBrandon Cook');

-- --------------------------------------------------------

--
-- Table structure for table `ierrg_lead_detail_long`
--

CREATE TABLE `ierrg_lead_detail_long` (
  `lead_detail_id` bigint(20) UNSIGNED NOT NULL,
  `value` longtext COLLATE utf8mb4_unicode_ci
) ENGINE=MyISAM DEFAULT CHARSET=utf8mb4 COLLATE=utf8mb4_unicode_ci;

-- --------------------------------------------------------

--
-- Table structure for table `ierrg_lead_meta`
--

CREATE TABLE `ierrg_lead_meta` (
  `id` bigint(20) UNSIGNED NOT NULL,
  `form_id` mediumint(8) UNSIGNED NOT NULL DEFAULT '0',
  `lead_id` bigint(20) UNSIGNED NOT NULL,
  `meta_key` varchar(255) COLLATE utf8mb4_unicode_ci DEFAULT NULL,
  `meta_value` longtext COLLATE utf8mb4_unicode_ci
) ENGINE=MyISAM DEFAULT CHARSET=utf8mb4 COLLATE=utf8mb4_unicode_ci;

-- --------------------------------------------------------

--
-- Table structure for table `ierrg_lead_notes`
--

CREATE TABLE `ierrg_lead_notes` (
  `id` int(10) UNSIGNED NOT NULL,
  `lead_id` int(10) UNSIGNED NOT NULL,
  `user_name` varchar(250) COLLATE utf8mb4_unicode_ci DEFAULT NULL,
  `user_id` bigint(20) DEFAULT NULL,
  `date_created` datetime NOT NULL,
  `value` longtext COLLATE utf8mb4_unicode_ci,
  `note_type` varchar(50) COLLATE utf8mb4_unicode_ci DEFAULT NULL
) ENGINE=MyISAM DEFAULT CHARSET=utf8mb4 COLLATE=utf8mb4_unicode_ci;

-- --------------------------------------------------------

--
-- Table structure for table `iersm_sessions`
--

CREATE TABLE `iersm_sessions` (
  `session_id` bigint(20) UNSIGNED NOT NULL,
  `session_key` char(32) COLLATE utf8mb4_unicode_520_ci NOT NULL,
  `session_value` longtext COLLATE utf8mb4_unicode_520_ci NOT NULL,
  `session_expiry` bigint(20) UNSIGNED NOT NULL
) ENGINE=MyISAM DEFAULT CHARSET=utf8mb4 COLLATE=utf8mb4_unicode_520_ci;

-- --------------------------------------------------------

--
-- Table structure for table `iertermmeta`
--

CREATE TABLE `iertermmeta` (
  `meta_id` bigint(20) UNSIGNED NOT NULL,
  `term_id` bigint(20) UNSIGNED NOT NULL DEFAULT '0',
  `meta_key` varchar(255) COLLATE utf8mb4_unicode_ci DEFAULT NULL,
  `meta_value` longtext COLLATE utf8mb4_unicode_ci
) ENGINE=MyISAM DEFAULT CHARSET=utf8mb4 COLLATE=utf8mb4_unicode_ci;

-- --------------------------------------------------------

--
-- Table structure for table `ierterms`
--

CREATE TABLE `ierterms` (
  `term_id` bigint(20) UNSIGNED NOT NULL,
  `name` varchar(200) COLLATE utf8mb4_unicode_ci NOT NULL DEFAULT '',
  `slug` varchar(200) COLLATE utf8mb4_unicode_ci NOT NULL DEFAULT '',
  `term_group` bigint(10) NOT NULL DEFAULT '0'
) ENGINE=MyISAM DEFAULT CHARSET=utf8mb4 COLLATE=utf8mb4_unicode_ci;

--
-- Dumping data for table `ierterms`
--

INSERT INTO `ierterms` (`term_id`, `name`, `slug`, `term_group`) VALUES
(1, 'Uncategorized', 'uncategorized', 0),
(2, 'simple', 'simple', 0),
(3, 'grouped', 'grouped', 0),
(4, 'variable', 'variable', 0),
(5, 'external', 'external', 0),
(6, 'Main Navigation - with games', 'main-navigation-with-games', 0),
(7, 'booking', 'booking', 0),
(8, 'Footer Menu', 'footer-menu', 0),
(9, 'Main Navigation - without games', 'main-navigation-without-games', 0),
(10, 'Book Now Menu', 'book-now-menu', 0);

-- --------------------------------------------------------

--
-- Table structure for table `ierterm_relationships`
--

CREATE TABLE `ierterm_relationships` (
  `object_id` bigint(20) UNSIGNED NOT NULL DEFAULT '0',
  `term_taxonomy_id` bigint(20) UNSIGNED NOT NULL DEFAULT '0',
  `term_order` int(11) NOT NULL DEFAULT '0'
) ENGINE=MyISAM DEFAULT CHARSET=utf8mb4 COLLATE=utf8mb4_unicode_ci;

--
-- Dumping data for table `ierterm_relationships`
--

INSERT INTO `ierterm_relationships` (`object_id`, `term_taxonomy_id`, `term_order`) VALUES
(1, 1, 0),
(12, 2, 0),
(236, 6, 0),
(233, 6, 0),
(234, 6, 0),
(91, 1, 0),
(30, 6, 0),
(32, 6, 0),
(35, 6, 0),
(38, 6, 0),
(20, 7, 0),
(198, 6, 0),
(99, 6, 0),
(102, 8, 0),
(103, 8, 0),
(235, 6, 0),
(104, 8, 0),
(446, 9, 0),
(411, 9, 0),
(245, 9, 0),
(246, 9, 0),
(247, 9, 0),
(335, 9, 0),
(251, 9, 0),
(645, 10, 0),
(646, 10, 0),
(402, 8, 0),
(403, 8, 0),
(996, 8, 0),
(610, 10, 0),
(779, 9, 0),
(997, 8, 0),
(998, 8, 0);

-- --------------------------------------------------------

--
-- Table structure for table `ierterm_taxonomy`
--

CREATE TABLE `ierterm_taxonomy` (
  `term_taxonomy_id` bigint(20) UNSIGNED NOT NULL,
  `term_id` bigint(20) UNSIGNED NOT NULL DEFAULT '0',
  `taxonomy` varchar(32) COLLATE utf8mb4_unicode_ci NOT NULL DEFAULT '',
  `description` longtext COLLATE utf8mb4_unicode_ci NOT NULL,
  `parent` bigint(20) UNSIGNED NOT NULL DEFAULT '0',
  `count` bigint(20) NOT NULL DEFAULT '0'
) ENGINE=MyISAM DEFAULT CHARSET=utf8mb4 COLLATE=utf8mb4_unicode_ci;

--
-- Dumping data for table `ierterm_taxonomy`
--

INSERT INTO `ierterm_taxonomy` (`term_taxonomy_id`, `term_id`, `taxonomy`, `description`, `parent`, `count`) VALUES
(1, 1, 'category', '', 0, 2),
(2, 2, 'product_type', '', 0, 1),
(3, 3, 'product_type', '', 0, 0),
(4, 4, 'product_type', '', 0, 0),
(5, 5, 'product_type', '', 0, 0),
(6, 6, 'nav_menu', '', 0, 10),
(7, 7, 'product_type', '', 0, 1),
(8, 8, 'nav_menu', '', 0, 8),
(9, 9, 'nav_menu', '', 0, 8),
(10, 10, 'nav_menu', '', 0, 3);

-- --------------------------------------------------------

--
-- Table structure for table `ierusermeta`
--

CREATE TABLE `ierusermeta` (
  `umeta_id` bigint(20) UNSIGNED NOT NULL,
  `user_id` bigint(20) UNSIGNED NOT NULL DEFAULT '0',
  `meta_key` varchar(255) COLLATE utf8mb4_unicode_ci DEFAULT NULL,
  `meta_value` longtext COLLATE utf8mb4_unicode_ci
) ENGINE=MyISAM DEFAULT CHARSET=utf8mb4 COLLATE=utf8mb4_unicode_ci;

--
-- Dumping data for table `ierusermeta`
--

INSERT INTO `ierusermeta` (`umeta_id`, `user_id`, `meta_key`, `meta_value`) VALUES
(1, 1, 'nickname', 'jmlynarek04'),
(2, 1, 'first_name', ''),
(3, 1, 'last_name', ''),
(4, 1, 'description', ''),
(5, 1, 'rich_editing', 'true'),
(6, 1, 'comment_shortcuts', 'false'),
(7, 1, 'admin_color', 'fresh'),
(8, 1, 'use_ssl', '0'),
(9, 1, 'show_admin_bar_front', 'true'),
(10, 1, 'iercapabilities', 'a:1:{s:13:\"administrator\";b:1;}'),
(11, 1, 'ieruser_level', '10'),
(12, 1, 'dismissed_wp_pointers', 'wp496_privacy'),
(13, 1, 'show_welcome_panel', '1'),
(129, 1, 'session_tokens', 'a:4:{s:64:\"d2659a34e9255ab3dbba638d88b760a0855ad78da431f91382a795fad0a7b988\";a:4:{s:10:\"expiration\";i:1684442874;s:2:\"ip\";s:14:\"174.236.32.252\";s:2:\"ua\";s:117:\"Mozilla/5.0 (Linux; Android 13; Pixel 6) AppleWebKit/537.36 (KHTML, like Gecko) Chrome/112.0.0.0 Mobile Safari/537.36\";s:5:\"login\";i:1683233274;}s:64:\"79af8076c171f648e81201ef654218c3078b30f1ebe78a11761196aaacd4bf52\";a:4:{s:10:\"expiration\";i:1683406217;s:2:\"ip\";s:15:\"194.169.217.236\";s:2:\"ua\";s:117:\"Mozilla/5.0 (Macintosh; Intel Mac OS X 10_15_7) AppleWebKit/537.36 (KHTML, like Gecko) Chrome/112.0.0.0 Safari/537.36\";s:5:\"login\";i:1683233417;}s:64:\"027b914f59dc5f97f3da270218d0f864fb6c6c96c828a4624ff701de459fa0f8\";a:4:{s:10:\"expiration\";i:1684445332;s:2:\"ip\";s:12:\"96.35.74.127\";s:2:\"ua\";s:111:\"Mozilla/5.0 (Windows NT 10.0; Win64; x64) AppleWebKit/537.36 (KHTML, like Gecko) Chrome/112.0.0.0 Safari/537.36\";s:5:\"login\";i:1683235732;}s:64:\"8a3b9ba53c3924931452f65f6bb7a4e0a04e86b5b916f377713aa5e3bdde9123\";a:4:{s:10:\"expiration\";i:1683412034;s:2:\"ip\";s:11:\"68.54.95.10\";s:2:\"ua\";s:117:\"Mozilla/5.0 (Macintosh; Intel Mac OS X 10_15_7) AppleWebKit/537.36 (KHTML, like Gecko) Chrome/112.0.0.0 Safari/537.36\";s:5:\"login\";i:1683239234;}}'),
(15, 1, 'ierdashboard_quick_press_last_post_id', '1011'),
(16, 2, 'nickname', 'Jburrows'),
(17, 2, 'first_name', 'Jennifer'),
(18, 2, 'last_name', 'Burrows'),
(19, 2, 'description', ''),
(20, 2, 'rich_editing', 'true'),
(21, 2, 'comment_shortcuts', 'false'),
(22, 2, 'admin_color', 'fresh'),
(23, 2, 'use_ssl', '0'),
(24, 2, 'show_admin_bar_front', 'true'),
(25, 2, 'iercapabilities', 'a:1:{s:13:\"administrator\";b:1;}'),
(26, 2, 'ieruser_level', '10'),
(27, 2, 'dismissed_wp_pointers', ''),
(28, 1, 'ieruser-settings', 'editor=tinymce&libraryContent=browse&hidetb=1&mfold=o&imgsize=large&editor_plain_text_paste_warning=1&advImgDetails=show&align=center'),
(29, 1, 'ieruser-settings-time', '1538622670'),
(94, 2, 'closedpostboxes_page', 'a:1:{i:0;s:13:\"pageparentdiv\";}'),
(95, 2, 'metaboxhidden_page', 'a:5:{i:0;s:10:\"postcustom\";i:1;s:16:\"commentstatusdiv\";i:2;s:11:\"commentsdiv\";i:3;s:7:\"slugdiv\";i:4;s:9:\"authordiv\";}'),
(30, 1, 'last_login_time', '2023-05-04 16:50:17'),
(31, 1, 'manageedit-shop_ordercolumnshidden', 'a:1:{i:0;s:15:\"billing_address\";}'),
(92, 2, 'metaboxhidden_nav-menus', 'a:15:{i:0;s:30:\"woocommerce_endpoints_nav_link\";i:1;s:21:\"add-post-type-product\";i:2;s:19:\"add-post-type-slide\";i:3;s:29:\"add-post-type-avada_portfolio\";i:4;s:23:\"add-post-type-avada_faq\";i:5;s:33:\"add-post-type-themefusion_elastic\";i:6;s:12:\"add-post_tag\";i:7;s:15:\"add-post_format\";i:8;s:15:\"add-product_cat\";i:9;s:15:\"add-product_tag\";i:10;s:22:\"add-portfolio_category\";i:11;s:20:\"add-portfolio_skills\";i:12;s:18:\"add-portfolio_tags\";i:13;s:16:\"add-faq_category\";i:14;s:25:\"add-themefusion_es_groups\";}'),
(37, 1, 'closedpostboxes_product', 'a:0:{}'),
(38, 1, 'metaboxhidden_product', 'a:2:{i:0;s:10:\"postcustom\";i:1;s:7:\"slugdiv\";}'),
(33, 1, 'wporg_favorites', ''),
(34, 1, 'managenav-menuscolumnshidden', 'a:5:{i:0;s:11:\"link-target\";i:1;s:11:\"css-classes\";i:2;s:3:\"xfn\";i:3;s:11:\"description\";i:4;s:15:\"title-attribute\";}'),
(35, 1, 'metaboxhidden_nav-menus', 'a:15:{i:0;s:30:\"woocommerce_endpoints_nav_link\";i:1;s:21:\"add-post-type-product\";i:2;s:19:\"add-post-type-slide\";i:3;s:29:\"add-post-type-avada_portfolio\";i:4;s:23:\"add-post-type-avada_faq\";i:5;s:33:\"add-post-type-themefusion_elastic\";i:6;s:12:\"add-post_tag\";i:7;s:15:\"add-post_format\";i:8;s:15:\"add-product_cat\";i:9;s:15:\"add-product_tag\";i:10;s:22:\"add-portfolio_category\";i:11;s:20:\"add-portfolio_skills\";i:12;s:18:\"add-portfolio_tags\";i:13;s:16:\"add-faq_category\";i:14;s:25:\"add-themefusion_es_groups\";}'),
(36, 1, 'nav_menu_recently_edited', '10'),
(55, 1, '_woocommerce_persistent_cart', 'a:1:{s:4:\"cart\";a:1:{s:32:\"c20ad4d76fe97759aa27a0c99bff6710\";a:9:{s:10:\"product_id\";i:12;s:12:\"variation_id\";i:0;s:9:\"variation\";a:0:{}s:8:\"quantity\";i:2;s:10:\"line_total\";d:50;s:8:\"line_tax\";i:0;s:13:\"line_subtotal\";d:50;s:17:\"line_subtotal_tax\";i:0;s:13:\"line_tax_data\";a:2:{s:5:\"total\";a:0:{}s:8:\"subtotal\";a:0:{}}}}}'),
(39, 1, 'billing_first_name', 'Jeremy'),
(40, 1, 'billing_last_name', 'Mlynarek'),
(41, 1, 'billing_company', ''),
(42, 1, 'billing_email', 'jmlynarek04@gmail.com'),
(43, 1, 'billing_phone', '2483872717'),
(44, 1, 'billing_country', 'US'),
(45, 1, 'billing_address_1', '232 S. Broadway'),
(46, 1, 'billing_address_2', ''),
(47, 1, 'billing_city', 'Lake Orion'),
(48, 1, 'billing_state', 'MI'),
(49, 1, 'billing_postcode', '48362'),
(50, 1, 'paying_customer', '1'),
(51, 1, '_money_spent', '0'),
(52, 1, '_order_count', '3'),
(57, 2, 'ieruser_avatar', ''),
(58, 2, 'billing_first_name', ''),
(59, 2, 'billing_last_name', ''),
(60, 2, 'billing_company', ''),
(61, 2, 'billing_address_1', ''),
(62, 2, 'billing_address_2', ''),
(63, 2, 'billing_city', ''),
(64, 2, 'billing_postcode', ''),
(65, 2, 'billing_country', ''),
(66, 2, 'billing_state', ''),
(67, 2, 'billing_phone', ''),
(68, 2, 'billing_email', ''),
(69, 2, 'shipping_first_name', ''),
(70, 2, 'shipping_last_name', ''),
(71, 2, 'shipping_company', ''),
(72, 2, 'shipping_address_1', ''),
(73, 2, 'shipping_address_2', ''),
(74, 2, 'shipping_city', ''),
(75, 2, 'shipping_postcode', ''),
(76, 2, 'shipping_country', ''),
(77, 2, 'shipping_state', ''),
(78, 2, 'author_facebook', ''),
(79, 2, 'author_twitter', ''),
(80, 2, 'author_linkedin', ''),
(81, 2, 'author_dribble', ''),
(82, 2, 'author_gplus', ''),
(83, 2, 'author_custom', ''),
(85, 2, 'last_login_time', '2023-02-24 11:13:41'),
(86, 2, 'manageedit-shop_ordercolumnshidden', 'a:1:{i:0;s:15:\"billing_address\";}'),
(87, 2, 'ierdashboard_quick_press_last_post_id', '1096'),
(88, 2, 'ieruser-settings', 'editor=tinymce&libraryContent=browse&align=center&post_dfw=off&hidetb=1&advImgDetails=show&imgsize=full'),
(89, 2, 'ieruser-settings-time', '1510342576'),
(90, 2, 'nav_menu_recently_edited', '10'),
(91, 2, 'managenav-menuscolumnshidden', 'a:5:{i:0;s:11:\"link-target\";i:1;s:11:\"css-classes\";i:2;s:3:\"xfn\";i:3;s:11:\"description\";i:4;s:15:\"title-attribute\";}'),
(103, 1, 'community-events-location', 'a:1:{s:2:\"ip\";s:10:\"68.54.95.0\";}'),
(104, 2, 'community-events-location', 'a:1:{s:2:\"ip\";s:12:\"75.134.223.0\";}'),
(130, 1, 'pys_notice_dont_CAPI_start_delay', '1683233661'),
(131, 1, 'free_expiration_chain_notice_dismissed_at', '1683276906'),
(132, 1, 'free_next_chain_notice', '2'),
(133, 1, 'pys_free_fixed_dismissed_notices', 'a:4:{i:0;s:0:\"\";i:1;s:25:\"free_block_1_message_1_v1\";i:2;s:25:\"free_block_1_message_2_v1\";i:3;s:25:\"free_block_1_message_3_v1\";}'),
(134, 1, 'pys_facebook_no_pixel_dismissed_at', '1683234382'),
(135, 1, 'pys_core_CAPI_notice_dismissed_at', '1683234383'),
(136, 1, 'pys_core_optin_first_time_dismissed_at', '1683234384'),
(137, 1, 'pys_just_login', '1'),
(138, 1, 'aiowps_last_login_time', '2023-05-04 22:27:14'),
(139, 1, 'syntax_highlighting', 'true'),
(140, 1, 'locale', ''),
(141, 1, 'author_facebook', ''),
(142, 1, 'author_twitter', ''),
(143, 1, 'author_linkedin', ''),
(144, 1, 'author_dribble', ''),
(145, 1, 'author_gplus', ''),
(146, 1, 'author_custom', ''),
(147, 1, 'ierpersisted_preferences', 'a:2:{s:14:\"core/edit-post\";a:2:{s:26:\"isComplementaryAreaVisible\";b:1;s:12:\"welcomeGuide\";b:0;}s:9:\"_modified\";s:24:\"2023-05-04T21:45:52.084Z\";}'),
(148, 2, 'pys_just_login', '1'),
(149, 2, 'aiowps_last_login_time', '2024-12-30 16:45:05'),
(150, 2, 'pys_notice_dont_CAPI_start_delay', '1702224793'),
(151, 2, 'free_expiration_chain_notice_dismissed_at', '1727871576'),
(152, 2, 'free_next_chain_notice', '2'),
(153, 2, 'syntax_highlighting', 'true'),
(154, 2, 'locale', ''),
(155, 2, 'ierpersisted_preferences', 'a:2:{s:14:\"core/edit-post\";a:2:{s:26:\"isComplementaryAreaVisible\";b:1;s:12:\"welcomeGuide\";b:0;}s:9:\"_modified\";s:24:\"2023-12-10T16:14:28.964Z\";}'),
(160, 2, 'pys_facebook_no_pixel_dismissed_at', '1727828371'),
(161, 2, 'pys_core_CAPI_notice_dismissed_at', '1727828373'),
(162, 2, 'pys_free_fixed_dismissed_notices', 'a:4:{i:0;s:0:\"\";i:1;s:25:\"free_block_1_message_1_v1\";i:2;s:25:\"free_block_1_message_2_v1\";i:3;s:25:\"free_block_1_message_3_v1\";}');

-- --------------------------------------------------------

--
-- Table structure for table `ierwc_booking_relationships`
--

CREATE TABLE `ierwc_booking_relationships` (
  `ID` bigint(20) UNSIGNED NOT NULL,
  `product_id` bigint(20) UNSIGNED NOT NULL,
  `resource_id` bigint(20) UNSIGNED NOT NULL,
  `sort_order` bigint(20) UNSIGNED NOT NULL DEFAULT '0'
) ENGINE=MyISAM DEFAULT CHARSET=utf8mb4 COLLATE=utf8mb4_unicode_ci;

--
-- Dumping data for table `ierwc_booking_relationships`
--

INSERT INTO `ierwc_booking_relationships` (`ID`, `product_id`, `resource_id`, `sort_order`) VALUES
(1, 20, 94, 0);

-- --------------------------------------------------------

--
-- Table structure for table `ierwoocommerce_api_keys`
--

CREATE TABLE `ierwoocommerce_api_keys` (
  `key_id` bigint(20) NOT NULL,
  `user_id` bigint(20) NOT NULL,
  `description` longtext COLLATE utf8mb4_unicode_ci,
  `permissions` varchar(10) COLLATE utf8mb4_unicode_ci NOT NULL,
  `consumer_key` char(64) COLLATE utf8mb4_unicode_ci NOT NULL,
  `consumer_secret` char(43) COLLATE utf8mb4_unicode_ci NOT NULL,
  `nonces` longtext COLLATE utf8mb4_unicode_ci,
  `truncated_key` char(7) COLLATE utf8mb4_unicode_ci NOT NULL,
  `last_access` datetime DEFAULT NULL
) ENGINE=MyISAM DEFAULT CHARSET=utf8mb4 COLLATE=utf8mb4_unicode_ci;

-- --------------------------------------------------------

--
-- Table structure for table `ierwoocommerce_attribute_taxonomies`
--

CREATE TABLE `ierwoocommerce_attribute_taxonomies` (
  `attribute_id` bigint(20) NOT NULL,
  `attribute_name` varchar(200) COLLATE utf8mb4_unicode_ci NOT NULL,
  `attribute_label` longtext COLLATE utf8mb4_unicode_ci,
  `attribute_type` varchar(200) COLLATE utf8mb4_unicode_ci NOT NULL,
  `attribute_orderby` varchar(200) COLLATE utf8mb4_unicode_ci NOT NULL,
  `attribute_public` int(1) NOT NULL DEFAULT '1'
) ENGINE=MyISAM DEFAULT CHARSET=utf8mb4 COLLATE=utf8mb4_unicode_ci;

-- --------------------------------------------------------

--
-- Table structure for table `ierwoocommerce_downloadable_product_permissions`
--

CREATE TABLE `ierwoocommerce_downloadable_product_permissions` (
  `permission_id` bigint(20) NOT NULL,
  `download_id` varchar(32) COLLATE utf8mb4_unicode_ci NOT NULL,
  `product_id` bigint(20) NOT NULL,
  `order_id` bigint(20) NOT NULL DEFAULT '0',
  `order_key` varchar(200) COLLATE utf8mb4_unicode_ci NOT NULL,
  `user_email` varchar(200) COLLATE utf8mb4_unicode_ci NOT NULL,
  `user_id` bigint(20) DEFAULT NULL,
  `downloads_remaining` varchar(9) COLLATE utf8mb4_unicode_ci DEFAULT NULL,
  `access_granted` datetime NOT NULL DEFAULT '0000-00-00 00:00:00',
  `access_expires` datetime DEFAULT NULL,
  `download_count` bigint(20) NOT NULL DEFAULT '0'
) ENGINE=MyISAM DEFAULT CHARSET=utf8mb4 COLLATE=utf8mb4_unicode_ci;

-- --------------------------------------------------------

--
-- Table structure for table `ierwoocommerce_order_itemmeta`
--

CREATE TABLE `ierwoocommerce_order_itemmeta` (
  `meta_id` bigint(20) NOT NULL,
  `order_item_id` bigint(20) NOT NULL,
  `meta_key` varchar(255) COLLATE utf8mb4_unicode_ci DEFAULT NULL,
  `meta_value` longtext COLLATE utf8mb4_unicode_ci
) ENGINE=MyISAM DEFAULT CHARSET=utf8mb4 COLLATE=utf8mb4_unicode_ci;

--
-- Dumping data for table `ierwoocommerce_order_itemmeta`
--

INSERT INTO `ierwoocommerce_order_itemmeta` (`meta_id`, `order_item_id`, `meta_key`, `meta_value`) VALUES
(1, 1, '_qty', '1'),
(2, 1, '_tax_class', ''),
(3, 1, '_product_id', '20'),
(4, 1, '_variation_id', '0'),
(5, 1, '_line_subtotal', '0'),
(6, 1, '_line_total', '0'),
(7, 1, '_line_subtotal_tax', '0'),
(8, 1, '_line_tax', '0'),
(9, 1, '_line_tax_data', 'a:2:{s:5:\"total\";a:0:{}s:8:\"subtotal\";a:0:{}}'),
(10, 1, 'Booking Date', 'March 8, 2016'),
(11, 1, 'Booking Time', '1:00 pm'),
(12, 1, 'Persons', NULL),
(13, 1, 'Booking ID', '53'),
(14, 1, 'Duration', '1 hour, 30 minutes'),
(15, 2, '_qty', '1'),
(16, 2, '_tax_class', ''),
(17, 2, '_product_id', '20'),
(18, 2, '_variation_id', '0'),
(19, 2, '_line_subtotal', '0'),
(20, 2, '_line_total', '0'),
(21, 2, '_line_subtotal_tax', '0'),
(22, 2, '_line_tax', '0'),
(23, 2, '_line_tax_data', 'a:2:{s:5:\"total\";a:0:{}s:8:\"subtotal\";a:0:{}}'),
(24, 2, 'Booking Date', 'March 19, 2016'),
(25, 2, 'Booking Time', '1:00 pm'),
(26, 2, 'Persons', '1'),
(27, 2, 'Booking ID', '56'),
(28, 3, '_qty', '1'),
(29, 3, '_tax_class', ''),
(30, 3, '_product_id', '20'),
(31, 3, '_variation_id', '0'),
(32, 3, '_line_subtotal', '0'),
(33, 3, '_line_total', '0'),
(34, 3, '_line_subtotal_tax', '0'),
(35, 3, '_line_tax', '0'),
(36, 3, '_line_tax_data', 'a:2:{s:5:\"total\";a:0:{}s:8:\"subtotal\";a:0:{}}'),
(37, 3, 'Booking Date', 'March 10, 2016'),
(38, 3, 'Booking Time', '1:00 pm'),
(39, 3, 'Persons', '2'),
(40, 3, 'Booking ID', '89');

-- --------------------------------------------------------

--
-- Table structure for table `ierwoocommerce_order_items`
--

CREATE TABLE `ierwoocommerce_order_items` (
  `order_item_id` bigint(20) NOT NULL,
  `order_item_name` longtext COLLATE utf8mb4_unicode_ci NOT NULL,
  `order_item_type` varchar(200) COLLATE utf8mb4_unicode_ci NOT NULL DEFAULT '',
  `order_id` bigint(20) NOT NULL
) ENGINE=MyISAM DEFAULT CHARSET=utf8mb4 COLLATE=utf8mb4_unicode_ci;

--
-- Dumping data for table `ierwoocommerce_order_items`
--

INSERT INTO `ierwoocommerce_order_items` (`order_item_id`, `order_item_name`, `order_item_type`, `order_id`) VALUES
(1, 'Escape Room 1', 'line_item', 54),
(2, 'Escape Room 1', 'line_item', 57),
(3, 'Escape Room 1', 'line_item', 93);

-- --------------------------------------------------------

--
-- Table structure for table `ierwoocommerce_tax_rates`
--

CREATE TABLE `ierwoocommerce_tax_rates` (
  `tax_rate_id` bigint(20) NOT NULL,
  `tax_rate_country` varchar(200) COLLATE utf8mb4_unicode_ci NOT NULL DEFAULT '',
  `tax_rate_state` varchar(200) COLLATE utf8mb4_unicode_ci NOT NULL DEFAULT '',
  `tax_rate` varchar(200) COLLATE utf8mb4_unicode_ci NOT NULL DEFAULT '',
  `tax_rate_name` varchar(200) COLLATE utf8mb4_unicode_ci NOT NULL DEFAULT '',
  `tax_rate_priority` bigint(20) NOT NULL,
  `tax_rate_compound` int(1) NOT NULL DEFAULT '0',
  `tax_rate_shipping` int(1) NOT NULL DEFAULT '1',
  `tax_rate_order` bigint(20) NOT NULL,
  `tax_rate_class` varchar(200) COLLATE utf8mb4_unicode_ci NOT NULL DEFAULT ''
) ENGINE=MyISAM DEFAULT CHARSET=utf8mb4 COLLATE=utf8mb4_unicode_ci;

-- --------------------------------------------------------

--
-- Table structure for table `ierwoocommerce_tax_rate_locations`
--

CREATE TABLE `ierwoocommerce_tax_rate_locations` (
  `location_id` bigint(20) NOT NULL,
  `location_code` varchar(255) COLLATE utf8mb4_unicode_ci NOT NULL,
  `tax_rate_id` bigint(20) NOT NULL,
  `location_type` varchar(40) COLLATE utf8mb4_unicode_ci NOT NULL
) ENGINE=MyISAM DEFAULT CHARSET=utf8mb4 COLLATE=utf8mb4_unicode_ci;

-- --------------------------------------------------------

--
-- Table structure for table `ierwoocommerce_termmeta`
--

CREATE TABLE `ierwoocommerce_termmeta` (
  `meta_id` bigint(20) NOT NULL,
  `woocommerce_term_id` bigint(20) NOT NULL,
  `meta_key` varchar(255) COLLATE utf8mb4_unicode_ci DEFAULT NULL,
  `meta_value` longtext COLLATE utf8mb4_unicode_ci
) ENGINE=MyISAM DEFAULT CHARSET=utf8mb4 COLLATE=utf8mb4_unicode_ci;

-- --------------------------------------------------------

--
-- Table structure for table `ierwpsp_notifications`
--

CREATE TABLE `ierwpsp_notifications` (
  `id` bigint(20) UNSIGNED NOT NULL,
  `remote_id` bigint(20) UNSIGNED NOT NULL DEFAULT '0',
  `source` varchar(64) COLLATE utf8mb4_unicode_520_ci NOT NULL,
  `type` varchar(64) COLLATE utf8mb4_unicode_520_ci NOT NULL,
  `title` text COLLATE utf8mb4_unicode_520_ci NOT NULL,
  `slug` text COLLATE utf8mb4_unicode_520_ci NOT NULL,
  `content` longtext COLLATE utf8mb4_unicode_520_ci NOT NULL,
  `actions` longtext COLLATE utf8mb4_unicode_520_ci,
  `conditions` longtext COLLATE utf8mb4_unicode_520_ci,
  `start` datetime DEFAULT NULL,
  `end` datetime DEFAULT NULL,
  `dismissed` tinyint(1) UNSIGNED NOT NULL DEFAULT '0',
  `is_dismissible` tinyint(1) UNSIGNED NOT NULL DEFAULT '1',
  `date_created` datetime NOT NULL DEFAULT CURRENT_TIMESTAMP,
  `date_modified` datetime NOT NULL DEFAULT CURRENT_TIMESTAMP
) ENGINE=InnoDB DEFAULT CHARSET=utf8mb4 COLLATE=utf8mb4_unicode_520_ci;

--
-- Dumping data for table `ierwpsp_notifications`
--

INSERT INTO `ierwpsp_notifications` (`id`, `remote_id`, `source`, `type`, `title`, `slug`, `content`, `actions`, `conditions`, `start`, `end`, `dismissed`, `is_dismissible`, `date_created`, `date_modified`) VALUES
(1, 0, 'internal', 'error', '🚨 Missing Payment Form Fraud Protection', 'no-captcha', 'Configure a CAPTCHA solution to protect your payment forms and prevent spam, abuse, and fraudulent payments.', '[{\"type\":\"primary\",\"text\":\"Configure CAPTCHA\",\"url\":\"https:\\/\\/idealescaperooms.com\\/wp-admin\\/edit.php?post_type=simple-pay&page=simpay_settings&tab=general&subsection=recaptcha\"},{\"type\":\"secondary\",\"text\":\"Learn More\",\"url\":\"https:\\/\\/wpsimplepay.com\\/doc\\/recaptcha\\/?utm_source=WordPress&#038;utm_campaign=lite-plugin&#038;utm_medium=notification-inbox&#038;utm_content=Learn%20More\"}]', '[]', '2023-05-05 11:02:51', '2024-05-04 11:02:51', 0, 0, '2023-05-05 11:02:51', '2023-05-05 11:02:51'),
(2, 125, 'plugin.wpsimplepay.com', 'info', '🚀 Super Charge Your Payment Flows', '%f0%9f%9a%80-super-charge-your-payment-flows', 'There are only a few hours left to supercharge your payment forms by upgrading to a <strong>Professional</strong> license and <strong>save 65% off.\r\n\r\n</strong>Unlock buy now, pay later, automatic taxes, Cash App pay, and other amazing features today!', '[{\"type\":\"primary\",\"url\":\"https:\\/\\/wpsimplepay.com\\/pricing\\/\",\"text\":\"Become a Professional\"}]', '[\"lite\",\"personal\",\"plus\"]', '2023-09-15 00:00:00', '2023-09-15 23:59:59', 0, 1, '2023-09-15 15:56:32', '2023-09-15 15:56:32'),
(3, 0, 'internal', 'success', 'Are you enjoying WP Simple Pay?', 'dotorg-review', 'It looks like you have been using WP Simple Pay for a little while now &mdash; we sure hope you\'re enjoying it.<br /><br />Could you please do us a <strong>BIG favor</strong> and give it a 5-star rating on WordPress.org to help us spread the word and boost our motivation?', '[{\"type\":\"primary\",\"text\":\"Yes! I\'ll help spread the word\",\"url\":\"https:\\/\\/wordpress.org\\/support\\/plugin\\/stripe\\/reviews\\/?filter=5#new-post\"},{\"type\":\"secondary\",\"text\":\"Not really\",\"url\":\"https:\\/\\/wpsimplepay.com\\/plugin-feedback\\/?utm_source=WordPress&#038;utm_campaign=lite-plugin&#038;utm_medium=admin-notice&#038;utm_content=Give%20Feedback\"}]', '[]', '2024-10-28 15:00:09', '2034-10-26 15:00:09', 0, 1, '2024-10-28 15:00:09', '2024-10-28 15:00:09');

-- --------------------------------------------------------

--
-- Table structure for table `ierwpsp_transactions`
--

CREATE TABLE `ierwpsp_transactions` (
  `id` bigint(20) UNSIGNED NOT NULL,
  `form_id` bigint(20) UNSIGNED NOT NULL DEFAULT '0',
  `object` varchar(100) COLLATE utf8mb4_unicode_520_ci NOT NULL,
  `_object_id` varchar(255) COLLATE utf8mb4_unicode_520_ci DEFAULT NULL,
  `livemode` tinyint(1) NOT NULL DEFAULT '0',
  `amount_total` bigint(20) NOT NULL,
  `amount_subtotal` bigint(20) NOT NULL,
  `amount_shipping` bigint(20) NOT NULL,
  `amount_discount` bigint(20) NOT NULL,
  `amount_refunded` bigint(20) NOT NULL DEFAULT '0',
  `amount_tax` bigint(20) NOT NULL,
  `currency` varchar(3) COLLATE utf8mb4_unicode_520_ci NOT NULL,
  `payment_method_type` varchar(50) COLLATE utf8mb4_unicode_520_ci DEFAULT NULL,
  `email` varchar(255) COLLATE utf8mb4_unicode_520_ci DEFAULT NULL,
  `customer_id` varchar(255) COLLATE utf8mb4_unicode_520_ci DEFAULT NULL,
  `subscription_id` varchar(255) COLLATE utf8mb4_unicode_520_ci DEFAULT NULL,
  `status` varchar(50) COLLATE utf8mb4_unicode_520_ci NOT NULL,
  `application_fee` tinyint(1) NOT NULL DEFAULT '0',
  `ip_address` varchar(128) COLLATE utf8mb4_unicode_520_ci NOT NULL,
  `date_created` datetime NOT NULL DEFAULT CURRENT_TIMESTAMP,
  `date_modified` datetime NOT NULL DEFAULT CURRENT_TIMESTAMP,
  `uuid` varchar(100) COLLATE utf8mb4_unicode_520_ci NOT NULL
) ENGINE=InnoDB DEFAULT CHARSET=utf8mb4 COLLATE=utf8mb4_unicode_520_ci;

--
-- Indexes for dumped tables
--

--
-- Indexes for table `ieractionscheduler_actions`
--
ALTER TABLE `ieractionscheduler_actions`
  ADD PRIMARY KEY (`action_id`),
  ADD KEY `hook` (`hook`),
  ADD KEY `status` (`status`),
  ADD KEY `scheduled_date_gmt` (`scheduled_date_gmt`),
  ADD KEY `args` (`args`),
  ADD KEY `group_id` (`group_id`),
  ADD KEY `last_attempt_gmt` (`last_attempt_gmt`),
  ADD KEY `claim_id_status_scheduled_date_gmt` (`claim_id`,`status`,`scheduled_date_gmt`);

--
-- Indexes for table `ieractionscheduler_claims`
--
ALTER TABLE `ieractionscheduler_claims`
  ADD PRIMARY KEY (`claim_id`),
  ADD KEY `date_created_gmt` (`date_created_gmt`);

--
-- Indexes for table `ieractionscheduler_groups`
--
ALTER TABLE `ieractionscheduler_groups`
  ADD PRIMARY KEY (`group_id`),
  ADD KEY `slug` (`slug`(191));

--
-- Indexes for table `ieractionscheduler_logs`
--
ALTER TABLE `ieractionscheduler_logs`
  ADD PRIMARY KEY (`log_id`),
  ADD KEY `action_id` (`action_id`),
  ADD KEY `log_date_gmt` (`log_date_gmt`);

--
-- Indexes for table `ieraiowps_audit_log`
--
ALTER TABLE `ieraiowps_audit_log`
  ADD PRIMARY KEY (`id`),
  ADD KEY `username` (`username`),
  ADD KEY `ip` (`ip`),
  ADD KEY `level` (`level`),
  ADD KEY `event_type` (`event_type`);

--
-- Indexes for table `ieraiowps_debug_log`
--
ALTER TABLE `ieraiowps_debug_log`
  ADD PRIMARY KEY (`id`);

--
-- Indexes for table `ieraiowps_events`
--
ALTER TABLE `ieraiowps_events`
  ADD PRIMARY KEY (`id`);

--
-- Indexes for table `ieraiowps_global_meta`
--
ALTER TABLE `ieraiowps_global_meta`
  ADD PRIMARY KEY (`meta_id`);

--
-- Indexes for table `ieraiowps_logged_in_users`
--
ALTER TABLE `ieraiowps_logged_in_users`
  ADD PRIMARY KEY (`id`),
  ADD UNIQUE KEY `unique_user_id` (`user_id`),
  ADD KEY `created` (`created`),
  ADD KEY `expires` (`expires`),
  ADD KEY `user_id` (`user_id`),
  ADD KEY `site_id` (`site_id`);

--
-- Indexes for table `ieraiowps_login_lockdown`
--
ALTER TABLE `ieraiowps_login_lockdown`
  ADD PRIMARY KEY (`id`),
  ADD KEY `failed_login_ip` (`failed_login_ip`),
  ADD KEY `is_lockout_email_sent` (`is_lockout_email_sent`),
  ADD KEY `unlock_key` (`unlock_key`);

--
-- Indexes for table `ieraiowps_message_store`
--
ALTER TABLE `ieraiowps_message_store`
  ADD PRIMARY KEY (`id`);

--
-- Indexes for table `ieraiowps_permanent_block`
--
ALTER TABLE `ieraiowps_permanent_block`
  ADD PRIMARY KEY (`id`),
  ADD KEY `blocked_ip` (`blocked_ip`);

--
-- Indexes for table `iercommentmeta`
--
ALTER TABLE `iercommentmeta`
  ADD PRIMARY KEY (`meta_id`),
  ADD KEY `comment_id` (`comment_id`),
  ADD KEY `meta_key` (`meta_key`(191));

--
-- Indexes for table `iercomments`
--
ALTER TABLE `iercomments`
  ADD PRIMARY KEY (`comment_ID`),
  ADD KEY `comment_post_ID` (`comment_post_ID`),
  ADD KEY `comment_approved_date_gmt` (`comment_approved`,`comment_date_gmt`),
  ADD KEY `comment_date_gmt` (`comment_date_gmt`),
  ADD KEY `comment_parent` (`comment_parent`),
  ADD KEY `comment_author_email` (`comment_author_email`(10));

--
-- Indexes for table `iergf_draft_submissions`
--
ALTER TABLE `iergf_draft_submissions`
  ADD PRIMARY KEY (`uuid`),
  ADD KEY `form_id` (`form_id`);

--
-- Indexes for table `iergf_entry`
--
ALTER TABLE `iergf_entry`
  ADD PRIMARY KEY (`id`),
  ADD KEY `form_id` (`form_id`),
  ADD KEY `form_id_status` (`form_id`,`status`);

--
-- Indexes for table `iergf_entry_meta`
--
ALTER TABLE `iergf_entry_meta`
  ADD PRIMARY KEY (`id`),
  ADD KEY `meta_key` (`meta_key`(191)),
  ADD KEY `entry_id` (`entry_id`),
  ADD KEY `meta_value` (`meta_value`(191));

--
-- Indexes for table `iergf_entry_notes`
--
ALTER TABLE `iergf_entry_notes`
  ADD PRIMARY KEY (`id`),
  ADD KEY `entry_id` (`entry_id`),
  ADD KEY `entry_user_key` (`entry_id`,`user_id`);

--
-- Indexes for table `iergf_form`
--
ALTER TABLE `iergf_form`
  ADD PRIMARY KEY (`id`);

--
-- Indexes for table `iergf_form_meta`
--
ALTER TABLE `iergf_form_meta`
  ADD PRIMARY KEY (`form_id`);

--
-- Indexes for table `iergf_form_view`
--
ALTER TABLE `iergf_form_view`
  ADD PRIMARY KEY (`id`),
  ADD KEY `date_created` (`date_created`),
  ADD KEY `form_id` (`form_id`);

--
-- Indexes for table `ierinstapage_debug`
--
ALTER TABLE `ierinstapage_debug`
  ADD UNIQUE KEY `id` (`id`);

--
-- Indexes for table `ierinstapage_options`
--
ALTER TABLE `ierinstapage_options`
  ADD UNIQUE KEY `id` (`id`);

--
-- Indexes for table `ierinstapage_pages`
--
ALTER TABLE `ierinstapage_pages`
  ADD UNIQUE KEY `id` (`id`);

--
-- Indexes for table `ierlinks`
--
ALTER TABLE `ierlinks`
  ADD PRIMARY KEY (`link_id`),
  ADD KEY `link_visible` (`link_visible`);

--
-- Indexes for table `ieroptions`
--
ALTER TABLE `ieroptions`
  ADD PRIMARY KEY (`option_id`),
  ADD UNIQUE KEY `option_name` (`option_name`),
  ADD KEY `autoload` (`autoload`);

--
-- Indexes for table `ierpostmeta`
--
ALTER TABLE `ierpostmeta`
  ADD PRIMARY KEY (`meta_id`),
  ADD KEY `post_id` (`post_id`),
  ADD KEY `meta_key` (`meta_key`(191));

--
-- Indexes for table `ierrg_form`
--
ALTER TABLE `ierrg_form`
  ADD PRIMARY KEY (`id`);

--
-- Indexes for table `ierrg_form_meta`
--
ALTER TABLE `ierrg_form_meta`
  ADD PRIMARY KEY (`form_id`);

--
-- Indexes for table `ierrg_form_view`
--
ALTER TABLE `ierrg_form_view`
  ADD PRIMARY KEY (`id`),
  ADD KEY `date_created` (`date_created`),
  ADD KEY `form_id` (`form_id`);

--
-- Indexes for table `ierrg_incomplete_submissions`
--
ALTER TABLE `ierrg_incomplete_submissions`
  ADD PRIMARY KEY (`uuid`),
  ADD KEY `form_id` (`form_id`);

--
-- Indexes for table `ierrg_lead`
--
ALTER TABLE `ierrg_lead`
  ADD PRIMARY KEY (`id`),
  ADD KEY `form_id` (`form_id`),
  ADD KEY `status` (`status`);

--
-- Indexes for table `ierrg_lead_detail`
--
ALTER TABLE `ierrg_lead_detail`
  ADD PRIMARY KEY (`id`),
  ADD KEY `form_id` (`form_id`),
  ADD KEY `lead_id` (`lead_id`),
  ADD KEY `lead_field_number` (`lead_id`,`field_number`),
  ADD KEY `lead_field_value` (`value`(191));

--
-- Indexes for table `ierrg_lead_detail_long`
--
ALTER TABLE `ierrg_lead_detail_long`
  ADD PRIMARY KEY (`lead_detail_id`);

--
-- Indexes for table `ierrg_lead_meta`
--
ALTER TABLE `ierrg_lead_meta`
  ADD PRIMARY KEY (`id`),
  ADD KEY `meta_key` (`meta_key`(191)),
  ADD KEY `lead_id` (`lead_id`),
  ADD KEY `form_id_meta_key` (`form_id`,`meta_key`(191));

--
-- Indexes for table `ierrg_lead_notes`
--
ALTER TABLE `ierrg_lead_notes`
  ADD PRIMARY KEY (`id`),
  ADD KEY `lead_id` (`lead_id`),
  ADD KEY `lead_user_key` (`lead_id`,`user_id`);

--
-- Indexes for table `iersm_sessions`
--
ALTER TABLE `iersm_sessions`
  ADD PRIMARY KEY (`session_key`),
  ADD UNIQUE KEY `session_id` (`session_id`);

--
-- Indexes for table `iertermmeta`
--
ALTER TABLE `iertermmeta`
  ADD PRIMARY KEY (`meta_id`),
  ADD KEY `term_id` (`term_id`),
  ADD KEY `meta_key` (`meta_key`(191));

--
-- Indexes for table `ierterms`
--
ALTER TABLE `ierterms`
  ADD PRIMARY KEY (`term_id`),
  ADD KEY `slug` (`slug`(191)),
  ADD KEY `name` (`name`(191));

--
-- Indexes for table `ierterm_relationships`
--
ALTER TABLE `ierterm_relationships`
  ADD PRIMARY KEY (`object_id`,`term_taxonomy_id`),
  ADD KEY `term_taxonomy_id` (`term_taxonomy_id`);

--
-- Indexes for table `ierterm_taxonomy`
--
ALTER TABLE `ierterm_taxonomy`
  ADD PRIMARY KEY (`term_taxonomy_id`),
  ADD UNIQUE KEY `term_id_taxonomy` (`term_id`,`taxonomy`),
  ADD KEY `taxonomy` (`taxonomy`);

--
-- Indexes for table `ierusermeta`
--
ALTER TABLE `ierusermeta`
  ADD PRIMARY KEY (`umeta_id`),
  ADD KEY `user_id` (`user_id`),
  ADD KEY `meta_key` (`meta_key`(191));

--
-- Indexes for table `ierwc_booking_relationships`
--
ALTER TABLE `ierwc_booking_relationships`
  ADD PRIMARY KEY (`ID`),
  ADD KEY `product_id` (`product_id`),
  ADD KEY `resource_id` (`resource_id`);

--
-- Indexes for table `ierwoocommerce_api_keys`
--
ALTER TABLE `ierwoocommerce_api_keys`
  ADD PRIMARY KEY (`key_id`),
  ADD KEY `consumer_key` (`consumer_key`),
  ADD KEY `consumer_secret` (`consumer_secret`);

--
-- Indexes for table `ierwoocommerce_attribute_taxonomies`
--
ALTER TABLE `ierwoocommerce_attribute_taxonomies`
  ADD PRIMARY KEY (`attribute_id`),
  ADD KEY `attribute_name` (`attribute_name`);

--
-- Indexes for table `ierwoocommerce_downloadable_product_permissions`
--
ALTER TABLE `ierwoocommerce_downloadable_product_permissions`
  ADD PRIMARY KEY (`permission_id`),
  ADD KEY `download_order_key_product` (`product_id`,`order_id`,`order_key`,`download_id`),
  ADD KEY `download_order_product` (`download_id`,`order_id`,`product_id`);

--
-- Indexes for table `ierwoocommerce_order_itemmeta`
--
ALTER TABLE `ierwoocommerce_order_itemmeta`
  ADD PRIMARY KEY (`meta_id`),
  ADD KEY `order_item_id` (`order_item_id`),
  ADD KEY `meta_key` (`meta_key`(250));

--
-- Indexes for table `ierwoocommerce_order_items`
--
ALTER TABLE `ierwoocommerce_order_items`
  ADD PRIMARY KEY (`order_item_id`),
  ADD KEY `order_id` (`order_id`);

--
-- Indexes for table `ierwoocommerce_tax_rates`
--
ALTER TABLE `ierwoocommerce_tax_rates`
  ADD PRIMARY KEY (`tax_rate_id`),
  ADD KEY `tax_rate_country` (`tax_rate_country`),
  ADD KEY `tax_rate_state` (`tax_rate_state`),
  ADD KEY `tax_rate_class` (`tax_rate_class`),
  ADD KEY `tax_rate_priority` (`tax_rate_priority`);

--
-- Indexes for table `ierwoocommerce_tax_rate_locations`
--
ALTER TABLE `ierwoocommerce_tax_rate_locations`
  ADD PRIMARY KEY (`location_id`),
  ADD KEY `tax_rate_id` (`tax_rate_id`),
  ADD KEY `location_type` (`location_type`),
  ADD KEY `location_type_code` (`location_type`,`location_code`(90));

--
-- Indexes for table `ierwoocommerce_termmeta`
--
ALTER TABLE `ierwoocommerce_termmeta`
  ADD PRIMARY KEY (`meta_id`),
  ADD KEY `woocommerce_term_id` (`woocommerce_term_id`),
  ADD KEY `meta_key` (`meta_key`(250));

--
-- Indexes for table `ierwpsp_notifications`
--
ALTER TABLE `ierwpsp_notifications`
  ADD PRIMARY KEY (`id`),
  ADD KEY `dismissed_start_end` (`dismissed`,`start`,`end`);

--
-- Indexes for table `ierwpsp_transactions`
--
ALTER TABLE `ierwpsp_transactions`
  ADD PRIMARY KEY (`id`),
  ADD KEY `form_id` (`form_id`),
  ADD KEY `object_id` (`_object_id`),
  ADD KEY `date_created` (`date_created`),
  ADD KEY `customer_id` (`customer_id`),
  ADD KEY `email` (`email`),
  ADD KEY `subscription_id` (`subscription_id`),
  ADD KEY `object_status` (`object`,`status`);

--
-- AUTO_INCREMENT for dumped tables
--

--
-- AUTO_INCREMENT for table `ieractionscheduler_actions`
--
ALTER TABLE `ieractionscheduler_actions`
  MODIFY `action_id` bigint(20) UNSIGNED NOT NULL AUTO_INCREMENT, AUTO_INCREMENT=3695;
--
-- AUTO_INCREMENT for table `ieractionscheduler_claims`
--
ALTER TABLE `ieractionscheduler_claims`
  MODIFY `claim_id` bigint(20) UNSIGNED NOT NULL AUTO_INCREMENT, AUTO_INCREMENT=10;
--
-- AUTO_INCREMENT for table `ieractionscheduler_groups`
--
ALTER TABLE `ieractionscheduler_groups`
  MODIFY `group_id` bigint(20) UNSIGNED NOT NULL AUTO_INCREMENT, AUTO_INCREMENT=3;
--
-- AUTO_INCREMENT for table `ieractionscheduler_logs`
--
ALTER TABLE `ieractionscheduler_logs`
  MODIFY `log_id` bigint(20) UNSIGNED NOT NULL AUTO_INCREMENT, AUTO_INCREMENT=7989;
--
-- AUTO_INCREMENT for table `ieraiowps_audit_log`
--
ALTER TABLE `ieraiowps_audit_log`
  MODIFY `id` bigint(20) NOT NULL AUTO_INCREMENT, AUTO_INCREMENT=6356;
--
-- AUTO_INCREMENT for table `ieraiowps_debug_log`
--
ALTER TABLE `ieraiowps_debug_log`
  MODIFY `id` bigint(20) NOT NULL AUTO_INCREMENT;
--
-- AUTO_INCREMENT for table `ieraiowps_events`
--
ALTER TABLE `ieraiowps_events`
  MODIFY `id` bigint(20) NOT NULL AUTO_INCREMENT;
--
-- AUTO_INCREMENT for table `ieraiowps_global_meta`
--
ALTER TABLE `ieraiowps_global_meta`
  MODIFY `meta_id` bigint(20) NOT NULL AUTO_INCREMENT;
--
-- AUTO_INCREMENT for table `ieraiowps_logged_in_users`
--
ALTER TABLE `ieraiowps_logged_in_users`
  MODIFY `id` bigint(20) NOT NULL AUTO_INCREMENT;
--
-- AUTO_INCREMENT for table `ieraiowps_login_lockdown`
--
ALTER TABLE `ieraiowps_login_lockdown`
  MODIFY `id` bigint(20) NOT NULL AUTO_INCREMENT, AUTO_INCREMENT=2471;
--
-- AUTO_INCREMENT for table `ieraiowps_message_store`
--
ALTER TABLE `ieraiowps_message_store`
  MODIFY `id` bigint(20) NOT NULL AUTO_INCREMENT;
--
-- AUTO_INCREMENT for table `ieraiowps_permanent_block`
--
ALTER TABLE `ieraiowps_permanent_block`
  MODIFY `id` bigint(20) NOT NULL AUTO_INCREMENT;
--
-- AUTO_INCREMENT for table `iercommentmeta`
--
ALTER TABLE `iercommentmeta`
  MODIFY `meta_id` bigint(20) UNSIGNED NOT NULL AUTO_INCREMENT, AUTO_INCREMENT=39;
--
-- AUTO_INCREMENT for table `iercomments`
--
ALTER TABLE `iercomments`
  MODIFY `comment_ID` bigint(20) UNSIGNED NOT NULL AUTO_INCREMENT, AUTO_INCREMENT=27;
--
-- AUTO_INCREMENT for table `iergf_entry`
--
ALTER TABLE `iergf_entry`
  MODIFY `id` int(10) UNSIGNED NOT NULL AUTO_INCREMENT, AUTO_INCREMENT=2317;
--
-- AUTO_INCREMENT for table `iergf_entry_meta`
--
ALTER TABLE `iergf_entry_meta`
  MODIFY `id` bigint(20) UNSIGNED NOT NULL AUTO_INCREMENT, AUTO_INCREMENT=9333;
--
-- AUTO_INCREMENT for table `iergf_entry_notes`
--
ALTER TABLE `iergf_entry_notes`
  MODIFY `id` int(10) UNSIGNED NOT NULL AUTO_INCREMENT;
--
-- AUTO_INCREMENT for table `iergf_form`
--
ALTER TABLE `iergf_form`
  MODIFY `id` mediumint(8) UNSIGNED NOT NULL AUTO_INCREMENT, AUTO_INCREMENT=3;
--
-- AUTO_INCREMENT for table `iergf_form_view`
--
ALTER TABLE `iergf_form_view`
  MODIFY `id` bigint(20) UNSIGNED NOT NULL AUTO_INCREMENT, AUTO_INCREMENT=4708;
--
-- AUTO_INCREMENT for table `ierinstapage_debug`
--
ALTER TABLE `ierinstapage_debug`
  MODIFY `id` mediumint(9) UNSIGNED NOT NULL AUTO_INCREMENT;
--
-- AUTO_INCREMENT for table `ierinstapage_options`
--
ALTER TABLE `ierinstapage_options`
  MODIFY `id` mediumint(9) UNSIGNED NOT NULL AUTO_INCREMENT, AUTO_INCREMENT=2;
--
-- AUTO_INCREMENT for table `ierinstapage_pages`
--
ALTER TABLE `ierinstapage_pages`
  MODIFY `id` mediumint(9) UNSIGNED NOT NULL AUTO_INCREMENT, AUTO_INCREMENT=13;
--
-- AUTO_INCREMENT for table `ierlinks`
--
ALTER TABLE `ierlinks`
  MODIFY `link_id` bigint(20) UNSIGNED NOT NULL AUTO_INCREMENT;
--
-- AUTO_INCREMENT for table `ieroptions`
--
ALTER TABLE `ieroptions`
  MODIFY `option_id` bigint(20) UNSIGNED NOT NULL AUTO_INCREMENT, AUTO_INCREMENT=446772;
--
-- AUTO_INCREMENT for table `ierpostmeta`
--
ALTER TABLE `ierpostmeta`
  MODIFY `meta_id` bigint(20) UNSIGNED NOT NULL AUTO_INCREMENT, AUTO_INCREMENT=13079;
--
-- AUTO_INCREMENT for table `ierrg_form`
--
ALTER TABLE `ierrg_form`
  MODIFY `id` mediumint(8) UNSIGNED NOT NULL AUTO_INCREMENT, AUTO_INCREMENT=3;
--
-- AUTO_INCREMENT for table `ierrg_form_view`
--
ALTER TABLE `ierrg_form_view`
  MODIFY `id` bigint(20) UNSIGNED NOT NULL AUTO_INCREMENT, AUTO_INCREMENT=1308;
--
-- AUTO_INCREMENT for table `ierrg_lead`
--
ALTER TABLE `ierrg_lead`
  MODIFY `id` int(10) UNSIGNED NOT NULL AUTO_INCREMENT, AUTO_INCREMENT=107;
--
-- AUTO_INCREMENT for table `ierrg_lead_detail`
--
ALTER TABLE `ierrg_lead_detail`
  MODIFY `id` bigint(20) UNSIGNED NOT NULL AUTO_INCREMENT, AUTO_INCREMENT=542;
--
-- AUTO_INCREMENT for table `ierrg_lead_meta`
--
ALTER TABLE `ierrg_lead_meta`
  MODIFY `id` bigint(20) UNSIGNED NOT NULL AUTO_INCREMENT;
--
-- AUTO_INCREMENT for table `ierrg_lead_notes`
--
ALTER TABLE `ierrg_lead_notes`
  MODIFY `id` int(10) UNSIGNED NOT NULL AUTO_INCREMENT;
--
-- AUTO_INCREMENT for table `iersm_sessions`
--
ALTER TABLE `iersm_sessions`
  MODIFY `session_id` bigint(20) UNSIGNED NOT NULL AUTO_INCREMENT, AUTO_INCREMENT=83;
--
-- AUTO_INCREMENT for table `iertermmeta`
--
ALTER TABLE `iertermmeta`
  MODIFY `meta_id` bigint(20) UNSIGNED NOT NULL AUTO_INCREMENT;
--
-- AUTO_INCREMENT for table `ierterms`
--
ALTER TABLE `ierterms`
  MODIFY `term_id` bigint(20) UNSIGNED NOT NULL AUTO_INCREMENT, AUTO_INCREMENT=11;
--
-- AUTO_INCREMENT for table `ierterm_taxonomy`
--
ALTER TABLE `ierterm_taxonomy`
  MODIFY `term_taxonomy_id` bigint(20) UNSIGNED NOT NULL AUTO_INCREMENT, AUTO_INCREMENT=11;
--
-- AUTO_INCREMENT for table `ierusermeta`
--
ALTER TABLE `ierusermeta`
  MODIFY `umeta_id` bigint(20) UNSIGNED NOT NULL AUTO_INCREMENT, AUTO_INCREMENT=163;
--
-- AUTO_INCREMENT for table `ierwc_booking_relationships`
--
ALTER TABLE `ierwc_booking_relationships`
  MODIFY `ID` bigint(20) UNSIGNED NOT NULL AUTO_INCREMENT, AUTO_INCREMENT=2;
--
-- AUTO_INCREMENT for table `ierwoocommerce_api_keys`
--
ALTER TABLE `ierwoocommerce_api_keys`
  MODIFY `key_id` bigint(20) NOT NULL AUTO_INCREMENT;
--
-- AUTO_INCREMENT for table `ierwoocommerce_attribute_taxonomies`
--
ALTER TABLE `ierwoocommerce_attribute_taxonomies`
  MODIFY `attribute_id` bigint(20) NOT NULL AUTO_INCREMENT;
--
-- AUTO_INCREMENT for table `ierwoocommerce_downloadable_product_permissions`
--
ALTER TABLE `ierwoocommerce_downloadable_product_permissions`
  MODIFY `permission_id` bigint(20) NOT NULL AUTO_INCREMENT;
--
-- AUTO_INCREMENT for table `ierwoocommerce_order_itemmeta`
--
ALTER TABLE `ierwoocommerce_order_itemmeta`
  MODIFY `meta_id` bigint(20) NOT NULL AUTO_INCREMENT, AUTO_INCREMENT=41;
--
-- AUTO_INCREMENT for table `ierwoocommerce_order_items`
--
ALTER TABLE `ierwoocommerce_order_items`
  MODIFY `order_item_id` bigint(20) NOT NULL AUTO_INCREMENT, AUTO_INCREMENT=4;
--
-- AUTO_INCREMENT for table `ierwoocommerce_tax_rates`
--
ALTER TABLE `ierwoocommerce_tax_rates`
  MODIFY `tax_rate_id` bigint(20) NOT NULL AUTO_INCREMENT;
--
-- AUTO_INCREMENT for table `ierwoocommerce_tax_rate_locations`
--
ALTER TABLE `ierwoocommerce_tax_rate_locations`
  MODIFY `location_id` bigint(20) NOT NULL AUTO_INCREMENT;
--
-- AUTO_INCREMENT for table `ierwoocommerce_termmeta`
--
ALTER TABLE `ierwoocommerce_termmeta`
  MODIFY `meta_id` bigint(20) NOT NULL AUTO_INCREMENT;
--
-- AUTO_INCREMENT for table `ierwpsp_notifications`
--
ALTER TABLE `ierwpsp_notifications`
  MODIFY `id` bigint(20) UNSIGNED NOT NULL AUTO_INCREMENT, AUTO_INCREMENT=4;
--
-- AUTO_INCREMENT for table `ierwpsp_transactions`
--
ALTER TABLE `ierwpsp_transactions`
  MODIFY `id` bigint(20) UNSIGNED NOT NULL AUTO_INCREMENT;
