-- http://www.phpmyadmin.net
--




--
-- Database: `abbaphpdb`
--

-- --------------------------------------------------------

--
-- Table structure for table `applied_to_jobs`
--

CREATE TABLE IF NOT EXISTS `applied_to_jobs` (
  `id` int(11) NOT NULL auto_increment,
  `job_id` int(11) NOT NULL,
  `name` varchar(50) NOT NULL,
  `email` varchar(255) NOT NULL,
  `resume` varchar(100) NOT NULL,
  `status` enum('1','0') NOT NULL,
  `created_at` timestamp NOT NULL default CURRENT_TIMESTAMP on update CURRENT_TIMESTAMP,
  PRIMARY KEY  (`id`),
  KEY `job_id` (`job_id`)
) ENGINE=InnoDB DEFAULT CHARSET=latin1 AUTO_INCREMENT=1 ;

--
-- Dumping data for table `applied_to_jobs`
--


-- --------------------------------------------------------

--
-- Table structure for table `app_routes`
--

CREATE TABLE IF NOT EXISTS `app_routes` (
  `id` int(5) NOT NULL auto_increment,
  `name` varchar(50) NOT NULL,
  `patterns` varchar(100) NOT NULL,
  `target` varchar(50) NOT NULL,
  `parent_id` int(5) NOT NULL,
  `views` varchar(10) NOT NULL,
  `show_menu` int(1) NOT NULL,
  `groups` varchar(20) NOT NULL,
  `class_name` varchar(50) NOT NULL,
  `sort_order` int(3) NOT NULL,
  `secure` int(1) NOT NULL,
  `created_at` datetime NOT NULL,
  `updated_at` datetime NOT NULL,
  `deleted_at` datetime NOT NULL,
  PRIMARY KEY  (`id`)
) ENGINE=InnoDB  DEFAULT CHARSET=latin1 AUTO_INCREMENT=126 ;

--
-- Dumping data for table `app_routes`
--

INSERT INTO `app_routes` (`id`, `name`, `patterns`, `target`, `parent_id`, `views`, `show_menu`, `groups`, `class_name`, `sort_order`, `secure`, `created_at`, `updated_at`, `deleted_at`) VALUES
(2, 'Dashboard', 'admin/dashboard', 'DashboardController@showDashboard', 0, 'back_end', 1, 'dashboard', 'glyphicon-home', 1, 1, '2015-10-20 11:00:00', '2015-10-20 11:00:00', '0000-00-00 00:00:00'),
(3, 'Users', 'users', 'UsersController@index', 0, 'back_end', 1, 'users', 'glyphicon-user', 2, 1, '2015-10-20 17:25:00', '2015-10-20 17:25:00', '0000-00-00 00:00:00'),
(4, 'Admin', 'admin/users', 'UsersController@index', 3, 'back_end', 1, 'users', '', 1, 1, '2015-10-20 17:42:00', '2015-10-20 17:42:00', '0000-00-00 00:00:00'),
(5, 'Vendors List', 'admin/vendors', 'VendorsController@index', 115, 'back_end', 1, 'users', '', 2, 1, '2015-10-20 17:45:00', '2015-10-20 17:45:00', '0000-00-00 00:00:00'),
(6, 'Add Vendor', 'admin/vendors/add', 'VendorsController@add', 5, 'back_end', 0, 'users', '', 0, 1, '2015-10-22 15:04:18', '2015-10-22 15:04:18', '0000-00-00 00:00:00'),
(7, 'State List', 'admin/stateList/{stateId}', 'HelpersController@getAreaCode', 0, 'back_end', 0, '', '', 0, 1, '2015-10-23 11:30:00', '2015-10-23 11:30:00', '0000-00-00 00:00:00'),
(8, 'Add user', 'admin/users/add', 'UsersController@add', 4, 'back_end', 0, 'users', '', 0, 1, '2015-10-23 00:00:00', '2015-10-23 00:00:00', '0000-00-00 00:00:00'),
(9, 'Manage Staffs', 'admin/team', 'TeamController@index', 28, 'back_end', 1, 'projects', '', 2, 1, '2015-10-23 00:00:00', '2015-10-23 00:00:00', '0000-00-00 00:00:00'),
(10, 'Add team', 'admin/team/add', 'TeamController@add', 9, 'back_end', 0, 'users', '', 0, 1, '2015-10-23 00:00:00', '2015-10-23 00:00:00', '0000-00-00 00:00:00'),
(11, 'Store Vendor', 'admin/vendors/store', 'VendorsController@store', 5, 'back_end', 0, 'users', '', 0, 1, '2015-10-27 11:11:00', '2015-10-27 11:11:00', '0000-00-00 00:00:00'),
(12, 'Edit Vendor', 'admin/vendors/edit/{id}', 'VendorsController@edit', 5, 'back_end', 0, 'users', '', 0, 1, '2015-10-27 17:00:00', '2015-10-27 17:00:00', '0000-00-00 00:00:00'),
(13, 'Update Vendor', 'admin/vendors/update', 'VendorsController@update', 5, 'back_end', 0, 'users', '', 0, 1, '2015-10-28 12:34:00', '2015-10-28 12:34:00', '0000-00-00 00:00:00'),
(14, 'Change Vendor Status', 'admin/vendors/change_status/{id}', 'VendorsController@changeStatus', 5, 'back_end', 0, 'users', '', 0, 1, '2015-10-28 16:15:00', '2015-10-28 16:15:00', '0000-00-00 00:00:00'),
(15, 'Update vendor status', 'admin/vendors/update_status', 'VendorsController@updateStatus', 5, 'back_end', 0, 'users', '', 0, 1, '2015-10-28 17:28:00', '2015-10-28 17:28:00', '0000-00-00 00:00:00'),
(16, 'Optout Vendors	', 'admin/vendors-optout', 'VendorsController@optoutUsers', 5, 'back_end', 1, 'users', '', 3, 1, '2015-10-28 18:17:00', '2015-10-28 18:17:00', '0000-00-00 00:00:00'),
(17, 'View Vendor', 'admin/vendors/view/{id}', 'VendorsController@view', 5, 'back_end', 0, 'users', '', 0, 1, '2015-10-28 18:42:00', '2015-10-28 18:42:00', '0000-00-00 00:00:00'),
(18, 'List Vendor', 'admin/vendors/advanced_search', 'VendorsController@advancedSearch', 5, 'back_end', 0, 'users', '', 0, 1, '2015-11-11 16:00:00', '2015-11-11 16:00:00', '0000-00-00 00:00:00'),
(19, 'Export Vendors', 'admin/vendors/export', 'VendorsController@exportResult', 5, 'back_end', 0, 'users', '', 0, 1, '2015-11-12 10:35:00', '2015-11-12 10:35:00', '0000-00-00 00:00:00'),
(20, 'Store Team', 'admin/team/store', 'TeamController@store', 9, 'back_end', 0, 'user', '', 0, 1, '2015-11-13 18:25:00', '2015-11-13 18:25:00', '0000-00-00 00:00:00'),
(21, 'View Team', 'admin/team/view/{id}', 'TeamController@view', 9, 'back_end', 0, 'users', '', 0, 1, '2015-11-13 18:50:00', '2015-11-13 18:50:00', '0000-00-00 00:00:00'),
(22, 'Change Member Status', 'admin/team/change_status/{id}', 'TeamController@changeStatus', 9, 'back_end', 0, 'users', '', 0, 1, '2015-11-14 11:06:00', '2015-11-14 11:06:00', '0000-00-00 00:00:00'),
(23, 'Update Member Status', 'admin/team/update_status', 'TeamController@updateStatus', 9, 'back_end', 0, 'users', '', 0, 1, '2015-11-14 11:06:00', '2015-11-14 11:06:00', '0000-00-00 00:00:00'),
(24, 'Edit Team Member', 'admin/team/edit/{id}', 'TeamController@edit', 9, 'back_end', 0, 'users', '', 0, 1, '2015-11-14 11:22:00', '2015-11-14 11:22:00', '0000-00-00 00:00:00'),
(25, 'Update Member', 'admin/team/update', 'TeamController@update', 9, 'back_end', 0, 'users', '', 0, 1, '2015-11-14 11:25:00', '2015-11-14 11:25:00', '0000-00-00 00:00:00'),
(26, 'Delete Vendor', 'admin/vendors/delete/{id}', 'VendorsController@destroy', 5, 'back_end', 0, 'users', '', 0, 1, '2015-11-14 12:20:00', '2015-11-14 12:20:00', '0000-00-00 00:00:00'),
(27, 'Delete Team Member', 'admin/team/delete/{id}', 'TeamController@destroy', 9, 'back_end', 0, 'users', '', 0, 1, '2015-11-14 12:55:00', '2015-11-14 12:55:00', '0000-00-00 00:00:00'),
(28, 'Projects', 'admin/projects', 'ProjectsController@index', 0, 'back_end', 1, 'projects', 'glyphicon-briefcase', 4, 1, '2015-11-14 15:05:00', '2015-11-14 15:05:00', '0000-00-00 00:00:00'),
(29, 'Manage Projects', 'admin/projects', 'ProjectController@index', 28, 'back_end', 1, 'projects', '', 1, 1, '2015-11-14 15:10:00', '2015-11-14 15:10:00', '0000-00-00 00:00:00'),
(30, 'Add Project', 'admin/projects/add', 'ProjectController@add', 29, 'back_end', 0, 'projects', '', 0, 1, '2015-11-14 16:30:00', '2015-11-14 16:30:00', '0000-00-00 00:00:00'),
(31, 'Store Project', 'admin/projects/store', 'ProjectController@store', 29, 'back_end', 0, 'projects', '', 0, 1, '2015-11-18 11:30:00', '2015-11-18 11:30:00', '0000-00-00 00:00:00'),
(32, 'Edit Project', 'admin/projects/edit/{id}', 'ProjectController@edit', 29, 'back_end', 0, 'projects', '', 0, 1, '2015-11-19 11:44:00', '2015-11-19 11:44:00', '0000-00-00 00:00:00'),
(33, 'View Projects', 'admin/projects/view/{id}', 'ProjectController@view', 29, 'back_end', 0, 'projects', '', 0, 1, '2015-11-19 15:00:00', '2015-11-19 15:00:00', '0000-00-00 00:00:00'),
(34, 'Update Project', 'admin/projects/update', 'ProjectController@update', 29, 'back_end', 0, 'projects', '', 0, 1, '2015-11-20 16:20:00', '2015-11-20 16:20:00', '0000-00-00 00:00:00'),
(35, 'Delete Project', 'admin/projects/delete/{id}', 'ProjectController@destroy', 29, 'back_end', 0, 'projects', '', 0, 1, '2015-11-20 16:20:00', '2015-11-20 16:20:00', '0000-00-00 00:00:00'),
(36, 'Detailed Project View', 'admin/projects/detail_view/{id}', 'ProjectController@detailedView', 29, 'back_end', 0, 'projects', '', 0, 1, '2015-11-23 15:18:00', '2015-11-23 15:18:00', '0000-00-00 00:00:00'),
(37, 'Award Project', 'admin/projects/detail_view/award_project/{vid}/{pid}', 'ProjectController@awardProject', 29, 'back_end', 0, 'projects', '', 0, 1, '2015-11-25 12:05:00', '2015-11-25 12:05:00', '0000-00-00 00:00:00'),
(38, 'Edit Bid Details', 'admin/projects/bids/getBid/{id}', 'BidController@getBidDetails', 29, 'back_end', 0, 'projects', '', 0, 1, '2015-11-25 14:42:00', '2015-11-25 14:42:00', '0000-00-00 00:00:00'),
(39, 'Update Bid Details', 'admin/projects/bids/update_bid', 'BidController@updateBidDetails', 29, 'back_end', 0, 'projects', '', 0, 1, '2015-11-25 15:11:00', '2015-11-25 15:11:00', '0000-00-00 00:00:00'),
(40, 'Delete Bid', 'admin/projects/bids/delete/{id}/{pid}', 'BidController@destroy', 29, 'back_end', 0, 'projects', '', 0, 1, '2015-11-25 15:45:00', '2015-11-25 15:45:00', '0000-00-00 00:00:00'),
(41, 'Add Bid', 'admin/projects/bids/create/{pid}', 'BidController@create', 29, 'back_end', 0, 'projects', '', 0, 1, '2015-11-25 16:23:00', '2015-11-25 16:23:00', '0000-00-00 00:00:00'),
(42, 'Store Bid', 'admin/projects/bids/store', 'BidController@store', 29, 'back_end', 0, 'projects', '', 0, 1, '2015-11-25 17:30:00', '2015-11-25 17:30:00', '0000-00-00 00:00:00'),
(43, 'Trades', 'Trade', 'TradeController@index', 0, 'back_end', 1, 'trade', 'glyphicon-road', 5, 1, '2015-12-01 10:25:00', '2015-12-01 10:25:00', '0000-00-00 00:00:00'),
(44, 'Manage Trades', 'admin/tradesection', 'TradesController@sectionIndex', 43, 'back_end', 1, 'trade', '', 1, 1, '2015-12-01 10:48:00', '2015-12-01 10:48:00', '0000-00-00 00:00:00'),
(45, 'Edit Trade Section', 'admin/tradeSection/edit/{sid}', 'TradesController@editSection', 44, 'back_end', 0, 'trade', '', 0, 1, '2015-12-01 11:47:00', '2015-12-01 11:47:00', '0000-00-00 00:00:00'),
(46, 'Update Trade Section', 'admin/tradeSection/update', 'TradesController@updateSection', 44, 'back_end', 0, 'trade', '', 0, 1, '2015-12-01 12:20:00', '2015-12-01 12:20:00', '0000-00-00 00:00:00'),
(47, 'Delete Trade Section', 'admin/tradesection/delete/{sid}', 'TradesController@destroySection', 44, 'back_end', 0, 'trade', '', 0, 1, '2015-12-01 12:35:00', '2015-12-01 12:35:00', '0000-00-00 00:00:00'),
(48, 'Add trade section', 'admin/tradesection/store', 'TradesController@storeSection', 44, 'back_end', 0, 'trade', '', 0, 1, '2015-12-01 12:50:00', '2015-12-01 12:50:00', '0000-00-00 00:00:00'),
(49, 'Add Trade', 'admin/trade/index/{sid}', 'TradesController@index', 44, 'back_end', 0, 'trade', '', 0, 1, '2015-12-04 17:10:00', '2015-12-04 17:10:00', '0000-00-00 00:00:00'),
(50, 'Store Trade', 'admin/trade/store', 'TradesController@store', 44, 'back_end', 0, 'trade', '', 0, 1, '2015-12-04 17:42:00', '2015-12-04 17:42:00', '0000-00-00 00:00:00'),
(51, 'Edit Trade', 'admin/trade/edit/{tid}/{sid}', 'TradesController@edit', 44, 'back_end', 0, 'trade', '', 0, 1, '2015-12-04 18:00:00', '2015-12-04 18:00:00', '0000-00-00 00:00:00'),
(52, 'Update Trade', 'admin/trade/update_trade', 'TradesController@update', 44, 'back_end', 0, 'trade', '', 0, 1, '2015-12-04 18:11:00', '2015-12-04 18:11:00', '0000-00-00 00:00:00'),
(53, 'Trade Edit Status', 'admin/trade/change_status/{tid}/{sid}', 'TradesController@editStatus', 44, 'back_end', 0, 'trade', '', 0, 1, '2015-12-04 18:32:00', '2015-12-04 18:32:00', '0000-00-00 00:00:00'),
(54, 'Trade Update status', 'admin/trade/update_status', 'TradesController@updateStatus', 44, 'back_end', 0, 'trade', '', 0, 1, '2015-12-04 18:46:00', '2015-12-04 18:46:00', '0000-00-00 00:00:00'),
(55, 'Delete Trade', 'admin/trade/delete/{id}/{sid}', 'TradesController@destroy', 44, 'back_end', 0, 'trade', '', 0, 1, '2015-12-04 18:55:00', '2015-12-04 18:55:00', '0000-00-00 00:00:00'),
(56, 'No bid Vendors', 'admin/projects/bids/notBid/{pid}', 'BidController@noBidVendors', 44, 'back_end', 0, 'bids', '', 0, 1, '2015-12-07 10:33:00', '2015-12-07 10:33:00', '0000-00-00 00:00:00'),
(57, 'optout-bids', 'admin/projects/bids/optout/{pid}', 'BidController@optoutVendors', 44, 'back_end', 0, 'bids', '', 0, 1, '2015-12-07 11:17:00', '2015-12-07 11:17:00', '0000-00-00 00:00:00'),
(58, 'Enable opt-out Vendors', 'admin/projects/enableVendors', 'BidController@enableVendors', 44, 'back_end', 0, 'bids', '', 0, 1, '2015-12-07 13:00:00', '2015-12-07 13:00:00', '0000-00-00 00:00:00'),
(59, 'Invited Vendors', 'admin/projects/bids/invited/{pid}', 'BidController@invitedVendors', 44, 'back_end', 0, 'bids', '', 0, 1, '2015-12-08 10:46:00', '2015-12-08 10:46:00', '0000-00-00 00:00:00'),
(60, 'Manage Positions', 'admin/positions', 'PositionController@index', 28, 'back_end', 1, 'projects', '', 3, 1, '2015-10-20 10:35:00', '2015-10-20 10:35:00', '0000-00-00 00:00:00'),
(61, 'Add/Edit Positions', 'admin/positions/add/{id?}', 'PositionController@add', 60, 'back_end', 0, 'projects', '', 0, 1, '2015-10-20 10:35:00', '2015-10-20 10:35:00', '0000-00-00 00:00:00'),
(62, 'View Position', 'admin/positions/view/{id}', 'PositionController@view', 60, 'back_end', 0, 'projects', '', 0, 1, '2015-10-20 10:35:00', '2015-10-20 10:35:00', '0000-00-00 00:00:00'),
(63, 'Change Position Status', 'admin/positions/changestatus/{id?}', 'PositionController@changeStatus', 60, 'back_end', 0, 'projects', '', 0, 1, '2015-10-20 10:35:00', '2015-10-20 10:35:00', '0000-00-00 00:00:00'),
(64, 'Delete Position ', 'admin/positions/delete/{id?}', 'PositionController@destroy', 60, 'back_end', 0, 'projects', '', 0, 1, '2015-10-20 10:35:00', '2015-10-20 10:35:00', '0000-00-00 00:00:00'),
(65, 'Send Invitation', 'admin/projects/invite/{id?}', 'ProjectController@sendInvitation', 60, 'back_end', 0, 'projects', '', 0, 1, '2015-10-20 10:35:00', '2015-10-20 10:35:00', '0000-00-00 00:00:00'),
(66, 'Manage AreaCode', 'admin/liststates', 'AreaCodeController@stateIndex', 77, 'back_end', 1, 'areacode', '', 1, 1, '2015-12-01 10:48:00', '2015-12-01 10:48:00', '0000-00-00 00:00:00'),
(67, 'List area codes', 'admin/areacode/index/{key}', 'AreaCodeController@index', 66, 'back_end', 0, 'areacode', '', 1, 1, '2015-12-01 10:48:00', '2015-12-01 10:48:00', '0000-00-00 00:00:00'),
(68, 'Add Area Code', 'admin/areacode/add/{id}', 'AreaCodeController@addAreaCode', 66, 'back_end', 0, 'areacode', '', 1, 1, '2015-12-01 10:48:00', '2015-12-01 10:48:00', '0000-00-00 00:00:00'),
(69, 'Edit State', 'admin/states/edit/{id}', 'AreaCodeController@editState', 66, 'back_end', 0, 'areacode', '', 1, 1, '2015-12-01 10:48:00', '2015-12-01 10:48:00', '0000-00-00 00:00:00'),
(70, 'Delete State', 'admin/states/delete/{id}', 'AreaCodeController@destroyState', 66, 'back_end', 0, 'areacode', '', 1, 1, '2015-12-01 10:48:00', '2015-12-01 10:48:00', '0000-00-00 00:00:00'),
(71, 'Edit AreaCode', 'admin/areacode/edit/{id}/{state_id}', 'AreaCodeController@editAreaCode', 66, 'back_end', 0, 'areacode', '', 1, 1, '2015-12-01 10:48:00', '2015-12-01 10:48:00', '0000-00-00 00:00:00'),
(72, 'Delete AreaCode', 'admin/areacode/delete/{id}/{state_id}', 'AreaCodeController@deleteAreaCode', 66, 'back_end', 0, 'areacode', '', 1, 1, '2015-12-01 10:48:00', '2015-12-01 10:48:00', '0000-00-00 00:00:00'),
(73, 'Display Map', 'admin/states/areamap/{id}', 'AreaCodeController@showAreaMap', 66, 'back_end', 0, 'areacode', '', 1, 1, '2015-12-01 10:48:00', '2015-12-01 10:48:00', '0000-00-00 00:00:00'),
(74, 'Change Area Code Status', 'admin/areacode/change_status/{id}/{state_id}', 'AreaCodeController@editStatus', 66, 'back_end', 0, 'areacode', '', 1, 1, '2015-12-01 10:48:00', '2015-12-01 10:48:00', '0000-00-00 00:00:00'),
(75, 'Bulk Upload', 'admin/areacode/bulkupload', 'AreaCodeController@bulkAreacodeUpload', 66, 'back_end', 0, 'areacode', '', 1, 1, '2015-12-01 10:48:00', '2015-12-01 10:48:00', '0000-00-00 00:00:00'),
(77, 'AreaCode', 'AreaCode', 'AreaCodeController@stateIndex', 0, 'back_end', 1, 'areacode', 'glyphicon-globe', 6, 1, '2015-12-01 10:25:00', '2015-12-01 10:25:00', '0000-00-00 00:00:00'),
(78, 'Export Project Vendors', 'admin/projects/exportvendor/{project_id}', 'ProjectController@exportProjectVendors', 29, 'back_end', 0, 'projects', '', 0, 1, '2015-11-20 16:20:00', '2015-11-20 16:20:00', '0000-00-00 00:00:00'),
(79, 'ZipCode', 'ZipCode', 'ZipCodeController@index', 0, 'back_end', 1, 'zipcode', 'glyphicon-plane', 7, 1, '2015-12-01 10:25:00', '2015-12-01 10:25:00', '0000-00-00 00:00:00'),
(80, 'Manage ZipCode', 'admin/zipcode', 'ZipCodeController@index', 79, 'back_end', 1, 'zipcode', '', 1, 1, '2015-12-01 10:25:00', '2015-12-01 10:25:00', '0000-00-00 00:00:00'),
(81, 'Add/Edit ZipCode', 'admin/zipcode/add/{id?}', 'ZipCodeController@add', 80, 'back_end', 0, 'zipcode', '', 0, 1, '2015-10-20 10:35:00', '2015-10-20 10:35:00', '0000-00-00 00:00:00'),
(82, 'View ZipCode', 'admin/zipcode/view/{id}', 'ZipCodeController@view', 80, 'back_end', 0, 'zipcode', '', 0, 1, '2015-10-20 10:35:00', '2015-10-20 10:35:00', '0000-00-00 00:00:00'),
(83, 'Delete ZipCode', 'admin/zipcode/delete/{id?}', 'ZipCodeController@destroy', 80, 'back_end', 0, 'zipcode', '', 0, 1, '2015-10-20 10:35:00', '2015-10-20 10:35:00', '0000-00-00 00:00:00'),
(84, 'Change ZipCodeStatus', 'admin/zipcode/changestatus/{id?}', 'ZipCodeController@changeStatus', 80, 'back_end', 0, 'projects', '', 0, 1, '2015-10-20 10:35:00', '2015-10-20 10:35:00', '0000-00-00 00:00:00'),
(85, 'Careers', 'Careers', 'JobsController@index', 0, 'back_end', 1, 'jobs', 'glyphicon glyphicon-file', 8, 1, '2015-12-01 10:25:00', '2015-12-01 10:25:00', '0000-00-00 00:00:00'),
(86, 'Manage Careers', 'admin/jobs', 'JobsController@index', 85, 'back_end', 1, 'jobs', '', 6, 1, '2015-12-01 10:25:00', '2015-12-01 10:25:00', '0000-00-00 00:00:00'),
(87, 'Add/Edit Jobs', 'admin/jobs/add', 'JobsController@add', 86, 'back_end', 0, 'jobs', '', 0, 1, '2015-10-20 10:35:00', '2015-10-20 10:35:00', '0000-00-00 00:00:00'),
(88, 'Edit Jobs', 'admin/jobs/edit/{id}', 'JobsController@edit', 86, 'back_end', 0, 'jobs', '', 0, 1, '2015-10-20 10:35:00', '2015-10-20 10:35:00', '0000-00-00 00:00:00'),
(89, 'View Jobs', 'admin/jobs/view/{id}', 'JobsController@view', 86, 'back_end', 0, 'jobs', '', 0, 1, '2015-10-20 10:35:00', '2015-10-20 10:35:00', '0000-00-00 00:00:00'),
(90, 'Change Jobs Status', 'admin/jobs/change_status/{id}', 'JobsController@changeStatus', 86, 'back_end', 0, 'jobs', '', 0, 1, '2015-10-20 10:35:00', '2015-10-20 10:35:00', '0000-00-00 00:00:00'),
(91, 'Delete Jobs', 'admin/jobs/delete/{id}', 'JobsController@destroy', 86, 'back_end', 0, 'jobs', '', 0, 1, '2015-10-20 10:35:00', '2015-10-20 10:35:00', '0000-00-00 00:00:00'),
(92, 'Pages', 'Pages', 'PagesController@index', 0, 'back_end', 1, 'pages', 'glyphicon glyphicon-list-alt', 10, 1, '2015-12-01 10:25:00', '2015-12-01 10:25:00', '0000-00-00 00:00:00'),
(93, 'Manage Pages', 'admin/pages', 'PagesController@index', 92, 'back_end', 1, 'pages', '', 1, 1, '2015-12-01 10:25:00', '2015-12-01 10:25:00', '0000-00-00 00:00:00'),
(94, 'Add Pages', 'admin/pages/add', 'PagesController@add', 93, 'back_end', 0, 'pages', '', 0, 1, '2015-10-20 10:35:00', '2015-10-20 10:35:00', '0000-00-00 00:00:00'),
(95, 'Edit Pages', 'admin/pages/edit/{id}', 'PagesController@edit', 93, 'back_end', 0, 'pages', '', 0, 1, '2015-10-20 10:35:00', '2015-10-20 10:35:00', '0000-00-00 00:00:00'),
(96, 'Change Page Status', 'admin/pages/change_status/{id}', 'PagesController@changeStatus', 93, 'back_end', 0, 'pages', '', 0, 1, '2015-10-20 10:35:00', '2015-10-20 10:35:00', '0000-00-00 00:00:00'),
(97, 'View Child Pages', 'admin/pages/childpages/{id}', 'PagesController@childPagesIndex', 93, 'back_end', 0, 'pages', '', 0, 1, '2015-10-20 10:35:00', '2015-10-20 10:35:00', '0000-00-00 00:00:00'),
(98, 'Delete Pages', 'admin/pages/delete/{id}', 'PagesController@destroy', 93, 'back_end', 0, 'pages', '', 0, 1, '2015-10-20 10:35:00', '2015-10-20 10:35:00', '0000-00-00 00:00:00'),
(99, 'Forms', 'Forms', 'FormsController@index', 0, 'back_end', 1, 'forms', 'glyphicon glyphicon-book', 9, 1, '2015-12-01 10:25:00', '2015-12-01 10:25:00', '0000-00-00 00:00:00'),
(100, 'Manage Forms', 'admin/forms', 'FormsController@index', 99, 'back_end', 1, 'forms', '', 1, 1, '2015-12-01 10:25:00', '2015-12-01 10:25:00', '0000-00-00 00:00:00'),
(101, 'Add Forms', 'admin/forms/add', 'FormsController@add', 100, 'back_end', 0, 'forms', '', 0, 1, '2015-10-20 10:35:00', '2015-10-20 10:35:00', '0000-00-00 00:00:00'),
(102, 'Edit Forms', 'admin/forms/edit/{id}', 'FormsController@edit', 100, 'back_end', 0, 'forms', '', 0, 1, '2015-10-20 10:35:00', '2015-10-20 10:35:00', '0000-00-00 00:00:00'),
(103, 'Change Forms Status', 'admin/forms/change_status/{id}', 'FormsController@changeStatus', 100, 'back_end', 0, 'pages', '', 0, 1, '2015-10-20 10:35:00', '2015-10-20 10:35:00', '0000-00-00 00:00:00'),
(104, 'Delete Forms', 'admin/forms/delete/{id}', 'FormsController@destroy', 100, 'back_end', 0, 'pages', '', 0, 1, '2015-10-20 10:35:00', '2015-10-20 10:35:00', '0000-00-00 00:00:00'),
(105, 'ViewForms', 'admin/forms/view/{id}', 'FormsController@view', 100, 'back_end', 0, 'forms', '', 0, 1, '2015-10-20 10:35:00', '2015-10-20 10:35:00', '0000-00-00 00:00:00'),
(106, 'ViewFormFile', 'admin/forms/view-file/{id}', 'FormsController@viewfile', 100, 'back_end', 0, 'forms', '', 0, 1, '2015-10-20 10:35:00', '2015-10-20 10:35:00', '0000-00-00 00:00:00'),
(107, 'Send Invitation', 'admin/projects/matched-vendors/{id?}', 'ProjectController@showMatchedVendors', 60, 'back_end', 0, 'projects', '', 0, 1, '2015-10-20 10:35:00', '2015-10-20 10:35:00', '0000-00-00 00:00:00'),
(108, 'View Bid Details', 'admin/bids/view/{id}', 'BidController@viewBidDetails', 29, 'back_end', 0, 'projects', '', 0, 1, '2015-11-25 14:42:00', '2015-11-25 14:42:00', '0000-00-00 00:00:00'),
(109, 'View Bid Details', 'admin/bids/view/{id}', 'BidController@viewBidDetails', 29, 'back_end', 0, 'projects', '', 0, 1, '2015-11-25 14:42:00', '2015-11-25 14:42:00', '0000-00-00 00:00:00'),
(110, 'Job Candidates', 'admin/jobs/candidates/{id}', 'JobsController@candidatesIndex', 86, 'back_end', 0, 'jobs', '', 0, 1, '2015-10-20 10:35:00', '2015-10-20 10:35:00', '0000-00-00 00:00:00'),
(111, 'Job Candidates', 'admin/jobs/candidates/view/{id}', 'JobsController@candidatesviewIndex', 86, 'back_end', 0, 'jobs', '', 0, 1, '2015-10-20 10:35:00', '2015-10-20 10:35:00', '0000-00-00 00:00:00'),
(112, 'Change Jobs Status', 'admin/jobs/candidate/change_status/{id}', 'JobsController@changeCandidateStatus', 86, 'back_end', 0, 'jobs', '', 0, 1, '2015-10-20 10:35:00', '2015-10-20 10:35:00', '0000-00-00 00:00:00'),
(113, 'Delete Job Candidate', 'admin/jobs/candidate/delete/{id}', 'JobsController@destroyCandidate', 86, 'back_end', 0, 'jobs', '', 0, 1, '2015-10-20 10:35:00', '2015-10-20 10:35:00', '0000-00-00 00:00:00'),
(114, 'Add State', 'admin/areacode/add-state', 'AreaCodeController@addState', 66, 'back_end', 0, 'areacode', '', 1, 1, '2015-12-01 10:48:00', '2015-12-01 10:48:00', '0000-00-00 00:00:00'),
(115, 'Vendors', 'vendor', 'VendorsController@index', 0, 'back_end', 1, 'users', 'glyphicon-user', 3, 1, '2015-10-20 17:25:00', '2015-10-20 17:25:00', '0000-00-00 00:00:00'),
(116, 'New Vendors', 'admin/new-vendors', 'VendorsController@PendingVendorindex', 115, 'back_end', 1, 'users', '', 2, 1, '2015-10-20 17:45:00', '2015-10-20 17:45:00', '0000-00-00 00:00:00'),
(119, 'Manage PortFolio', 'admin/projects-portfolio', 'ProjectPortFolioController@index', 28, 'back_end', 1, 'projects', '', 1, 1, '2015-11-14 15:10:00', '2015-11-14 15:10:00', '0000-00-00 00:00:00'),
(120, 'Add Project in Portfolio', 'admin/projects-portfolio/add', 'ProjectPortFolioController@add', 29, 'back_end', 0, 'projects', '', 0, 1, '2015-11-14 16:30:00', '2015-11-14 16:30:00', '0000-00-00 00:00:00'),
(121, 'Edit Project in PortFolio', 'admin/projects-portfolio/edit/{id}', 'ProjectPortFolioController@edit', 29, 'back_end', 0, 'projects', '', 0, 1, '2015-11-19 11:44:00', '2015-11-19 11:44:00', '0000-00-00 00:00:00'),
(122, 'View Projects in Portfolio', 'admin/projects-portfolio/view/{id}', 'ProjectPortFolioController@view', 29, 'back_end', 0, 'projects', '', 0, 1, '2015-11-19 15:00:00', '2015-11-19 15:00:00', '0000-00-00 00:00:00'),
(123, 'Update Project in PortFolio', 'admin/projects-portfolio/update', 'ProjectPortFolioController@update', 29, 'back_end', 0, 'projects', '', 0, 1, '2015-11-20 16:20:00', '2015-11-20 16:20:00', '0000-00-00 00:00:00'),
(124, 'Delete Project in PortFolio', 'admin/projects-portfolio/delete/{id}', 'ProjectPortFolioController@destroy', 29, 'back_end', 0, 'projects', '', 0, 1, '2015-11-20 16:20:00', '2015-11-20 16:20:00', '0000-00-00 00:00:00'),
(125, 'Store Project in PortFolio', 'admin/projects-portfolio/store', 'ProjectPortFolioController@store', 29, 'back_end', 0, 'projects', '', 0, 1, '2015-11-18 11:30:00', '2015-11-18 11:30:00', '0000-00-00 00:00:00');

-- --------------------------------------------------------

--
-- Table structure for table `area_code`
--

CREATE TABLE IF NOT EXISTS `area_code` (
  `id` int(5) NOT NULL auto_increment,
  `state_id` int(5) NOT NULL,
  `area_code` int(5) NOT NULL,
  `status` enum('Active','Inactive') NOT NULL default 'Active',
  `created_at` datetime NOT NULL,
  `updated_at` datetime NOT NULL,
  PRIMARY KEY  (`id`),
  KEY `state_id` (`state_id`)
) ENGINE=InnoDB  DEFAULT CHARSET=latin1 AUTO_INCREMENT=369 ;

--
-- Dumping data for table `area_code`
--

INSERT INTO `area_code` (`id`, `state_id`, `area_code`, `status`, `created_at`, `updated_at`) VALUES
(1, 1, 239, 'Active', '0000-00-00 00:00:00', '2016-01-21 07:03:53'),
(2, 1, 305, 'Active', '0000-00-00 00:00:00', '0000-00-00 00:00:00'),
(3, 1, 321, 'Active', '0000-00-00 00:00:00', '0000-00-00 00:00:00'),
(4, 1, 352, 'Active', '0000-00-00 00:00:00', '0000-00-00 00:00:00'),
(5, 1, 386, 'Active', '0000-00-00 00:00:00', '0000-00-00 00:00:00'),
(6, 1, 407, 'Active', '0000-00-00 00:00:00', '0000-00-00 00:00:00'),
(7, 1, 561, 'Active', '0000-00-00 00:00:00', '0000-00-00 00:00:00'),
(9, 1, 727, 'Active', '0000-00-00 00:00:00', '0000-00-00 00:00:00'),
(10, 1, 754, 'Active', '0000-00-00 00:00:00', '0000-00-00 00:00:00'),
(11, 1, 772, 'Active', '0000-00-00 00:00:00', '0000-00-00 00:00:00'),
(12, 1, 786, 'Active', '0000-00-00 00:00:00', '0000-00-00 00:00:00'),
(13, 1, 813, 'Active', '0000-00-00 00:00:00', '0000-00-00 00:00:00'),
(14, 1, 850, 'Active', '0000-00-00 00:00:00', '0000-00-00 00:00:00'),
(15, 1, 863, 'Active', '0000-00-00 00:00:00', '0000-00-00 00:00:00'),
(16, 1, 941, 'Active', '0000-00-00 00:00:00', '0000-00-00 00:00:00'),
(17, 1, 904, 'Active', '0000-00-00 00:00:00', '0000-00-00 00:00:00'),
(18, 1, 954, 'Active', '0000-00-00 00:00:00', '0000-00-00 00:00:00'),
(19, 2, 229, 'Active', '0000-00-00 00:00:00', '0000-00-00 00:00:00'),
(20, 2, 404, 'Active', '0000-00-00 00:00:00', '0000-00-00 00:00:00'),
(21, 2, 478, 'Active', '0000-00-00 00:00:00', '0000-00-00 00:00:00'),
(22, 2, 678, 'Active', '0000-00-00 00:00:00', '0000-00-00 00:00:00'),
(23, 2, 706, 'Active', '0000-00-00 00:00:00', '0000-00-00 00:00:00'),
(24, 2, 770, 'Active', '0000-00-00 00:00:00', '0000-00-00 00:00:00'),
(25, 2, 912, 'Active', '0000-00-00 00:00:00', '0000-00-00 00:00:00'),
(26, 3, 803, 'Active', '0000-00-00 00:00:00', '0000-00-00 00:00:00'),
(27, 3, 843, 'Active', '0000-00-00 00:00:00', '0000-00-00 00:00:00'),
(28, 3, 864, 'Active', '0000-00-00 00:00:00', '0000-00-00 00:00:00'),
(29, 4, 252, 'Active', '0000-00-00 00:00:00', '0000-00-00 00:00:00'),
(30, 4, 336, 'Active', '0000-00-00 00:00:00', '0000-00-00 00:00:00'),
(31, 4, 704, 'Active', '0000-00-00 00:00:00', '0000-00-00 00:00:00'),
(32, 4, 828, 'Active', '0000-00-00 00:00:00', '0000-00-00 00:00:00'),
(33, 4, 910, 'Active', '0000-00-00 00:00:00', '0000-00-00 00:00:00'),
(34, 4, 919, 'Active', '0000-00-00 00:00:00', '0000-00-00 00:00:00'),
(35, 5, 205, 'Active', '0000-00-00 00:00:00', '2016-02-05 05:33:49'),
(36, 5, 251, 'Active', '0000-00-00 00:00:00', '0000-00-00 00:00:00'),
(37, 5, 256, 'Active', '0000-00-00 00:00:00', '0000-00-00 00:00:00'),
(38, 5, 334, 'Active', '0000-00-00 00:00:00', '0000-00-00 00:00:00'),
(39, 6, 228, 'Active', '0000-00-00 00:00:00', '0000-00-00 00:00:00'),
(40, 6, 601, 'Active', '0000-00-00 00:00:00', '0000-00-00 00:00:00'),
(41, 6, 662, 'Active', '0000-00-00 00:00:00', '0000-00-00 00:00:00'),
(42, 6, 769, 'Active', '0000-00-00 00:00:00', '0000-00-00 00:00:00'),
(43, 7, 276, 'Active', '0000-00-00 00:00:00', '0000-00-00 00:00:00'),
(44, 7, 434, 'Active', '0000-00-00 00:00:00', '0000-00-00 00:00:00'),
(45, 7, 540, 'Active', '0000-00-00 00:00:00', '0000-00-00 00:00:00'),
(46, 7, 571, 'Active', '0000-00-00 00:00:00', '0000-00-00 00:00:00'),
(47, 7, 703, 'Active', '0000-00-00 00:00:00', '0000-00-00 00:00:00'),
(48, 7, 757, 'Active', '0000-00-00 00:00:00', '0000-00-00 00:00:00'),
(49, 7, 804, 'Active', '0000-00-00 00:00:00', '0000-00-00 00:00:00'),
(50, 8, 423, 'Active', '0000-00-00 00:00:00', '0000-00-00 00:00:00'),
(51, 8, 615, 'Active', '0000-00-00 00:00:00', '0000-00-00 00:00:00'),
(52, 8, 731, 'Active', '0000-00-00 00:00:00', '0000-00-00 00:00:00'),
(53, 8, 865, 'Active', '0000-00-00 00:00:00', '0000-00-00 00:00:00'),
(54, 8, 901, 'Active', '0000-00-00 00:00:00', '0000-00-00 00:00:00'),
(55, 8, 931, 'Active', '0000-00-00 00:00:00', '0000-00-00 00:00:00'),
(56, 9, 217, 'Active', '0000-00-00 00:00:00', '0000-00-00 00:00:00'),
(57, 9, 309, 'Active', '0000-00-00 00:00:00', '0000-00-00 00:00:00'),
(58, 9, 312, 'Active', '0000-00-00 00:00:00', '0000-00-00 00:00:00'),
(59, 9, 618, 'Active', '0000-00-00 00:00:00', '0000-00-00 00:00:00'),
(60, 9, 630, 'Active', '0000-00-00 00:00:00', '0000-00-00 00:00:00'),
(61, 9, 708, 'Active', '0000-00-00 00:00:00', '0000-00-00 00:00:00'),
(62, 9, 773, 'Active', '0000-00-00 00:00:00', '0000-00-00 00:00:00'),
(63, 9, 815, 'Active', '0000-00-00 00:00:00', '0000-00-00 00:00:00'),
(64, 9, 847, 'Active', '0000-00-00 00:00:00', '0000-00-00 00:00:00'),
(65, 10, 314, 'Active', '0000-00-00 00:00:00', '0000-00-00 00:00:00'),
(66, 10, 417, 'Active', '0000-00-00 00:00:00', '0000-00-00 00:00:00'),
(67, 10, 573, 'Active', '0000-00-00 00:00:00', '0000-00-00 00:00:00'),
(68, 10, 636, 'Active', '0000-00-00 00:00:00', '0000-00-00 00:00:00'),
(69, 10, 660, 'Active', '0000-00-00 00:00:00', '0000-00-00 00:00:00'),
(70, 10, 816, 'Active', '0000-00-00 00:00:00', '0000-00-00 00:00:00'),
(71, 11, 210, 'Active', '0000-00-00 00:00:00', '0000-00-00 00:00:00'),
(72, 11, 214, 'Active', '0000-00-00 00:00:00', '0000-00-00 00:00:00'),
(73, 11, 254, 'Active', '0000-00-00 00:00:00', '0000-00-00 00:00:00'),
(74, 11, 281, 'Active', '0000-00-00 00:00:00', '0000-00-00 00:00:00'),
(75, 11, 325, 'Active', '0000-00-00 00:00:00', '0000-00-00 00:00:00'),
(76, 11, 346, 'Active', '0000-00-00 00:00:00', '0000-00-00 00:00:00'),
(77, 11, 361, 'Active', '0000-00-00 00:00:00', '0000-00-00 00:00:00'),
(78, 11, 409, 'Active', '0000-00-00 00:00:00', '0000-00-00 00:00:00'),
(79, 11, 430, 'Active', '0000-00-00 00:00:00', '0000-00-00 00:00:00'),
(80, 11, 432, 'Active', '0000-00-00 00:00:00', '0000-00-00 00:00:00'),
(81, 11, 469, 'Active', '0000-00-00 00:00:00', '0000-00-00 00:00:00'),
(82, 11, 512, 'Active', '0000-00-00 00:00:00', '0000-00-00 00:00:00'),
(83, 11, 682, 'Active', '0000-00-00 00:00:00', '0000-00-00 00:00:00'),
(84, 11, 713, 'Active', '0000-00-00 00:00:00', '0000-00-00 00:00:00'),
(85, 11, 737, 'Active', '0000-00-00 00:00:00', '0000-00-00 00:00:00'),
(86, 11, 806, 'Active', '0000-00-00 00:00:00', '0000-00-00 00:00:00'),
(87, 11, 817, 'Active', '0000-00-00 00:00:00', '0000-00-00 00:00:00'),
(88, 11, 830, 'Active', '0000-00-00 00:00:00', '0000-00-00 00:00:00'),
(89, 11, 832, 'Active', '0000-00-00 00:00:00', '0000-00-00 00:00:00'),
(90, 11, 903, 'Active', '0000-00-00 00:00:00', '0000-00-00 00:00:00'),
(91, 11, 915, 'Active', '0000-00-00 00:00:00', '0000-00-00 00:00:00'),
(92, 11, 936, 'Active', '0000-00-00 00:00:00', '0000-00-00 00:00:00'),
(93, 11, 940, 'Active', '0000-00-00 00:00:00', '0000-00-00 00:00:00'),
(94, 11, 956, 'Active', '0000-00-00 00:00:00', '0000-00-00 00:00:00'),
(95, 11, 972, 'Active', '0000-00-00 00:00:00', '0000-00-00 00:00:00'),
(96, 11, 979, 'Active', '0000-00-00 00:00:00', '0000-00-00 00:00:00'),
(97, 12, 479, 'Active', '0000-00-00 00:00:00', '0000-00-00 00:00:00'),
(98, 12, 501, 'Active', '0000-00-00 00:00:00', '0000-00-00 00:00:00'),
(99, 12, 870, 'Active', '0000-00-00 00:00:00', '0000-00-00 00:00:00'),
(100, 13, 225, 'Active', '0000-00-00 00:00:00', '0000-00-00 00:00:00'),
(101, 13, 318, 'Active', '0000-00-00 00:00:00', '0000-00-00 00:00:00'),
(102, 13, 337, 'Active', '0000-00-00 00:00:00', '0000-00-00 00:00:00'),
(103, 13, 504, 'Active', '0000-00-00 00:00:00', '0000-00-00 00:00:00'),
(104, 13, 985, 'Active', '0000-00-00 00:00:00', '0000-00-00 00:00:00'),
(111, 5, 938, 'Active', '2016-02-05 05:34:26', '2016-02-05 05:34:26'),
(114, 4, 980, 'Active', '2016-02-05 05:45:09', '2016-02-05 05:45:09'),
(115, 14, 907, 'Active', '2016-05-02 08:57:13', '2016-05-02 08:57:13'),
(116, 15, 480, 'Active', '2016-05-02 08:57:13', '2016-05-02 08:57:13'),
(117, 15, 623, 'Active', '2016-05-02 08:57:13', '2016-05-02 08:57:13'),
(118, 15, 928, 'Active', '2016-05-02 08:57:13', '2016-05-02 08:57:13'),
(119, 15, 602, 'Active', '2016-05-02 08:57:13', '2016-05-02 08:57:13'),
(120, 15, 520, 'Active', '2016-05-02 08:57:13', '2016-05-02 08:57:13'),
(124, 16, 925, 'Active', '2016-05-02 08:57:13', '2016-05-02 08:57:13'),
(125, 16, 909, 'Active', '2016-05-02 08:57:13', '2016-05-02 08:57:13'),
(126, 16, 562, 'Active', '2016-05-02 08:57:14', '2016-05-02 08:57:14'),
(127, 16, 661, 'Active', '2016-05-02 08:57:14', '2016-05-02 08:57:14'),
(128, 16, 657, 'Active', '2016-05-02 08:57:14', '2016-05-02 08:57:14'),
(129, 16, 510, 'Active', '2016-05-02 08:57:14', '2016-05-02 08:57:14'),
(131, 16, 949, 'Active', '2016-05-02 08:57:14', '2016-05-02 08:57:14'),
(132, 16, 760, 'Active', '2016-05-02 08:57:14', '2016-05-02 08:57:14'),
(133, 16, 415, 'Active', '2016-05-02 08:57:14', '2016-05-02 08:57:14'),
(136, 16, 831, 'Active', '2016-05-02 08:57:14', '2016-05-02 08:57:14'),
(137, 16, 209, 'Active', '2016-05-02 08:57:14', '2016-05-02 08:57:14'),
(138, 16, 669, 'Active', '2016-05-02 08:57:14', '2016-05-02 08:57:14'),
(139, 16, 408, 'Active', '2016-05-02 08:57:14', '2016-05-02 08:57:14'),
(140, 16, 559, 'Active', '2016-05-02 08:57:14', '2016-05-02 08:57:14'),
(141, 16, 626, 'Active', '2016-05-02 08:57:14', '2016-05-02 08:57:14'),
(142, 16, 442, 'Active', '2016-05-02 08:57:14', '2016-05-02 08:57:14'),
(143, 16, 530, 'Active', '2016-05-02 08:57:15', '2016-05-02 08:57:15'),
(144, 16, 916, 'Active', '2016-05-02 08:57:15', '2016-05-02 08:57:15'),
(145, 16, 707, 'Active', '2016-05-02 08:57:15', '2016-05-02 08:57:15'),
(146, 16, 650, 'Active', '2016-05-02 08:57:15', '2016-05-02 08:57:15'),
(147, 16, 714, 'Active', '2016-05-02 08:57:15', '2016-05-02 08:57:15'),
(148, 16, 310, 'Active', '2016-05-02 08:57:15', '2016-05-02 08:57:15'),
(149, 16, 323, 'Active', '2016-05-02 08:57:15', '2016-05-02 08:57:15'),
(150, 16, 213, 'Active', '2016-05-02 08:57:15', '2016-05-02 08:57:15'),
(151, 16, 424, 'Active', '2016-05-02 08:57:15', '2016-05-02 08:57:15'),
(152, 16, 747, 'Active', '2016-05-02 08:57:15', '2016-05-02 08:57:15'),
(153, 16, 818, 'Active', '2016-05-02 08:57:15', '2016-05-02 08:57:15'),
(154, 16, 858, 'Active', '2016-05-02 08:57:15', '2016-05-02 08:57:15'),
(156, 16, 619, 'Active', '2016-05-02 08:57:15', '2016-05-02 08:57:15'),
(157, 16, 805, 'Active', '2016-05-02 08:57:15', '2016-05-02 08:57:15'),
(159, 17, 720, 'Active', '2016-05-02 08:57:15', '2016-05-02 08:57:15'),
(160, 17, 303, 'Active', '2016-05-02 08:57:16', '2016-05-02 08:57:16'),
(161, 17, 970, 'Active', '2016-05-02 08:57:16', '2016-05-02 08:57:16'),
(162, 17, 719, 'Active', '2016-05-02 08:57:16', '2016-05-02 08:57:16'),
(163, 18, 203, 'Active', '2016-05-02 08:57:16', '2016-05-02 08:57:16'),
(165, 18, 475, 'Active', '2016-05-02 08:57:16', '2016-05-02 08:57:16'),
(166, 18, 860, 'Active', '2016-05-02 08:57:16', '2016-05-02 08:57:16'),
(167, 19, 302, 'Active', '2016-05-02 08:57:16', '2016-05-02 08:57:16'),
(168, 20, 808, 'Active', '2016-05-02 08:57:16', '2016-05-02 08:57:16'),
(169, 23, 515, 'Active', '2016-05-02 08:57:16', '2016-05-02 08:57:16'),
(170, 23, 319, 'Active', '2016-05-02 08:57:16', '2016-05-02 08:57:16'),
(171, 23, 563, 'Active', '2016-05-02 08:57:16', '2016-05-02 08:57:16'),
(172, 23, 641, 'Active', '2016-05-02 08:57:16', '2016-05-02 08:57:16'),
(173, 23, 712, 'Active', '2016-05-02 08:57:16', '2016-05-02 08:57:16'),
(174, 21, 208, 'Active', '2016-05-02 08:57:16', '2016-05-02 08:57:16'),
(175, 22, 765, 'Active', '2016-05-02 08:57:16', '2016-05-02 08:57:16'),
(176, 22, 574, 'Active', '2016-05-02 08:57:16', '2016-05-02 08:57:16'),
(177, 22, 260, 'Active', '2016-05-02 08:57:16', '2016-05-02 08:57:16'),
(178, 22, 219, 'Active', '2016-05-02 08:57:17', '2016-05-02 08:57:17'),
(179, 22, 317, 'Active', '2016-05-02 08:57:17', '2016-05-02 08:57:17'),
(180, 22, 812, 'Active', '2016-05-02 08:57:17', '2016-05-02 08:57:17'),
(181, 24, 913, 'Active', '2016-05-02 08:57:17', '2016-05-02 08:57:17'),
(182, 24, 785, 'Active', '2016-05-02 08:57:17', '2016-05-02 08:57:17'),
(183, 24, 316, 'Active', '2016-05-02 08:57:17', '2016-05-02 08:57:17'),
(184, 24, 620, 'Active', '2016-05-02 08:57:17', '2016-05-02 08:57:17'),
(186, 25, 502, 'Active', '2016-05-02 08:57:17', '2016-05-02 08:57:17'),
(187, 25, 859, 'Active', '2016-05-02 08:57:17', '2016-05-02 08:57:17'),
(188, 25, 606, 'Active', '2016-05-02 08:57:17', '2016-05-02 08:57:17'),
(189, 25, 270, 'Active', '2016-05-02 08:57:17', '2016-05-02 08:57:17'),
(190, 28, 774, 'Active', '2016-05-02 08:57:17', '2016-05-02 08:57:17'),
(191, 28, 508, 'Active', '2016-05-02 08:57:17', '2016-05-02 08:57:17'),
(192, 28, 781, 'Active', '2016-05-02 08:57:17', '2016-05-02 08:57:17'),
(193, 28, 339, 'Active', '2016-05-02 08:57:17', '2016-05-02 08:57:17'),
(194, 28, 857, 'Active', '2016-05-02 08:57:17', '2016-05-02 08:57:17'),
(195, 28, 617, 'Active', '2016-05-02 08:57:18', '2016-05-02 08:57:18'),
(196, 28, 978, 'Active', '2016-05-02 08:57:18', '2016-05-02 08:57:18'),
(197, 28, 351, 'Active', '2016-05-02 08:57:18', '2016-05-02 08:57:18'),
(198, 28, 413, 'Active', '2016-05-02 08:57:18', '2016-05-02 08:57:18'),
(199, 27, 443, 'Active', '2016-05-02 08:57:18', '2016-05-02 08:57:18'),
(200, 27, 410, 'Active', '2016-05-02 08:57:18', '2016-05-02 08:57:18'),
(203, 27, 667, 'Active', '2016-05-02 08:57:18', '2016-05-02 08:57:18'),
(204, 27, 240, 'Active', '2016-05-02 08:57:18', '2016-05-02 08:57:18'),
(205, 27, 301, 'Active', '2016-05-02 08:57:18', '2016-05-02 08:57:18'),
(206, 26, 207, 'Active', '2016-05-02 08:57:18', '2016-05-02 08:57:18'),
(208, 29, 517, 'Active', '2016-05-02 08:57:18', '2016-05-02 08:57:18'),
(210, 29, 810, 'Active', '2016-05-02 08:57:18', '2016-05-02 08:57:18'),
(212, 29, 313, 'Active', '2016-05-02 08:57:19', '2016-05-02 08:57:19'),
(213, 29, 586, 'Active', '2016-05-02 08:57:19', '2016-05-02 08:57:19'),
(214, 29, 248, 'Active', '2016-05-02 08:57:19', '2016-05-02 08:57:19'),
(215, 29, 734, 'Active', '2016-05-02 08:57:19', '2016-05-02 08:57:19'),
(216, 29, 269, 'Active', '2016-05-02 08:57:19', '2016-05-02 08:57:19'),
(217, 29, 906, 'Active', '2016-05-02 08:57:19', '2016-05-02 08:57:19'),
(218, 29, 989, 'Active', '2016-05-02 08:57:19', '2016-05-02 08:57:19'),
(219, 29, 616, 'Active', '2016-05-02 08:57:19', '2016-05-02 08:57:19'),
(220, 29, 231, 'Active', '2016-05-02 08:57:19', '2016-05-02 08:57:19'),
(222, 29, 947, 'Active', '2016-05-02 08:57:19', '2016-05-02 08:57:19'),
(223, 30, 612, 'Active', '2016-05-02 08:57:19', '2016-05-02 08:57:19'),
(224, 30, 320, 'Active', '2016-05-02 08:57:19', '2016-05-02 08:57:19'),
(225, 30, 651, 'Active', '2016-05-02 08:57:19', '2016-05-02 08:57:19'),
(226, 30, 763, 'Active', '2016-05-02 08:57:19', '2016-05-02 08:57:19'),
(227, 30, 952, 'Active', '2016-05-02 08:57:19', '2016-05-02 08:57:19'),
(228, 30, 218, 'Active', '2016-05-02 08:57:19', '2016-05-02 08:57:19'),
(229, 30, 507, 'Active', '2016-05-02 08:57:19', '2016-05-02 08:57:19'),
(230, 31, 406, 'Active', '2016-05-02 08:57:19', '2016-05-02 08:57:19'),
(231, 38, 701, 'Active', '2016-05-02 08:57:20', '2016-05-02 08:57:20'),
(232, 32, 402, 'Active', '2016-05-02 08:57:20', '2016-05-02 08:57:20'),
(233, 32, 308, 'Active', '2016-05-02 08:57:20', '2016-05-02 08:57:20'),
(234, 34, 603, 'Active', '2016-05-02 08:57:20', '2016-05-02 08:57:20'),
(235, 35, 908, 'Active', '2016-05-02 08:57:20', '2016-05-02 08:57:20'),
(236, 35, 848, 'Active', '2016-05-02 08:57:20', '2016-05-02 08:57:20'),
(237, 35, 732, 'Active', '2016-05-02 08:57:20', '2016-05-02 08:57:20'),
(238, 35, 551, 'Active', '2016-05-02 08:57:20', '2016-05-02 08:57:20'),
(239, 35, 201, 'Active', '2016-05-02 08:57:20', '2016-05-02 08:57:20'),
(240, 35, 862, 'Active', '2016-05-02 08:57:20', '2016-05-02 08:57:20'),
(241, 35, 973, 'Active', '2016-05-02 08:57:20', '2016-05-02 08:57:20'),
(242, 35, 609, 'Active', '2016-05-02 08:57:20', '2016-05-02 08:57:20'),
(243, 35, 856, 'Active', '2016-05-02 08:57:20', '2016-05-02 08:57:20'),
(244, 36, 505, 'Active', '2016-05-02 08:57:20', '2016-05-02 08:57:20'),
(245, 36, 575, 'Active', '2016-05-02 08:57:20', '2016-05-02 08:57:20'),
(246, 33, 702, 'Active', '2016-05-02 08:57:20', '2016-05-02 08:57:20'),
(247, 33, 775, 'Active', '2016-05-02 08:57:20', '2016-05-02 08:57:20'),
(248, 37, 315, 'Active', '2016-05-02 08:57:20', '2016-05-02 08:57:20'),
(249, 37, 518, 'Active', '2016-05-02 08:57:20', '2016-05-02 08:57:20'),
(250, 37, 716, 'Active', '2016-05-02 08:57:21', '2016-05-02 08:57:21'),
(251, 37, 585, 'Active', '2016-05-02 08:57:21', '2016-05-02 08:57:21'),
(252, 37, 646, 'Active', '2016-05-02 08:57:21', '2016-05-02 08:57:21'),
(253, 37, 347, 'Active', '2016-05-02 08:57:21', '2016-05-02 08:57:21'),
(254, 37, 718, 'Active', '2016-05-02 08:57:21', '2016-05-02 08:57:21'),
(255, 37, 212, 'Active', '2016-05-02 08:57:21', '2016-05-02 08:57:21'),
(256, 37, 516, 'Active', '2016-05-02 08:57:21', '2016-05-02 08:57:21'),
(257, 37, 917, 'Active', '2016-05-02 08:57:21', '2016-05-02 08:57:21'),
(258, 37, 845, 'Active', '2016-05-02 08:57:21', '2016-05-02 08:57:21'),
(259, 37, 631, 'Active', '2016-05-02 08:57:21', '2016-05-02 08:57:21'),
(260, 37, 607, 'Active', '2016-05-02 08:57:21', '2016-05-02 08:57:21'),
(261, 37, 914, 'Active', '2016-05-02 08:57:21', '2016-05-02 08:57:21'),
(262, 39, 216, 'Active', '2016-05-02 08:57:21', '2016-05-02 08:57:21'),
(263, 39, 330, 'Active', '2016-05-02 08:57:21', '2016-05-02 08:57:21'),
(264, 39, 234, 'Active', '2016-05-02 08:57:21', '2016-05-02 08:57:21'),
(265, 39, 567, 'Active', '2016-05-02 08:57:21', '2016-05-02 08:57:21'),
(266, 39, 419, 'Active', '2016-05-02 08:57:21', '2016-05-02 08:57:21'),
(268, 39, 440, 'Active', '2016-05-02 08:57:22', '2016-05-02 08:57:22'),
(269, 39, 740, 'Active', '2016-05-02 08:57:22', '2016-05-02 08:57:22'),
(270, 39, 614, 'Active', '2016-05-02 08:57:22', '2016-05-02 08:57:22'),
(272, 39, 513, 'Active', '2016-05-02 08:57:22', '2016-05-02 08:57:22'),
(273, 39, 937, 'Active', '2016-05-02 08:57:22', '2016-05-02 08:57:22'),
(274, 40, 918, 'Active', '2016-05-02 08:57:22', '2016-05-02 08:57:22'),
(275, 40, 580, 'Active', '2016-05-02 08:57:22', '2016-05-02 08:57:22'),
(276, 40, 405, 'Active', '2016-05-02 08:57:22', '2016-05-02 08:57:22'),
(277, 41, 503, 'Active', '2016-05-02 08:57:22', '2016-05-02 08:57:22'),
(278, 41, 971, 'Active', '2016-05-02 08:57:22', '2016-05-02 08:57:22'),
(279, 41, 541, 'Active', '2016-05-02 08:57:22', '2016-05-02 08:57:22'),
(280, 42, 814, 'Active', '2016-05-02 08:57:22', '2016-05-02 08:57:22'),
(281, 42, 717, 'Active', '2016-05-02 08:57:22', '2016-05-02 08:57:22'),
(282, 42, 570, 'Active', '2016-05-02 08:57:22', '2016-05-02 08:57:22'),
(284, 42, 878, 'Active', '2016-05-02 08:57:22', '2016-05-02 08:57:22'),
(286, 42, 484, 'Active', '2016-05-02 08:57:22', '2016-05-02 08:57:22'),
(287, 42, 610, 'Active', '2016-05-02 08:57:23', '2016-05-02 08:57:23'),
(289, 42, 267, 'Active', '2016-05-02 08:57:23', '2016-05-02 08:57:23'),
(290, 42, 215, 'Active', '2016-05-02 08:57:23', '2016-05-02 08:57:23'),
(291, 42, 724, 'Active', '2016-05-02 08:57:23', '2016-05-02 08:57:23'),
(292, 42, 412, 'Active', '2016-05-02 08:57:23', '2016-05-02 08:57:23'),
(293, 43, 401, 'Active', '2016-05-02 08:57:23', '2016-05-02 08:57:23'),
(294, 44, 605, 'Active', '2016-05-02 08:57:23', '2016-05-02 08:57:23'),
(295, 45, 435, 'Active', '2016-05-02 08:57:23', '2016-05-02 08:57:23'),
(296, 45, 801, 'Active', '2016-05-02 08:57:23', '2016-05-02 08:57:23'),
(297, 45, 385, 'Active', '2016-05-02 08:57:23', '2016-05-02 08:57:23'),
(298, 46, 802, 'Active', '2016-05-02 08:57:24', '2016-05-02 08:57:24'),
(299, 47, 509, 'Active', '2016-05-02 08:57:24', '2016-05-02 08:57:24'),
(300, 47, 360, 'Active', '2016-05-02 08:57:24', '2016-05-02 08:57:24'),
(302, 47, 206, 'Active', '2016-05-02 08:57:24', '2016-05-02 08:57:24'),
(303, 47, 425, 'Active', '2016-05-02 08:57:24', '2016-05-02 08:57:24'),
(304, 47, 253, 'Active', '2016-05-02 08:57:24', '2016-05-02 08:57:24'),
(305, 49, 715, 'Active', '2016-05-02 08:57:25', '2016-05-02 08:57:25'),
(306, 49, 920, 'Active', '2016-05-02 08:57:25', '2016-05-02 08:57:25'),
(307, 49, 414, 'Active', '2016-05-02 08:57:25', '2016-05-02 08:57:25'),
(308, 49, 262, 'Active', '2016-05-02 08:57:25', '2016-05-02 08:57:25'),
(309, 49, 608, 'Active', '2016-05-02 08:57:25', '2016-05-02 08:57:25'),
(311, 49, 534, 'Active', '2016-05-02 08:57:25', '2016-05-02 08:57:25'),
(312, 48, 304, 'Active', '2016-05-02 08:57:25', '2016-05-02 08:57:25'),
(313, 50, 307, 'Active', '2016-05-02 08:57:25', '2016-05-02 08:57:25'),
(314, 2, 470, 'Active', '0000-00-00 00:00:00', '0000-00-00 00:00:00'),
(315, 2, 762, 'Active', '0000-00-00 00:00:00', '0000-00-00 00:00:00'),
(316, 4, 984, 'Active', '2016-02-05 05:45:09', '2016-02-05 05:45:09'),
(317, 9, 224, 'Active', '0000-00-00 00:00:00', '0000-00-00 00:00:00'),
(318, 9, 331, 'Active', '0000-00-00 00:00:00', '0000-00-00 00:00:00'),
(319, 9, 779, 'Active', '0000-00-00 00:00:00', '0000-00-00 00:00:00'),
(320, 9, 872, 'Active', '0000-00-00 00:00:00', '0000-00-00 00:00:00'),
(321, 16, 951, 'Active', '2016-05-02 08:57:14', '2016-05-02 08:57:14'),
(322, 32, 531, 'Active', '2016-05-02 08:57:20', '2016-05-02 08:57:20'),
(324, 33, 725, 'Active', '2016-05-02 08:57:20', '2016-05-02 08:57:20'),
(325, 37, 929, 'Active', '2016-05-02 08:57:21', '2016-05-02 08:57:21'),
(326, 40, 539, 'Active', '2016-05-02 08:57:22', '2016-05-02 08:57:22'),
(327, 41, 458, 'Active', '2016-05-02 08:57:22', '2016-05-02 08:57:22'),
(328, 42, 272, 'Active', '2016-05-02 08:57:23', '2016-05-02 08:57:23'),
(329, 48, 681, 'Active', '2016-05-02 08:57:25', '2016-05-02 08:57:25'),
(330, 51, 202, 'Active', '2016-05-02 08:57:16', '2016-05-02 08:57:16'),
(331, 52, 403, 'Active', '2016-05-04 13:22:17', '2016-05-04 13:22:17'),
(332, 52, 587, 'Active', '2016-05-04 13:22:17', '2016-05-04 13:22:17'),
(333, 52, 780, 'Active', '2016-05-04 13:22:17', '2016-05-04 13:22:17'),
(334, 53, 236, 'Active', '2016-05-04 13:22:55', '2016-05-04 13:22:55'),
(335, 53, 250, 'Active', '2016-05-04 13:22:55', '2016-05-04 13:22:55'),
(336, 53, 604, 'Active', '2016-05-04 13:22:55', '2016-05-04 13:22:55'),
(337, 53, 778, 'Active', '2016-05-04 13:22:55', '2016-05-04 13:22:55'),
(338, 54, 204, 'Active', '2016-05-04 13:23:28', '2016-05-04 13:23:28'),
(339, 54, 431, 'Active', '2016-05-04 13:23:28', '2016-05-04 13:23:28'),
(340, 55, 506, 'Active', '2016-05-04 13:23:55', '2016-05-04 13:23:55'),
(341, 56, 709, 'Active', '2016-05-04 13:25:08', '2016-05-04 13:25:08'),
(342, 57, 867, 'Active', '2016-05-04 13:25:41', '2016-05-04 13:25:41'),
(343, 58, 902, 'Active', '2016-05-04 13:25:59', '2016-05-04 13:25:59'),
(344, 59, 867, 'Active', '2016-05-04 13:26:20', '2016-05-04 13:26:20'),
(345, 60, 226, 'Active', '2016-05-04 13:28:12', '2016-05-04 13:28:12'),
(346, 60, 249, 'Active', '2016-05-04 13:28:12', '2016-05-04 13:28:12'),
(347, 60, 289, 'Active', '2016-05-04 13:28:12', '2016-05-04 13:28:12'),
(348, 60, 343, 'Active', '2016-05-04 13:28:12', '2016-05-04 13:28:12'),
(349, 60, 365, 'Active', '2016-05-04 13:28:12', '2016-05-04 13:28:12'),
(350, 60, 416, 'Active', '2016-05-04 13:28:12', '2016-05-04 13:28:12'),
(351, 60, 437, 'Active', '2016-05-04 13:28:12', '2016-05-04 13:28:12'),
(352, 60, 519, 'Active', '2016-05-04 13:28:12', '2016-05-04 13:28:12'),
(353, 60, 613, 'Active', '2016-05-04 13:28:12', '2016-05-04 13:28:12'),
(354, 60, 647, 'Active', '2016-05-04 13:28:13', '2016-05-04 13:28:13'),
(355, 60, 705, 'Active', '2016-05-04 13:28:13', '2016-05-04 13:28:13'),
(356, 60, 807, 'Active', '2016-05-04 13:28:13', '2016-05-04 13:28:13'),
(357, 60, 905, 'Active', '2016-05-04 13:28:13', '2016-05-04 13:28:13'),
(358, 62, 418, 'Active', '2016-05-04 13:29:42', '2016-05-04 13:29:42'),
(359, 62, 438, 'Active', '2016-05-04 13:29:42', '2016-05-04 13:29:42'),
(360, 62, 450, 'Active', '2016-05-04 13:29:42', '2016-05-04 13:29:42'),
(361, 62, 514, 'Active', '2016-05-04 13:29:42', '2016-05-04 13:29:42'),
(362, 62, 579, 'Active', '2016-05-04 13:29:42', '2016-05-04 13:29:42'),
(363, 62, 581, 'Active', '2016-05-04 13:29:42', '2016-05-04 13:29:42'),
(364, 62, 819, 'Active', '2016-05-04 13:29:42', '2016-05-04 13:29:42'),
(365, 62, 873, 'Active', '2016-05-04 13:29:42', '2016-05-04 13:29:42'),
(366, 63, 306, 'Active', '2016-05-04 13:30:10', '2016-05-04 13:30:10'),
(367, 63, 639, 'Active', '2016-05-04 13:30:10', '2016-05-04 13:30:10'),
(368, 64, 867, 'Active', '2016-05-04 13:30:25', '2016-05-04 13:30:25');

-- --------------------------------------------------------

--
-- Table structure for table `bid`
--

CREATE TABLE IF NOT EXISTS `bid` (
  `id` int(11) NOT NULL auto_increment,
  `project_id` int(11) NOT NULL,
  `vendor_id` int(11) NOT NULL,
  `bid_info` text NOT NULL,
  `awarded_status` enum('1','0') NOT NULL default '0',
  `date_awarded` datetime NOT NULL,
  `created_at` datetime NOT NULL,
  `updated_at` timestamp NOT NULL default '0000-00-00 00:00:00',
  `deleted_at` datetime NOT NULL,
  PRIMARY KEY  (`id`),
  KEY `project_id_2` (`project_id`),
  KEY `vendor_id` (`vendor_id`)
) ENGINE=InnoDB  DEFAULT CHARSET=latin1 AUTO_INCREMENT=19 ;

--
-- Dumping data for table `bid`
--

INSERT INTO `bid` (`id`, `project_id`, `vendor_id`, `bid_info`, `awarded_status`, `date_awarded`, `created_at`, `updated_at`, `deleted_at`) VALUES
(1, 10, 6, '100', '1', '0000-00-00 00:00:00', '2016-02-05 12:42:36', '2016-05-27 05:55:35', '0000-00-00 00:00:00'),
(8, 20, 8, 'Sample Bid Information', '1', '0000-00-00 00:00:00', '2016-04-13 09:35:48', '2016-04-13 13:56:24', '0000-00-00 00:00:00'),
(9, 17, 8, 'tester Information', '0', '0000-00-00 00:00:00', '2016-04-13 13:16:00', '2016-04-13 13:16:00', '0000-00-00 00:00:00'),
(11, 23, 8, 'Filter Test', '1', '0000-00-00 00:00:00', '2016-04-13 13:45:56', '2016-04-13 14:17:39', '0000-00-00 00:00:00'),
(16, 16, 8, 'test', '0', '0000-00-00 00:00:00', '2016-04-29 09:16:03', '2016-04-29 09:16:03', '0000-00-00 00:00:00'),
(17, 22, 14, 'test2', '0', '0000-00-00 00:00:00', '2016-05-11 15:52:34', '2016-05-11 15:54:33', '0000-00-00 00:00:00'),
(18, 28, 12629, 'This is our bid test', '0', '0000-00-00 00:00:00', '2016-05-26 14:13:57', '2016-05-26 14:13:57', '0000-00-00 00:00:00');

-- --------------------------------------------------------

--
-- Table structure for table `bid_files`
--

CREATE TABLE IF NOT EXISTS `bid_files` (
  `id` int(100) NOT NULL auto_increment,
  `bid_id` int(100) NOT NULL,
  `file_name` varchar(400) character set latin1 NOT NULL,
  `file_type` varchar(50) character set latin1 NOT NULL,
  `created_at` datetime NOT NULL,
  `updated_at` datetime NOT NULL,
  PRIMARY KEY  (`id`)
) ENGINE=MyISAM  DEFAULT CHARSET=utf8 AUTO_INCREMENT=24 ;

--
-- Dumping data for table `bid_files`
--

INSERT INTO `bid_files` (`id`, `bid_id`, `file_name`, `file_type`, `created_at`, `updated_at`) VALUES
(7, 8, '1460540151793_3.jpg', 'jpg', '2016-04-13 09:35:51', '2016-04-13 09:35:51'),
(9, 9, '1460553361210_Expanse.txt', 'txt', '2016-04-13 13:16:01', '2016-04-13 13:16:01'),
(19, 16, '1461922789416_66_Dec_paysafe_update_instructions_sdi.docx', 'docx', '2016-04-29 09:39:49', '2016-04-29 09:39:49'),
(11, 11, '1460555158756_1457933491006_contry_list_2 (2).xlsx', 'xlsx', '2016-04-13 13:45:58', '2016-04-13 13:45:58'),
(20, 16, '1461923095836_1459146074801_california-beautiful-natyre-hd-wallpapers-widescreen-cool-images.jpg', 'jpg', '2016-04-29 09:44:55', '2016-04-29 09:44:55'),
(18, 16, '1461921460425_1458908211339_54cb5d94587ec_-_tallest-buildings-05-1214-lgn.jpg', 'jpg', '2016-04-29 09:17:40', '2016-04-29 09:17:40'),
(21, 17, '1462981954907_ChatLog THURSDAY VENDOR TRAINING 2014_03_27 14_47.rtf', 'rtf', '2016-05-11 15:52:34', '2016-05-11 15:52:34'),
(22, 17, '1462982073957_Information received for vendors not in MB.xls', 'xls', '2016-05-11 15:54:33', '2016-05-11 15:54:33'),
(23, 18, '1464272046354_Cover so loose it is difficult to get function button to operate.JPG', 'JPG', '2016-05-26 14:14:06', '2016-05-26 14:14:06');

-- --------------------------------------------------------

--
-- Table structure for table `bid_invitation`
--

CREATE TABLE IF NOT EXISTS `bid_invitation` (
  `id` int(11) NOT NULL auto_increment,
  `project_id` int(11) NOT NULL,
  `vendor_id` int(11) NOT NULL,
  `status` enum('bid','nobid','review','opt-out','removed','invited') NOT NULL default 'invited',
  `created_at` datetime NOT NULL,
  `updated_at` timestamp NOT NULL default CURRENT_TIMESTAMP on update CURRENT_TIMESTAMP,
  PRIMARY KEY  (`id`),
  KEY `project_id` (`project_id`),
  KEY `vendor_id` (`vendor_id`)
) ENGINE=InnoDB  DEFAULT CHARSET=latin1 AUTO_INCREMENT=56 ;

--
-- Dumping data for table `bid_invitation`
--

INSERT INTO `bid_invitation` (`id`, `project_id`, `vendor_id`, `status`, `created_at`, `updated_at`) VALUES
(18, 10, 4, 'removed', '2016-01-25 09:59:36', '2016-03-30 17:28:09'),
(19, 10, 5, 'removed', '2016-01-25 09:59:38', '2016-03-30 17:28:09'),
(20, 10, 6, 'bid', '2016-01-25 10:01:25', '2016-02-05 12:42:36'),
(21, 11, 8, 'invited', '2016-02-05 13:35:01', '2016-04-13 03:46:39'),
(22, 11, 9, 'removed', '2016-02-05 14:51:49', '2016-05-25 15:10:34'),
(23, 12, 8, 'invited', '2016-02-13 12:03:26', '2016-04-13 03:46:39'),
(24, 13, 6, 'invited', '2016-02-17 12:52:26', '2016-04-13 03:46:39'),
(25, 16, 14, 'removed', '2016-03-15 19:26:02', '2016-04-29 09:37:54'),
(26, 16, 15, 'removed', '2016-03-15 19:26:05', '2016-04-29 09:37:54'),
(27, 16, 16, 'removed', '2016-03-15 19:26:06', '2016-04-29 09:37:54'),
(28, 16, 17, 'removed', '2016-03-16 16:08:11', '2016-04-29 09:37:54'),
(29, 16, 18, 'removed', '2016-03-16 16:08:11', '2016-04-29 09:37:54'),
(30, 17, 6, 'removed', '2016-03-17 09:43:18', '2016-04-06 10:43:31'),
(31, 18, 14, 'invited', '2016-03-17 09:53:54', '2016-04-13 03:46:39'),
(32, 18, 15, 'invited', '2016-03-17 09:53:55', '2016-04-13 03:46:39'),
(33, 18, 16, 'invited', '2016-03-17 09:53:56', '2016-04-13 03:46:39'),
(34, 18, 17, 'invited', '2016-03-17 09:53:57', '2016-04-13 03:46:39'),
(35, 18, 18, 'invited', '2016-03-17 09:53:58', '2016-04-13 03:46:39'),
(36, 19, 6, 'removed', '2016-03-18 10:01:35', '2016-05-25 14:44:56'),
(37, 14, 8, 'invited', '2016-04-06 10:42:28', '2016-04-13 03:46:39'),
(38, 17, 8, 'bid', '2016-04-06 10:43:36', '2016-04-26 11:07:28'),
(39, 20, 8, 'bid', '2016-04-13 07:24:43', '2016-04-26 09:42:04'),
(40, 21, 8, 'invited', '2016-04-13 09:54:18', '2016-05-26 07:44:04'),
(41, 22, 8, 'bid', '2016-04-13 10:03:25', '2016-04-26 19:39:40'),
(42, 23, 8, 'bid', '2016-04-13 12:37:55', '2016-04-13 13:45:56'),
(43, 25, 8, 'bid', '2016-04-13 12:49:03', '2016-04-26 05:41:44'),
(44, 27, 6, 'nobid', '2016-04-29 11:36:34', '2016-04-29 11:38:00'),
(45, 19, 24, 'review', '2016-05-19 14:34:31', '2016-05-20 15:50:29'),
(46, 19, 12629, 'invited', '2016-05-25 14:19:32', '2016-05-25 14:19:32'),
(47, 19, 16, 'review', '2016-05-25 14:44:56', '2016-05-25 14:45:47'),
(48, 21, 14, 'nobid', '2016-05-25 15:27:06', '2016-05-26 02:24:05'),
(49, 21, 15, 'invited', '2016-05-25 15:27:08', '2016-05-25 15:27:08'),
(50, 21, 16, 'invited', '2016-05-25 15:27:09', '2016-05-25 15:27:09'),
(51, 21, 19, 'nobid', '2016-05-25 15:27:10', '2016-05-26 06:41:59'),
(52, 21, 24, 'invited', '2016-05-25 15:27:11', '2016-05-25 15:27:11'),
(53, 21, 26, 'invited', '2016-05-25 15:27:12', '2016-05-25 15:27:12'),
(54, 21, 7135, 'invited', '2016-05-25 15:27:13', '2016-05-25 15:27:13'),
(55, 28, 16, 'review', '2016-05-25 16:52:22', '2016-05-25 16:53:13');

-- --------------------------------------------------------

--
-- Table structure for table `forms`
--

CREATE TABLE IF NOT EXISTS `forms` (
  `id` int(11) NOT NULL auto_increment,
  `form_name` varchar(350) character set latin1 NOT NULL,
  `form_file` varchar(350) character set latin1 NOT NULL,
  `file_type` varchar(50) character set latin1 default NULL,
  `status` enum('Active','Inactive') character set latin1 NOT NULL,
  `created_at` timestamp NOT NULL default CURRENT_TIMESTAMP on update CURRENT_TIMESTAMP,
  `updated_at` timestamp NOT NULL default '0000-00-00 00:00:00',
  PRIMARY KEY  (`id`)
) ENGINE=MyISAM  DEFAULT CHARSET=utf8 AUTO_INCREMENT=6 ;

--
-- Dumping data for table `forms`
--

INSERT INTO `forms` (`id`, `form_name`, `form_file`, `file_type`, `status`, `created_at`, `updated_at`) VALUES
(3, 'Contractor Form', '1460186503937_KAR new.doc', 'doc', 'Active', '2016-04-09 00:22:50', '2016-04-09 07:22:50'),
(4, 'Estimator Forms', '1460186521023_1-Excel bid sync report.xls', 'xls', 'Active', '2016-04-09 07:22:01', '2016-04-09 07:22:01'),
(5, 'Bidder Form', '1460186553517_Images.txt', 'txt', 'Active', '2016-04-09 07:22:33', '2016-04-09 07:22:33');

-- --------------------------------------------------------

--
-- Table structure for table `jobs`
--

CREATE TABLE IF NOT EXISTS `jobs` (
  `id` int(11) NOT NULL auto_increment,
  `job_name` varchar(100) NOT NULL,
  `job_company` varchar(300) NOT NULL,
  `job_location` varchar(200) NOT NULL,
  `job_description` text NOT NULL,
  `status` enum('Active','Inactive') NOT NULL default 'Active',
  `created_at` timestamp NOT NULL default CURRENT_TIMESTAMP on update CURRENT_TIMESTAMP,
  `updated_at` timestamp NOT NULL default '0000-00-00 00:00:00',
  PRIMARY KEY  (`id`)
) ENGINE=InnoDB  DEFAULT CHARSET=latin1 AUTO_INCREMENT=6 ;

--
-- Dumping data for table `jobs`
--

INSERT INTO `jobs` (`id`, `job_name`, `job_company`, `job_location`, `job_description`, `status`, `created_at`, `updated_at`) VALUES
(1, 'Estimator', 'ABBA Construction, INC.', 'Tampa, FL', '<p><span style="color: #333333; font-family: ''Helvetica Neue'', Helvetica, Arial, sans-serif; font-size: 14px; line-height: 20px;">&nbsp;Prepares work to be estimated by gathering proposals, blueprints, specifications, and related document.Computes&nbsp;</span><span style="color: #333333; font-family: ''Helvetica Neue'', Helvetica, Arial, sans-serif; font-size: 14px; line-height: 20px;">costs by analyzing labor, material, and time requirements</span></p>', 'Active', '2016-04-29 09:03:42', '2016-04-29 16:03:42'),
(4, 'Technical Lead', 'tret', 'NewYork', '<p><span style="color: #01111c; font-family: ''PT Sans'', sans-serif;"><span style="font-size: 16px; line-height: 22.8571px;">This position is located within the Clinical Support Services PATH LAB Medicine Div at the CAPT James A. Lovell Federal Health Care Center (FHCC) in&nbsp;NewYork&nbsp;</span></span></p>', 'Active', '2016-04-26 05:10:53', '2016-04-25 23:40:53'),
(5, 'Medical Technologist Team Leader', 'Department Of Veterans Affairs', 'North Chicago, IL', '<p>This position is located within the Clinical Support Services PATH LAB Medicine Div at the CAPT James A. Lovell Federal Health Care Center (FHCC) in North Chicago, IL.</p>\r\n<p>&nbsp;</p>\r\n<p>&nbsp;</p>\r\n<p>&nbsp;</p>', 'Active', '2016-04-26 05:20:31', '2016-04-25 23:50:31');

-- --------------------------------------------------------

--
-- Table structure for table `job_candidates`
--

CREATE TABLE IF NOT EXISTS `job_candidates` (
  `id` int(50) NOT NULL,
  `job_id` int(50) NOT NULL,
  `candidate_name` varchar(300) character set latin1 NOT NULL,
  `candidate_email` varchar(100) character set latin1 NOT NULL,
  `candidate_info` text character set latin1 NOT NULL,
  `status` enum('Applied','Selected') character set latin1 NOT NULL,
  `created_at` datetime NOT NULL,
  `updated_at` datetime NOT NULL
) ENGINE=MyISAM DEFAULT CHARSET=utf8;

--
-- Dumping data for table `job_candidates`
--

INSERT INTO `job_candidates` (`id`, `job_id`, `candidate_name`, `candidate_email`, `candidate_info`, `status`, `created_at`, `updated_at`) VALUES
(0, 4, 'test', 'test@ww.vv', 'test', 'Applied', '2016-04-27 06:11:21', '2016-04-27 06:11:21'),
(0, 4, 'kkj', 'gfg@ww.kk', 'gtgfd', 'Applied', '2016-04-27 06:14:40', '2016-04-27 06:14:40'),
(0, 0, '', '', '', 'Applied', '2016-04-27 08:55:11', '2016-04-27 08:55:11'),
(0, 4, 'hgfh', 'gfdg@ww.kk', 'hgfh', 'Applied', '2016-05-09 12:11:46', '2016-05-09 12:11:46'),
(0, 1, 'Jennifer Stipe', 'jstipe@abbaconstruction.com', 'This is a test. Please let me know who receives this.', 'Applied', '2016-05-10 16:43:23', '2016-05-10 16:43:23');

-- --------------------------------------------------------

--
-- Table structure for table `pages`
--

CREATE TABLE IF NOT EXISTS `pages` (
  `id` int(11) NOT NULL auto_increment,
  `page_template_name` varchar(200) NOT NULL,
  `page_title` varchar(200) NOT NULL,
  `page_content` text NOT NULL,
  `banner_image` varchar(200) NOT NULL,
  `icon_image` varchar(150) NOT NULL,
  `banner_content` text NOT NULL,
  `sort_order` int(11) NOT NULL,
  `status` enum('Active','Inactive') NOT NULL default 'Active',
  `page_slug` varchar(200) NOT NULL,
  `meta_description` varchar(200) NOT NULL,
  `meta_keywords` varchar(200) NOT NULL,
  `meta_title` varchar(200) NOT NULL,
  `parent_id` int(100) NOT NULL,
  `created_at` timestamp NOT NULL default CURRENT_TIMESTAMP on update CURRENT_TIMESTAMP,
  `updated_at` timestamp NOT NULL default '0000-00-00 00:00:00',
  PRIMARY KEY  (`id`)
) ENGINE=InnoDB  DEFAULT CHARSET=latin1 AUTO_INCREMENT=53 ;

--
-- Dumping data for table `pages`
--

INSERT INTO `pages` (`id`, `page_template_name`, `page_title`, `page_content`, `banner_image`, `icon_image`, `banner_content`, `sort_order`, `status`, `page_slug`, `meta_description`, `meta_keywords`, `meta_title`, `parent_id`, `created_at`, `updated_at`) VALUES
(21, 'about-us', 'About Us', '<p>ABBA Construction specializes in General Construction, Design Build, Construction Management,&nbsp;Estimating and Underground Utilities. Some of our customers and experience include:</p>\r\n<ul>\r\n<li>Naval Engineering Facilities NAS, Jacksonville (SOC) Contract, Jacksonville, Florida</li>\r\n<li>Federal Law Enforcement Training Center IDIQ Contract, Glynco, Georgia</li>\r\n<li>U. S. Postal Service (JOC) Contract, Northeast Florida</li>\r\n<li>Florida Air National Guard</li>\r\n<li>Kings Bay Submarine Base</li>\r\n<li>Mayport Naval Station</li>\r\n<li>St. Johns County Construction Services</li>\r\n<li>Duval County/City of Jacksonville/JEA</li>\r\n<li>Columbia County School Board</li>\r\n<li>Florida Department of Transportation</li>\r\n<li>Department of Environmental Protection</li>\r\n<li>Corps of Engineers, Vicksburg, MS</li>\r\n<li>General Services Administration, Charlotte, NC</li>\r\n<li>General Electric Corporation IDIQ</li>\r\n</ul>', '1464343213614.png', '1464343213614.png', '<p>Founded in 1985, <strong> ABBA Construction, Inc. </strong> is a small business headquartered in Jacksonville, Florida. ABBA Construction operates a well-established network of offices.&nbsp;&nbsp;Each office is staffed with professionals who have the training, experience and resources to get the job done.&nbsp;&nbsp;ABBA offices operate in local markets under the direction of experienced managers who, in turn, are backed by the best senior managers in the business.</p>', 4, 'Active', 'about-us', 'test', 'trr', 'erwe', 0, '2016-05-31 07:51:11', '2016-05-31 02:21:11'),
(22, 'market-served', 'Markets Served', '<p>rt</p>', '1464346211923.jpg', '1464346211923.jpg', '<p>Founded in 1985, ABBA Construction, Inc. has successfully performed construction projects for a variety of industries and markets.&nbsp;&nbsp;With over 30 years of experience in Florida, Georgia, and the Southeast we understand the unique requirements of the market including environment, material acquisition, and staffing.&nbsp;&nbsp;ABBA is dedicated to building lasting client relationships through quality workmanship, communication, competitive pricing, and prompt completion dates.&nbsp;&nbsp;ABBA''s projects range from a simple to the sublime.&nbsp;&nbsp;We tailor our services to meet your needs.&nbsp;&nbsp;ABBA''s success stems from our mission to understand a client''s purpose for construction and make their vision a reality.</p>', 2, 'Active', 'markets-served', 'tre', 'tre', 'tre', 0, '2016-05-31 07:07:06', '2016-05-31 01:37:06'),
(23, 'market-served', 'government', '<p>ABBA Construction, Inc. a Small Business with its headquarters in Jacksonville, Florida began operations in 1985. Today, the company is uniquely qualified to design, plan, schedule and complete multi-discipline/multi-task general construction and management activities.&nbsp;&nbsp;As a result of our past experience, documented professionalism, and demonstrated abilities and expertise, we have become a role model for other businesses to emulate.&nbsp;&nbsp;Our success in the new construction, renovation, historical restoration, and facilities maintenance industries including, IDIQ, JOC, SOC, MACC, MATOC and design-build projects is the direct result of hard work, effective planning and coordination of efforts.&nbsp;&nbsp;The ABBA team commitment is to provide each customer a superior quality product that is above their expectations, on time, and at a price that is fair and reasonable.</p>\r\n<p>ABBA Construction''s past growth is the direct result of a commitment to excellence that we exhibit on each project, regardless of size.&nbsp;&nbsp;ABBA has a well-established reputation for managing labor forces and subcontractors.&nbsp;&nbsp;Corporate training programs enhance the morale and loyalty of the labor force and have led to marked increases in productivity on our projects.&nbsp;&nbsp;In our effort to "strive for excellence", we have sponsored Project Managers and Superintendents to continue their education through college assistance programs as well as supervisor and management seminars&nbsp; &nbsp; &nbsp; &nbsp; &nbsp; &nbsp; &nbsp; &nbsp; &nbsp; &nbsp; &nbsp; &nbsp; &nbsp; &nbsp; &nbsp; &nbsp; &nbsp; &nbsp; &nbsp; &nbsp; &nbsp; &nbsp; &nbsp; &nbsp; &nbsp; &nbsp; &nbsp; &nbsp; &nbsp; &nbsp; &nbsp; &nbsp; &nbsp; &nbsp; &nbsp; &nbsp; &nbsp; &nbsp; &nbsp; &nbsp; &nbsp; &nbsp; &nbsp; &nbsp; &nbsp; &nbsp; &nbsp;&nbsp;</p>\r\n<p class="pull-right" style="text-align: right;"><img style="float: right;" src="/abba/public/page_uploads/images/market-served-img.png" alt="" /></p>\r\n<ul>\r\n<li>&nbsp;Brevard County Board of County Commissioners</li>\r\n<li>Brevard Parks &amp; Recreation Department</li>\r\n<li>Canaveral Port Authority</li>\r\n<li>City of Atlantic Beach</li>\r\n<li>City of Brunswick</li>\r\n<li>City of Fernandina Beach</li>\r\n<li>City of Jacksonville</li>\r\n<li>City of Lake Butler</li>\r\n<li>City of Lake City</li>\r\n<li>City of Ocala</li>\r\n<li>County of Volusia</li>\r\n<li>Department of Defense</li>\r\n<ul>\r\n<li>Avon Park Air Force Range</li>\r\n<li>Department of Military Affairs</li>\r\n<li>Department of the Army</li>\r\n<li>Department of the Navy</li>\r\n<li>Florida Air National Guard</li>\r\n<li>MacDill Air Force Base</li>\r\n<li>Red River Army Depot</li>\r\n<li>Scott Air Force Base</li>\r\n</ul>\r\n<li>United States General Services Administration</li>\r\n<li>Department of Treasury</li>\r\n<li>Florida Department of Transportation</li>\r\n<li>Gainesville Housing Authority</li>\r\n<li>Hillsborough County IDIQ</li>\r\n<li>Hillsborough County Affordable Housing</li>\r\n<li>Lake County</li>\r\n<li>St. Johns County Board/Commissioners</li>\r\n<li>St. Johns County School District</li>\r\n<li>St. Johns River State College</li>\r\n<li>United States Coast Guard</li>\r\n<li>United States Postal Service</li>\r\n<li>USDA, Agricultural Research Services</li>\r\n<li>USDA, Forestry Service</li>\r\n<li>US Department of Homeland Securityy</li>\r\n</ul>', '', '1464690088917.png', '', 1, 'Active', 'government', 'rre', 'dsf', 'rer', 22, '2016-05-31 06:24:23', '2016-05-31 00:54:23'),
(24, 'market-served', 'Education', '<p>Abba''s expertise encompasses the practical know-how necessary to estimate, plan, schedule, purchase, manage, and install various components and systems in commercial and residential building.&nbsp;&nbsp;Combined with our commitment to Total Quality Service and Project Management techniques, programs, and processes, Abba has successfully completed Higher Education projects from the straightforward to the complex.</p>\r\n<p>This broad range of both highly specialized and general construction services is backed with first-hand experience and thorough knowledge of applicable Federal, State and Local codes, regulations and requirements.&nbsp;&nbsp;We are proud of our ability to provide the highest quality employees and installers and a management team that can professionally and expeditiously handle all construction, maintenance, repair, and modifications associated with any Educational project.</p>\r\n<p>&nbsp;</p>\r\n<p><img src="/abba/public/page_uploads/images/education-img_574d91140674d.png" alt="" /></p>', '', '1464690106242.png', '<p>&nbsp;</p>\r\n<p>&nbsp;</p>', 2, 'Active', 'education', 'ree', 're', 're', 22, '2016-05-31 06:26:51', '2016-05-31 00:56:51'),
(25, 'market-served', 'Sports  Recreation', '<p>Our knowledge of construction value generates building solutions that provides accurate, reliable budget estimates and strong cost control.&nbsp;&nbsp;We''ve become a leader in sports construction and arena building by developing a keen understanding of the elements critical to delivering these venues - managing event-driven construction schedules, working within limited budgets and maximizing local participation. Our expertise makes us the winning team for sports venue construction.</p>\r\n<p>&nbsp;</p>\r\n<p><img src="/abba/public/page_uploads/images/sport-img.jpg" alt="" /></p>', '', '1464690126998.png', '', 3, 'Active', 'sports-recreation', 'te', 'tre', 'tre', 22, '2016-05-31 06:27:33', '2016-05-31 00:57:33'),
(26, 'market-served', 'Commercial Special Use', '<p>Special Use properties are commercial real estate which are designed or modified for a specific purpose.&nbsp;&nbsp;The usage usually requires design or adaptive structural changes to facilitate the intended use.&nbsp;&nbsp;Depending on the level of property uniqueness related to the modifications for a specific user the property may require extensive design and construction to become adaptable to our client''s requirements.&nbsp;&nbsp;This commercial property type includes restaurants, gas stations, car washes, medical buildings, etc. which have businesses that require special equipment, electrical load demand, water demand and structural configuration in order for the user to operate a functional business.</p>\r\n<div class="thumb grid-img">\r\n<div class="row">\r\n<div class="col-sm-12"><img src="/abba/public/page_uploads/images/commercial-special-use.jpg" alt="" /></div>\r\n</div>\r\n</div>', '', '1464690162668.png', '', 4, 'Active', 'commercial-special-use', 're', 'rrew', 'rewr', 22, '2016-05-31 06:28:24', '2016-05-31 00:58:24'),
(27, 'market-served', 'Custom Construction', '<p>Custom Construction can be used interchangeably with the terms build to order or build to suit.&nbsp;&nbsp;ABBA practices the concept of construction customization; meaning a project is built, assembled, or otherwise constructed with optional or unusual characteristics beyond standard specifications.</p>\r\n<p>Construction customization from the perspective of a customer emphasizes additional elements, design features and amenities that maximize efficiency and enhance market share.</p>\r\n<p>Whether constructing a new building, updating a structure with the latest materials or technology, or restoring a building to its original splendor, ABBA''s Construction Customization processes and expertise will deliver the best finished product to meet your goals.</p>\r\n<p><img src="/abba/public/page_uploads/images/custom-construction1_574d920c80eb3.jpg" alt="" width="400" height="300" />&nbsp; &nbsp; &nbsp; &nbsp;<img src="/abba/public/page_uploads/images/custom-construction2_574d92fe6b52c.jpg" alt="" width="400" height="300" /></p>', '', '1464690186037.png', '', 5, 'Active', 'custom-construction', 'tret', 'tre', 'tre', 22, '2016-05-31 06:43:07', '2016-05-31 01:13:07'),
(28, 'services', 'Services', '<p>re</p>', '1464352885004.png', '1464352885004.png', '<p><span>Teaming with ABBA Construction, Inc. gives you one source for all of your design and construction needs.&nbsp;&nbsp;ABBA is uniquely qualified to manage, design, plan, budget (estimate), inspect (Quality Control), schedule and complete all of the multi-discipline/multi-project team and management activities necessary for your Construction Projects.</span></p>', 5, 'Active', 'services', 'rwe', 'rwe', 'rew', 0, '2016-05-31 07:08:10', '2016-05-31 01:38:10'),
(29, 'services', 'Design Build', '<p>Design-Build is a method of project delivery in which one entity - the design-build team - works under a single contract with the project owner to provide design and construction services.&nbsp;&nbsp;One entity, one contract, one unified flow of work from initial concept through completion - thereby re-integrating the roles of designer and constructor.&nbsp;&nbsp;Design-build is an alternative to the traditional design-bid-build project delivery method.&nbsp;&nbsp;Under the latter approach, design and construction services are split into separate entities, separate contracts, separate work.&nbsp;&nbsp;Across the country and around the world, design-build successfully delivers both horizontal and vertical construction projects with superior results - no matter what the project type.&nbsp;&nbsp;Streamlining project delivery through a single contract between the owner and the design-build team transforms the relationship between designers and builders into an alliance, which fosters collaboration and teamwork.&nbsp;&nbsp;United from the outset of every project, an integrated team readily works to successfully complete a project faster, more cost effectively and with fewer change orders.</p>\r\n<p>The Owner manages only ONE contract with a single point of responsibility:</p>\r\n<ul>\r\n<li>Designer and Contractor are on the "same" team.</li>\r\n<li>Unified recommendations.</li>\r\n<li>Changes are practically eliminated by the "same" team approach.</li>\r\n<li>The blame game is eliminated by the "same" team approach.</li>\r\n</ul>\r\n<div style="margin-bottom: 10px;">\r\n<p><strong>Design/Build Project Delivery System</strong></p>\r\n<p><strong><img src="/abba/public/page_uploads/images/design-build-chart.png" alt="" /></strong></p>\r\n</div>\r\n<p>Design-build</p>\r\n<ul>\r\n<li>Saves time and money for the owner</li>\r\n<li>Fosters and achieves innovation</li>\r\n<li>Eliminates disputes between architect/engineer and the contractor.</li>\r\n<li>Design-build places the responsibility for design errors and omissions on the design-builder, relieving the owner of major legal and managerial responsibilities. The burden for these costs and associated risks are transferred to the design-build team.</li>\r\n<li>Studies have shown:\r\n<ul>\r\n<li>Design-build projects are delivered 33.5% faster than projects that are designed and built under separate contracts</li>\r\n<li>Design-build projects are constructed 12% faster and have a unit cost that is 6.1% lower than design-bid-build projects</li>\r\n</ul>\r\n</li>\r\n</ul>', '', '1464689980491.png', '', 1, 'Active', 'design-build', 'rwe', 're', 'rew', 28, '2016-05-31 05:57:05', '2016-05-31 00:27:05'),
(30, 'services', 'Estimating', '<p>ABBA has a long history of assisting their clients with pre construction estimating services.&nbsp;&nbsp;The intent is to work with clients delivering information, enhancing their decision process, objectives and goals.&nbsp;&nbsp;In addition to estimating, the ABBA team participates in design decisions, evaluations, studies, value engineering, value analysis, scheduling, constructability reviews, and more.&nbsp;&nbsp;Design costs, permitting, land acquisition, and life-cycle costs may also be evaluated</p>\r\n<p><img src="/abba/public/page_uploads/images/estimating-img.jpg" alt="" /></p>', '', '1464690027731.png', '', 4, 'Active', 'estimating', 'rew', 're', 're', 28, '2016-05-31 06:17:53', '2016-05-31 00:47:53'),
(31, 'services', 'General Construction', '<p>Our success in the performance of construction projects and design-build projects is the result of hard work, effective planning and coordination of efforts, and a dedicated commitment to provide each customer a superior quality finished product that is above their expectations, on time, and within their budget.&nbsp;&nbsp;We construct and deliver the simple to the sublime with the same level of commitment and professionalism.</p>\r\n<p><img src="/abba/public/page_uploads/images/portfolio1_opt-(1).png" alt="" width="400" height="299" />&nbsp; &nbsp;<img src="/abba/public/page_uploads/images/portfolio1-1_574d8abdea9f6.jpg" alt="" width="400" height="300" /></p>\r\n<p>&nbsp;</p>\r\n<p><img src="/abba/public/page_uploads/images/gen-construct-3.jpg" alt="" width="400" height="225" />&nbsp; &nbsp;<img src="/abba/public/page_uploads/images/gen-construct-4.jpg" alt="" width="400" height="225" /></p>', '', '1464690000731.png', '', 2, 'Active', 'general-construction', 'gdfg', 'gdf', 'gdf', 28, '2016-05-31 06:18:56', '2016-05-31 00:48:56'),
(32, 'services', ' Construction Management', '<p>With a blend of skills and technology, ABBA is able to manage virtually any project.&nbsp;&nbsp;ABBA Construction, Inc. is uniquely qualified to manage, design, plan, budget (estimate), inspect (QC), schedule and complete all of the multi-discipline/multi-project team and management activities necessary for your Construction Projects</p>\r\n<div class="thumb grid-img">\r\n<div class="row">\r\n<div class="col-sm-12"><img src="/abba/public/page_uploads/images/construction-manage.png" alt="" /></div>\r\n</div>\r\n</div>', '', '1464690016570.png', '', 3, 'Active', 'construction-management', 'sfd', 'fds', 'sfds', 28, '2016-05-31 06:09:32', '2016-05-31 00:39:32'),
(33, 'contact-us', 'Contact us ', '<p>gf</p>', '1464357700766.png', '1464357700766.png', '<p>Thank you for visiting Us.<br />For additional information concerning our services or for general inquiries please contact us by phone or send us an email and we will get back to you promptly.</p>', 6, 'Active', 'contact-us', 'gfd', 'gdf', 'gdf', 0, '2016-05-31 07:09:38', '2016-05-31 01:39:38'),
(34, 'reo-preservation', 'REO Preservation', '<p>ew</p>', '1464360051392.png', '1464690212172.png', '<p><span>ABBA''s REO Preservation Division was established to provide efficient, expert field services which focus on maximizing value and limiting liability for our clients.&nbsp;&nbsp;We strive to maintain a customer-centric environment by offering flexible, creative and timely solutions for every need.&nbsp;&nbsp;With open communication and timely reporting, our Preservation Division will ensure that your properties are preserved and maintained to withstand the unpredictability of the current real estate market.</span></p>\r\n<p><a class="readmore" href="http://www.abbareo.com/" target="_blank">Visit Our Website</a></p>', 6, 'Active', 'reo-preservation', 'hgf', 'hgf', 'hgf', 22, '2016-05-31 07:10:54', '2016-05-31 01:40:54'),
(35, 'reo-preservation', 'Eviction Services ', '<p>At ABBA, we understand the complexities inherent in the eviction process.&nbsp;&nbsp;Our preservation specialists are trained to <span class="bold">ensure maximum protection</span> of our clients'' assets. Removal of personal property will be completed in accordance with state &amp; local laws.</p>', '1464678118695.png', '1464678118695.png', '', 1, 'Active', 'eviction-services', 'fds', 'fds', 'fds', 34, '2016-05-31 02:37:17', '2016-05-30 18:45:45'),
(36, 'reo-preservation', 'Property Securing', '<p>Our preservation specialists will <span class="bold">secure by re-keying the property</span> to client specifications, installing lock-boxes, and boarding windows and doors as necessary. In securing our properties we adhere to all published HUD guidelines.</p>', '1464678176088.png', '1464678176088.png', '', 2, 'Active', 'property-securing', 'fd', 'fds', 'fds', 34, '2016-05-31 02:37:17', '2016-05-30 18:32:56'),
(37, 'reo-preservation', 'Utility Management', '<p>A preservation specialist will <span class="bold">handle the connection and payment</span> of electric and water utilities to each property at the onset of preservation services. By client request, we will handle the payment of HOA dues.</p>', '1464678194165.png', '1464678194165.png', '', 3, 'Active', 'utility-management', 'ds', 'fdsf', 'fs', 34, '2016-05-31 02:37:17', '2016-05-30 18:33:14'),
(38, 'reo-preservation', 'Debris Removal ', '<p>Our preservation specialists will remove any interior and exterior debris located on the property as directed by our client. Each step of the <span class="bold">removal process is digitally photographed</span> for your records.</p>', '1464678221154.png', '1464678221154.png', '', 4, 'Active', 'debris-removal', 'gdf', 'gdf', 'gfd', 34, '2016-05-31 02:37:17', '2016-05-30 18:33:41'),
(39, 'reo-preservation', 'Lawn Maintenance', '<p>Our preservation specialists will maintain the property by mowing, weeding, and trimming shrubbery, trees, and flower beds, as well as other specified lawn maintenance. Each step of the <span class="bold">process will be documented with digital photographs.</span></p>', '1464678245136.png', '1464678245136.png', '', 5, 'Active', 'lawn-maintenance', 'dsf', 'fds', 'fds', 34, '2016-05-31 02:37:17', '2016-05-30 18:34:05'),
(40, 'reo-preservation', 'Carpet Cleaning Removal', '<p>This text is for sample purposes only, It will be replaced with the actual text later. This is a dummy text. This text is for sample purposes only, It will be <span class="bold">replaced with the actual text later.</span> This is a dummy text.</p>', '1464678264335.png', '1464678264335.png', '', 6, 'Active', 'carpet-cleaning-removal', 'gffd', 'gdf', 'gdf', 34, '2016-05-31 02:37:17', '2016-05-30 18:34:24'),
(41, 'about-us', 'Property Winterization', '<p>This text is for sample purposes only, It will be replaced with the actual text later. This is a dummy text. This text is for sample purposes only, It will be <span class="bold">replaced with the actual text later.</span> This is a dummy text.</p>', '1464678281889.png', '1464678281889.png', '', 6, 'Active', 'property-winterization', 'fd', 'gdf', 'gdf', 34, '2016-05-31 02:37:17', '2016-05-30 18:34:41'),
(43, 'reo-preservation', 'Remodeling and Repair', '<p>ABBA is a licensed and insured <span class="bold">Florida Certified General Contractor</span> and is fully capable of handling any remodel or repair of a property. All remodeling is done in accordance with local building codes under permit.</p>', '1464678304998.png', '1464678304998.png', '', 8, 'Active', 'remodeling-and-repair', 'gh', 'hgf', 'hgf', 34, '2016-05-31 02:37:17', '2016-05-30 18:35:04'),
(44, 'reo-preservation', 'Conveyance Maintenance', '<p>Upon request, ABBA will prepare a property for conveyance pursuant to the then-current HUD <span class="bold">Mortgagee Letter specifying the preservation and protection responsibilities</span> of the servicer.</p>', '1464678322685.png', '1464678322685.png', '', 9, 'Active', 'conveyance-maintenance', 'gfd', 'gdf', 'gdf', 34, '2016-05-31 02:37:17', '2016-05-30 18:35:22'),
(45, 'reo-preservation', 'Property Inspections', '<p>Occupancy Status Inspection &ndash; Initial and Ongoing Monitoring.</p>', '1464678341917.png', '1464678341917.png', '', 10, 'Active', 'property-inspections', 'das', 'das', 'dsa', 34, '2016-05-31 02:37:17', '2016-05-30 18:35:41'),
(46, 'bid-room', 'Bid Room', '<p>gf</p>', '1464684663243.jpg', '1464684663243.jpg', '<p>ABBA Construction is committed to using local companies for projects that we are involved in.&nbsp;&nbsp;We work regularly with some of the best subcontractors in the business.&nbsp;&nbsp;Their knowledge, skill and reliability is a vital resource, and we are deeply committed to maintaining strong working relationships that lead to our mutual success - and to the success of our customers.&nbsp;&nbsp;A list of our current bid opportunities is displayed below.&nbsp;&nbsp;If you are interested in one of the opportunities you can click on the project name and view the bid documents for that job.</p>', 1, 'Active', 'bid-room', 'dfg', 'gfdg', 'gdfg', 0, '2016-05-31 07:06:44', '2016-05-31 01:36:44'),
(47, 'project-portfolio', 'Project Portfolio', '<p>g</p>', '1464684544037.png', '1464684544037.png', '<p><span>ABBA Construction, Inc. is a small business headquarterd in Jacksonville, FL, began operations in 1985.&nbsp;&nbsp;Today, the company is uniquely qualified to design, plan, schedule and complete multi discipline/multi-task general construction and mangement activities.&nbsp;&nbsp;We invite you to view our Projects Area to learn more about the type of work that ABBA Construction performs as well as view our performance history.</span></p>', 3, 'Active', 'project-portfolio', 'gdf', 'gdf', 'gdf', 0, '2016-05-31 07:07:25', '2016-05-31 01:37:25'),
(48, 'careers', 'Careers', '<p>g</p>', '1464684607683.png', '1464684607683.png', '<p><span>At ABBA Construction, Inc. we strive to be the best general contractor.&nbsp;&nbsp;Behind every project is a group of talented project managers, superintendents, foremen, and tradespersons; which are supported by team members in Accounting, Human Resources and Administration.&nbsp;&nbsp;Our employees are our greatest asset.&nbsp;&nbsp;We offer many opportunities for training and professional development.&nbsp;&nbsp;We take pride in the quality of work and professionalism that prevails at ABBA.</span></p>', 7, 'Active', 'careers', 'hfg', 'hgf', 'hgf', 0, '2016-05-31 04:51:49', '2016-05-30 23:21:49');

-- --------------------------------------------------------

--
-- Table structure for table `password_reminders`
--

CREATE TABLE IF NOT EXISTS `password_reminders` (
  `id` int(11) NOT NULL auto_increment,
  `email` varchar(255) NOT NULL,
  `token` varchar(255) NOT NULL,
  `created_at` datetime NOT NULL,
  `updated_at` datetime NOT NULL,
  PRIMARY KEY  (`id`)
) ENGINE=InnoDB  DEFAULT CHARSET=latin1 AUTO_INCREMENT=35 ;

--
-- Dumping data for table `password_reminders`
--

INSERT INTO `password_reminders` (`id`, `email`, `token`, `created_at`, `updated_at`) VALUES
(1, 'sukanya@sdi.la', 'f18a32b9793ca4d64803c6dfb840fe7afbfbef3a', '2015-10-19 11:49:29', '0000-00-00 00:00:00'),
(2, 'sukanya@sdi.la', '20aac6abc7691e1162e5c084d2570637fe8128c8', '2015-10-19 11:51:39', '0000-00-00 00:00:00'),
(3, 'sukanya@sdi.la', '7f3eaed7b4dd069fd3b2c6046c17e1c76f44b054', '2015-10-19 12:04:24', '0000-00-00 00:00:00'),
(7, 'sukanya@sdi.la', '9dfe52a1e83c692bad459962eff5238f6f7867e3', '2015-10-19 12:19:00', '0000-00-00 00:00:00'),
(9, 'sukanya@sdi.la', 'c3eda4cb5fc800b0636f812f5954d6e9c2feb92b', '2015-10-20 10:04:53', '0000-00-00 00:00:00'),
(10, 'krishnaraj@sdi.la', '9d692f4239ffcd97ad430765580bc9d24a616fa0', '2016-04-04 08:45:08', '0000-00-00 00:00:00'),
(11, 'testertest1@yopmail.com', '047bc78ab6d1eb0d799e996bd2eaa2e4dc74d385', '2016-04-08 05:01:59', '0000-00-00 00:00:00'),
(12, 'krishnaraj@sdi.la', 'ca8efac93e266e6dacf0f16170799bbac5601425', '2016-04-08 05:03:24', '0000-00-00 00:00:00'),
(13, 'testertest1@yopmail.com', '3f50b7daef8b04e1f192d366ddacc9439848b035', '2016-04-08 05:47:49', '0000-00-00 00:00:00'),
(14, 'testertest1@yopmail.com', '4875e8f27c83dbe3335407ff72262cf105e493bf', '2016-04-08 05:49:09', '0000-00-00 00:00:00'),
(15, 'testertest1@yopmail.com', 'fa11889ec7d8936a1154675fa27976f092578c74', '2016-04-08 05:50:04', '0000-00-00 00:00:00'),
(17, 'testertest1@yopmail.com', 'b3c04aea04fd67862336117d4845df243db93916', '2016-04-08 06:39:51', '0000-00-00 00:00:00'),
(18, 'testertest1@yopmail.com', 'c9ebecb6396c621ee5786bf176a23743d92b4710', '2016-04-08 06:45:13', '0000-00-00 00:00:00'),
(19, 'testertest1@yopmail.com', 'b48b494221bc5906597715af515e5416a0a4ecb9', '2016-04-08 06:46:50', '0000-00-00 00:00:00'),
(20, 'testertest1@yopmail.com', '87bf8f327295f1f324a30289f8d65dff4134a83f', '2016-04-08 06:51:24', '0000-00-00 00:00:00'),
(21, 'testertest1@yopmail.com', '82c49e450a0f8d65bf60e832a1b86b1886fc4901', '2016-04-08 06:56:17', '0000-00-00 00:00:00'),
(23, 'testertest1@yopmail.com', '0606c93bd6e9d48606f7aa9fbe9b664e71c3bb4a', '2016-04-08 09:20:28', '0000-00-00 00:00:00'),
(29, 'krishnarajreel@gmail.com', 'fca36e291b72f16bcb7fee570e0ab36b6082b0cc', '2016-04-13 10:10:33', '0000-00-00 00:00:00'),
(30, 'krishnarajsdi@yopmail.com', 'a36a25e0e3b2b6ef3bfc0d09187f9af424e7b9bc', '2016-04-15 12:49:23', '0000-00-00 00:00:00'),
(31, 'krishnarajsdi@yopmail.com', '50f24c666a2e52a54b64da4947b7c81914963f85', '2016-04-19 11:58:20', '0000-00-00 00:00:00'),
(34, 'jzstipe@abba.com', '52675e8634f5f26a83a8aa770ab11cd58e8486f9', '2016-05-10 17:20:18', '0000-00-00 00:00:00');

-- --------------------------------------------------------

--
-- Table structure for table `positions`
--

CREATE TABLE IF NOT EXISTS `positions` (
  `id` int(11) NOT NULL auto_increment,
  `name` varchar(100) character set latin1 default NULL,
  `status` enum('Active','Inactive') character set latin1 default 'Active',
  `created_at` datetime NOT NULL,
  `updated_at` timestamp NOT NULL default CURRENT_TIMESTAMP,
  `deleted_at` datetime NOT NULL,
  PRIMARY KEY  (`id`)
) ENGINE=MyISAM  DEFAULT CHARSET=utf8 AUTO_INCREMENT=6 ;

--
-- Dumping data for table `positions`
--

INSERT INTO `positions` (`id`, `name`, `status`, `created_at`, `updated_at`, `deleted_at`) VALUES
(2, 'Project Manager', 'Active', '2016-01-11 10:59:50', '2016-05-25 17:07:55', '0000-00-00 00:00:00'),
(3, 'Superintendent', 'Active', '2016-01-11 11:25:07', '2016-05-25 17:08:11', '2016-01-11 13:42:46'),
(4, 'Estimator', 'Active', '2016-01-11 11:46:31', '2016-05-25 17:07:39', '0000-00-00 00:00:00');

-- --------------------------------------------------------

--
-- Table structure for table `projects`
--

CREATE TABLE IF NOT EXISTS `projects` (
  `id` int(11) NOT NULL auto_increment,
  `user_id` int(11) unsigned NOT NULL,
  `latitude` varchar(100) NOT NULL,
  `longitude` varchar(100) NOT NULL,
  `sort_order` bigint(100) NOT NULL,
  `fax` int(15) NOT NULL,
  `project_name` varchar(100) NOT NULL,
  `project_details` text NOT NULL,
  `short_desc` varchar(500) NOT NULL,
  `state` varchar(100) NOT NULL,
  `area_code` varchar(250) NOT NULL,
  `trade` text NOT NULL,
  `zipcode` varchar(20) NOT NULL,
  `project_image` varchar(255) NOT NULL,
  `project_location_city` varchar(255) NOT NULL,
  `project_location_zip` varchar(20) NOT NULL,
  `status` enum('1','0') NOT NULL,
  `project_start_date` date NOT NULL,
  `bid_due_date` datetime NOT NULL,
  `created_at` timestamp NOT NULL default '0000-00-00 00:00:00',
  `updated_at` timestamp NOT NULL default '0000-00-00 00:00:00',
  `deleted_at` datetime NOT NULL,
  PRIMARY KEY  (`id`),
  KEY `user_id` (`user_id`)
) ENGINE=InnoDB  DEFAULT CHARSET=latin1 AUTO_INCREMENT=31 ;

--
-- Dumping data for table `projects`
--

INSERT INTO `projects` (`id`, `user_id`, `latitude`, `longitude`, `sort_order`, `fax`, `project_name`, `project_details`, `short_desc`, `state`, `area_code`, `trade`, `zipcode`, `project_image`, `project_location_city`, `project_location_zip`, `status`, `project_start_date`, `bid_due_date`, `created_at`, `updated_at`, `deleted_at`) VALUES
(10, 2, '11.9228666', '79.7932499', 1, 0, 'rediayarpalayam', '<p>rediayarpalayam</p>', 'test', '5', '205,251,256,334', '37', '605010', '', '', '', '1', '0000-00-00', '2016-05-26 00:01:00', '2016-01-25 09:59:36', '2016-05-26 10:10:19', '0000-00-00 00:00:00'),
(11, 10, '33.6941622', '-87.0424393', 9, 0, 'Docena', '<p>Docena</p>', 'test', '5', '205,251,256,334', '37,38,39,40,41,42,43,185,186,208,159,160,161,162,163,82,83,84,85,86,87,88,89,90,176,177,178,179,180,181,120,121,122,123,124,125,126,127,128,129,130,131,132,133,134,135,136,137,91,92,93,94,95,96,97,98,99,100,101,102,103,138,139,140,141,142,143,144,145,146,1,2,3,4,5,6,7,8,9,10,11,12,13,14,45,46,47,48,49,164,165,166,167,168,169,170,171,172,173,174,175,50,51,52,53,54,55,56,57,58,59,60,15,16,17,18,19,20,21,22,23,24,25,26,27,28,29,30,31,32,33,34,35,36,147,148,149,150,151,152,153,154,155,156,157,158,104,105,106,107,108,109,110,111,112,113,114,115,116,117,118,119,72,73,74,75,76,77,78,79,80,81,61,62,63,64,65,66,67,68,69,70,71', '35062', '', '', '', '1', '0000-00-00', '2016-07-09 00:00:00', '2016-02-05 13:35:01', '2016-05-25 15:10:31', '0000-00-00 00:00:00'),
(12, 10, '33.8271665', '-87.0024407', 15, 0, 'testt', '<p>test</p>', '', '1,5', '239,205', '1,2,3,4,5,6,7,8,9,10,11,12,13,14,15,16,17,18,19,20,21,22,23,24,25,26,27,28,29,30,31,32,33,34,35,36,37,38,39,40,41,42,43,45,46,47,48,49,50,51,52,53,54,55,56,57,58,59,60,61,62,63,64,65,66,67,68,69,70,71,72,73,74,75,76,77,78,79,80,81,82,83,84,85,86,87,88,89,90,91,92,93,94,95,96,97,98,99,100,101,102,103,104,105,106,107,108,109,110,111,112,113,114,115,116,117,118,119,120,121,122,123,124,125,126,127,128,129,130,131,132,133,134,135,136,137,138,139,140,141,142,143,144,145,146,147,148,149,150,151,152,153,154,155,156,157,158,159,160,161,162,163,164,165,166,167,168,169,170,171,172,173,174,175,176,177,178,179,180,181,183,185,186,208', '35063', '', '', '', '1', '0000-00-00', '2016-02-13 00:00:00', '2016-02-13 12:03:26', '2016-02-13 12:03:26', '0000-00-00 00:00:00'),
(13, 10, '11.8692735', '79.7904475', 15, 0, 'new', '<p>nghgfh</p>', '', '2,5', '678,205,251,256,334', '1,2,3,4,5,6,7,8,9,10,11,12,13,14,15,16,17,18,19,20,21,22,23,24,25,26,27,28,29,30,31,32,33,34,35,36,37,38,39,40,41,42,43,45,46,47,48,49,50,51,52,53,54,55,56,57,58,59,60,61,62,63,64,65,66,67,68,69,70,71,72,73,74,75,76,77,78,79,80,81,82,83,84,85,86,87,88,89,90,91,92,93,94,95,96,97,98,99,100,101,102,103,104,105,106,107,108,109,110,111,112,113,114,115,116,117,118,119,120,121,122,123,124,125,126,127,128,129,130,131,132,133,134,135,136,137,138,139,140,141,142,143,144,145,146,147,148,149,150,151,152,153,154,155,156,157,158,159,160,161,162,163,164,165,166,167,168,169,170,171,172,173,174,175,176,177,178,179,180,181,183,185,186,208', '605007', '1455714226591.jpg', '', '', '0', '0000-00-00', '2016-02-19 00:00:00', '2016-02-17 12:52:26', '2016-02-19 17:53:14', '0000-00-00 00:00:00'),
(14, 10, '33.6941622', '-87.0424393', 11, 0, 'Dam Repair', '<p>This Statement of Work (SOW) defines the scope for this task order to include: All necessary materials and programming needed to install a &ldquo;National Airborne Operation Center (NAOC) ALERT&rdquo; notification system and an aircraft rated utility pit to house and provide communications and domestic water to the parked aircraft during times of beddown. All bidders are cautioned that the construction team is expected to spend an adequate amount of time at each facility and work area prior to proposal submittal in order to fully assess the existing conditions to ensure that appropriate construction methods can be used to replicate the existing features in the proposed work.</p>\r\n<p>The Government shall reference the basic MACC contract proposals for information such as quality control, teaming, and personnel qualifications. The place of performance shall be at MacDill Air Force Base (MAFB),<strong><em> Tampa, Florida</em></strong> (FL). The following is a brief summary of the project is provided solely for the purpose of revealing the general nature of the work involved: Provide all labor, materials, programming and equipment as required to install a &ldquo;NAOC ALERT&rdquo; notification system and an aircraft rated utility pit to house and provide communications and domestic water to the parked aircraft during times of aircraft bed</p>\r\n<p>This Statement of Work (SOW) defines the scope for this task order to include: All necessary materials and programming needed to install a &ldquo;National Airborne Operation Center (NAOC) ALERT&rdquo; notification system and an aircraft rated utility pit to house and provide communications and domestic water to the parked aircraft during times of beddown. All bidders are cautioned that the construction team is expected to spend an adequate amount of time at each facility and work area prior to proposal submittal in order to fully assess the existing conditions to ensure that appropriate construction methods can be used to replicate the existing features in the proposed work.</p>\r\n<p>The Government shall reference the basic MACC contract proposals for information such as quality control, teaming, and personnel qualifications. The place of performance shall be at MacDill Air Force Base (MAFB),<strong><em> Tampa, Florida</em></strong> (FL). The following is a brief summary of the project is provided solely for the purpose of revealing the general nature of the work involved: Provide all labor, materials, programming and equipment as required to install a &ldquo;NAOC ALERT&rdquo; notification system and an aircraft rated utility pit to house and provide communications and domestic water to the parked aircraft during times of aircraft bed</p>', 'Dam in Silver Creek river need to be reengineered', '5', '205,251,256,334', '1,2,3,4,5,6,7,8,9,10,11,12,13,14,15,16,17,18,19,20,21,22,23,24,25,26,27,28,29,30,31,32,33,34,35,36,37,38,39,40,41,42,43,45,46,47,48,49,50,51,52,53,54,55,56,57,58,59,60,61,62,63,64,65,66,67,68,69,70,71,72,73,74,75,76,77,78,79,80,81,82,83,84,85,86,87,88,89,90,91,92,93,94,95,96,97,98,99,100,101,102,103,104,105,106,107,108,109,110,111,112,113,114,115,116,117,118,119,120,121,122,123,124,125,126,127,128,129,130,131,132,133,134,135,136,137,138,139,140,141,142,143,144,145,146,147,148,149,150,151,152,153,154,155,156,157,158,159,160,161,162,163,164,165,166,167,168,169,170,171,172,173,174,175,176,177,178,179,180,181,183,185,186,208', '35062', '1459487910579.jpg', '', '', '1', '0000-00-00', '2016-04-23 18:29:00', '2016-03-07 14:09:19', '2016-04-26 06:47:20', '0000-00-00 00:00:00'),
(15, 10, '33.5587029', '-86.9311104', 14, 0, 'Test AA', '<p>test</p>', '', '1', '239,305,321,352,386,407,561,689,727,754,772,786,813,850,863,941,904,954', '1,2,3,4,5,6,7,8,9,10,11,12,13,14,15,16,17,18,19,20,21,22,23,24,25,26,27,28,29,30,31,32,33,34,35,36,37,38,39,40,41,42,43,45,46,47,48,49,50,51,52,53,54,55,56,57,58,59,60,61,62,63,64,65,66,67,68,69,70,71,72,73,74,75,76,77,78,79,80,81,82,83,84,85,86,87,88,89,90,91,92,93,94,95,96,97,98,99,100,101,102,103,104,105,106,107,108,109,110,111,112,113,114,115,116,117,118,119,120,121,122,123,124,125,126,127,128,129,130,131,132,133,134,135,136,137,138,139,140,141,142,143,144,145,146,147,148,149,150,151,152,153,154,155,156,157,158,159,160,161,162,163,164,165,166,167,168,169,170,171,172,173,174,175,176,177,178,179,180,181,183,185,186,208', '35060', '1457711409688.jpg', '', '', '1', '0000-00-00', '2016-03-11 00:00:00', '2016-03-11 15:50:10', '2016-04-26 06:47:34', '0000-00-00 00:00:00'),
(16, 10, '30.1532158', '-81.5706109', 13, 0, 'SJRSC Womens Locker Room Test', '<p>RFI Due: 4/15/16 2:00p.m.</p>\r\n<p>Renovate locker room. ssssssssssssssssssssssssssssssssssssssssssssssssssssssssssssssssssssssssssssssssssssssssssssssssssssssssssssssssssssssssssssssssssssssssssssssssssssssssssvvvvvvvvvvvvvvvvvvvvvvvvvvvvvvvvvvvvvvvvvvvvvvvvvvvvvvvvvvvvsssssssssssssssssssssssssssssssssssssssssssssssssssssssssssssssssssssssssssssssssssssssssssssssssssssssssssssssssssssssssssssssssssssssssssssssssssssssssssssssssssssssssssrrr&nbsp;&nbsp; fgg</p>\r\n<p>&nbsp;</p>\r\n<p>&nbsp;</p>\r\n<p>&nbsp;</p>', 'This is sample description replaced with original', '9', '773', '38', '32258', '1458832635670.jpg', '', '', '1', '0000-00-00', '2016-06-01 03:59:00', '2016-03-11 16:01:11', '2016-04-29 09:37:53', '0000-00-00 00:00:00'),
(17, 10, '33.6941622', '-87.0424393', 6, 0, 'Flyover Repair', '<p>The Contractor shall conduct the following construction activities:</p>\r\n<ul>\r\n<li>Locate existing watermains, coordinate with Government and FGUA on water service down time, cut and install new tee fitting. Excavate and install a water service line, install new future stub-out, gate valve, backflow prevention device and meter. The Contractor shall align watermain location ditch crossing with proposed utility vault on airfield.</li>\r\n<li>&nbsp;Directional bore watermain from fence line to new utility pad location.</li>\r\n<li>&nbsp;Pressure test new watermain, disinfect and conduct bacteriological testing to obtain clearance from FGUA.</li>\r\n<li>The Contractor shall align new watermain with proposed utility pit and make water connections.</li>\r\n<li>The Contractor shall refer to construction plans for requirements on repairing the concrete taxiway pavement around utility pit.&nbsp;</li>\r\n<li>Repair all damage airfield striping and sod disturbed areas.</li>\r\n<li>The Contractor shall flag all NAOC Alert Route Signs in the field for government approval. Install signs and posts in approved locations. Provide two extra signs and posts for each of the Alert Route and Reserved Parking. D. STRUCTURAL: N/A E. MECHANICAL: N/A F. ELECTRICAL: The contractor is responsible for constructing and installing all required equipment and materials in accordance and listed within the latest version of the National Fire Protection Association (NFPA) 70E, 2011 National Electrical Code (NEC), NFPA 101, Unified Facilities Code (UFC) 3-501-01, UFC 3-530-01, and the current MacDill Design Guidelines. All specifications stated below are in addition to all of the above mentioned design criteria. When ambiguities or inconsistencies arise between DOD, U.S. Air Force Regulations, and Civilian Codes/Standards, the U.S. Air Force Regulations shall govern. In the event that certain areas of design are not specifically addressed by the U.S. Air Force Regulations, the most stringent design requirements as defined by applicable codes or association standards and as determined by government representative</li>\r\n</ul>', '', '5', '205,251,256,334', '1,2,3,4,5,6,7,8,9,10,11,12,13,14,15,16,17,18,19,20,21,22,23,24,25,26,27,28,29,30,31,32,33,34,35,36,37,38,39,40,41,42,43,45,46,47,48,49,50,51,52,53,54,55,56,57,58,59,60,61,62,63,64,65,66,67,68,69,70,71,72,73,74,75,76,77,78,79,80,81,82,83,84,85,86,87,88,89,90,91,92,93,94,95,96,97,98,99,100,101,102,103,104,105,106,107,108,109,110,111,112,113,114,115,116,117,118,119,120,121,122,123,124,125,126,127,128,129,130,131,132,133,134,135,136,137,138,139,140,141,142,143,144,145,146,147,148,149,150,151,152,153,154,155,156,157,158,159,160,161,162,163,164,165,166,167,168,169,170,171,172,173,174,175,176,177,178,179,180,181,183,185,186,208', '35062', '1459488052490.jpg', '', '', '1', '0000-00-00', '2016-04-15 18:29:00', '2016-03-17 09:43:18', '2016-04-26 06:45:20', '0000-00-00 00:00:00'),
(18, 10, '33.6941622', '-87.0424393', 4, 0, 'Plumbing Work', '<p>A. Five Percent (5%) of the Contract value will be withheld as a final payment until all project deliverables such as As-Builts, GIS Data, O&amp;M Manuals, and Training Material are submitted to and accepted by the Government.</p>\r\n<p>B. All material submittals shall be submitted and approved per the AF Form 66 for specific due dates.</p>\r\n<p>C. The government has a 14 day review period for each material submittal and the Contractor owns the burden of managing time and obtaining approval of all submittals. Approval of submittals shall be accomplished within 14 days after submission of material submittal.</p>\r\n<p>D. All submittals shall be in PDF format as well as hard copies as required.</p>\r\n<p>E. All submittals with a * next to the line number on the AF Form 66 require the contractor&rsquo;s Design Engineer to review and approve the identified submittal by printing and signing their name in the &ldquo;DESCRIPTION OF MATERIAL&rdquo; section of the AF Form 3000.</p>\r\n<p>NOTE: Submittals designated as such on the AF Form 66 must be reviewed and approved prior to submission to the government by the specific professional of record, licensed in the State of Florida. Structural submittals must be approved by the structural engineer, electrical by electrical and so forth</p>', '', '1', '239,305,321,352,386,407,561,689,727,754,772,786,813,850,863,941,904,954', '1,2,3,4,5,6,7,8,9,10,11,12,13,14,15,16,17,18,19,20,21,22,23,24,25,26,27,28,29,30,31,32,33,34,35,36,37,38,39,40,41,42,43,45,46,47,48,49,50,51,52,53,54,55,56,57,58,59,60,61,62,63,64,65,66,67,68,69,70,71,72,73,74,75,76,77,78,79,80,81,82,83,84,85,86,87,88,89,90,91,92,93,94,95,96,97,98,99,100,101,102,103,104,105,106,107,108,109,110,111,112,113,114,115,116,117,118,119,120,121,122,123,124,125,126,127,128,129,130,131,132,133,134,135,136,137,138,139,140,141,142,143,144,145,146,147,148,149,150,151,152,153,154,155,156,157,158,159,160,161,162,163,164,165,166,167,168,169,170,171,172,173,174,175,176,177,178,179,180,181,183,185,186,208', '35062', '1458208433453.jpg', '', '', '1', '0000-00-00', '2016-03-26 18:29:00', '2016-03-17 09:53:53', '2016-04-26 07:12:14', '0000-00-00 00:00:00'),
(19, 10, '11.8692735', '79.7904475', 2, 0, 'new', '<div class="controls">\r\n<p>A. Five Percent (5%) of the Contract value will be withheld as a final payment until all project deliverables such as As-Builts, GIS Data, O&amp;M Manuals, and Training Material are submitted to and accepted by the Government.</p>\r\n<p>B. All material submittals shall be submitted and approved per the AF Form 66 for specific due dates.</p>\r\n<p>C. The government has a 14 day review period for each material submittal and the Contractor owns the burden of managing time and obtaining approval of all submittals. Approval of submittals shall be accomplished within 14 days after submission of material submittal.</p>\r\n<p>D. All submittals shall be in PDF format as well as hard copies as required.</p>\r\n<p>E. All submittals with a * next to the line number on the AF Form 66 require the contractor&rsquo;s Design Engineer to review and approve the identified submittal by printing and signing their name in the &ldquo;DESCRIPTION OF MATERIAL&rdquo; section of the AF Form 3000.</p>\r\n<p>NOTE: Submittals designated as such on the AF Form 66 must be reviewed and approved prior to submission to the government by the specific professional of record, licensed in the State of Florida. Structural submittals must be approved by the structural engineer, electrical by electrical and so forth</p>\r\n</div>', 'fsdgfdjgfjhgkjhgjkh', '1', '407,813,904', '38,41,42,184,185,208,216,176', '605007', '1458295294863.jpg', '', '', '1', '0000-00-00', '2016-03-18 18:29:00', '2016-03-18 10:01:35', '2016-05-20 15:42:17', '0000-00-00 00:00:00'),
(20, 10, '33.6941622', '-87.0424393', 3, 0, 'Flyover Extension', '<p>This Statement of Work (SOW) defines the scope for this task order to include: All necessary materials and programming needed to install a &ldquo;National Airborne Operation Center (NAOC) ALERT&rdquo; notification system and an aircraft rated utility pit to house and provide communications and domestic water to the parked aircraft during times of beddown. All bidders are cautioned that the construction team is expected to spend an adequate amount of time at each facility and work area prior to proposal submittal in order to fully assess the existing conditions to ensure that appropriate construction methods can be used to replicate the existing features in the proposed work.</p>\r\n<p>The Government shall reference the basic MACC contract proposals for information such as quality control, teaming, and personnel qualifications. The place of performance shall be at MacDill Air Force Base (MAFB),<strong><em>&nbsp;Tampa, Florida</em></strong>&nbsp;(FL). The following is a brief summary of the project is provided solely for the purpose of revealing the general nature of the work involved: Provide all labor, materials, programming and equipment as required to install a &ldquo;NAOC ALERT&rdquo; notification system and an aircraft rated utility pit to house and provide communications and domestic water to the parked aircraft during times of aircraft bed</p>\r\n<p>This Statement of Work (SOW) defines the scope for this task order to include: All necessary materials and programming needed to install a &ldquo;National Airborne Operation Center (NAOC) ALERT&rdquo; notification system and an aircraft rated utility pit to house and provide communications and domestic water to the parked aircraft during times of beddown. All bidders are cautioned that the construction team is expected to spend an adequate amount of time at each facility and work area prior to proposal submittal in order to fully assess the existing conditions to ensure that appropriate construction methods can be used to replicate the existing features in the proposed work.</p>\r\n<p>The Government shall reference the basic MACC contract proposals for information such as quality control, teaming, and personnel qualifications. The place of performance shall be at MacDill Air Force Base (MAFB),<strong><em>&nbsp;Tampa, Florida</em></strong>&nbsp;(FL). The following is a brief summary of the project is provided solely for the purpose of revealing the general nature of the work involved: Provide all labor, materials, programming and equipment as required to install a &ldquo;NAOC ALERT&rdquo; notification system and an aircraft rated utility pit to house and provide communications and domestic water to the parked aircraft during times of aircraft bed</p>', 'Test', '5', '205,251,256,334', '37,38,39,40,41,42,43,185,186,208,159,160,161,162,163,82,83,84,85,86,87,88,89,90,176,177,178,179,180,181,120,121,122,123,124,125,126,127,128,129,130,131,132,133,134,135,136,137,91,92,93,94,95,96,97,98,99,100,101,102,103,138,139,140,141,142,143,144,145,146,1,2,3,4,5,6,7,8,9,10,11,12,13,14,45,46,47,48,49,164,165,166,167,168,169,170,171,172,173,174,175,50,51,52,53,54,55,56,57,58,59,60,15,16,17,18,19,20,21,22,23,24,25,26,27,28,29,30,31,32,33,34,35,36,147,148,149,150,151,152,153,154,155,156,157,158,104,105,106,107,108,109,110,111,112,113,114,115,116,117,118,119,72,73,74,75,76,77,78,79,80,81,61,62,63,64,65,66,67,68,69,70,71', '35062', '1460546276552.jpg', '', '', '1', '0000-00-00', '2016-07-08 07:15:00', '2016-04-13 07:08:18', '2016-05-25 15:08:22', '0000-00-00 00:00:00'),
(21, 46, '33.6941622', '-87.0424393', 7, 0, 'Bridge Project', '<p>This Statement of Work (SOW) defines the scope for this task order to include: All necessary materials and programming needed to install a &ldquo;National Airborne Operation Center (NAOC) ALERT&rdquo; notification system and an aircraft rated utility pit to house and provide communications and domestic water to the parked aircraft during times of beddown. All bidders are cautioned that the construction team is expected to spend an adequate amount of time at each facility and work area prior to proposal submittal in order to fully assess the existing conditions to ensure that appropriate construction methods can be used to replicate the existing features in the proposed work.</p>\r\n<p>The Government shall reference the basic MACC contract proposals for information such as quality control, teaming, and personnel qualifications. The place of performance shall be at MacDill Air Force Base (MAFB),<strong><em>&nbsp;Tampa, Florida</em></strong>&nbsp;(FL). The following is a brief summary of the project is provided solely for the purpose of revealing the general nature of the work involved: Provide all labor, materials, programming and equipment as required to install a &ldquo;NAOC ALERT&rdquo; notification system and an aircraft rated utility pit to house and provide communications and domestic water to the parked aircraft during times of aircraft bed</p>\r\n<p>This Statement of Work (SOW) defines the scope for this task order to include: All necessary materials and programming needed to install a &ldquo;National Airborne Operation Center (NAOC) ALERT&rdquo; notification system and an aircraft rated utility pit to house and provide communications and domestic water to the parked aircraft during times of beddown. All bidders are cautioned that the construction team is expected to spend an adequate amount of time at each facility and work area prior to proposal submittal in order to fully assess the existing conditions to ensure that appropriate construction methods can be used to replicate the existing features in the proposed work.</p>\r\n<p>The Government shall reference the basic MACC contract proposals for information such as quality control, teaming, and personnel qualifications. The place of performance shall be at MacDill Air Force Base (MAFB),<strong><em>&nbsp;Tampa, Florida</em></strong>&nbsp;(FL). The following is a brief summary of the project is provided solely for the purpose of revealing the general nature of the work involved: Provide all labor, materials, programming and equipment as required to install a &ldquo;NAOC ALERT&rdquo; notification system and an aircraft rated utility pit to house and provide communications and domestic water to the parked aircraft during times of aircraft bed</p>', 'Bridge will be constructed between twin peaks of Glacier', '5', '205,251,256,334', '37', '35062', '1460541247040.jpg', '', '', '1', '0000-00-00', '2016-07-09 08:30:00', '2016-04-13 09:54:07', '2016-05-26 16:33:01', '0000-00-00 00:00:00'),
(22, 46, '33.6941622', '-87.0424393', 8, 0, 'Mansion Buildings', '<p>A&nbsp;<strong>mansion</strong>&nbsp;is a large dwelling&nbsp;house.</p>\r\n<p>The word itself derives through&nbsp;Old French&nbsp;from the&nbsp;Latin&nbsp;word&nbsp;<em>mansio</em>&nbsp;"dwelling", an abstract noun derived from the verb&nbsp;<em>manere</em>&nbsp;"to dwell". The&nbsp;English&nbsp;word "manse" originally defined a property large enough for the parish priest to maintain himself, but a mansion is no longer self-sustaining in this way (compare a Roman or medieval&nbsp;villa). ''Manor'' comes from the same root&mdash;territorial holdings granted to a lord who would&nbsp;<em>remain</em>&nbsp;there&mdash;hence it is easy to see how the word ''Mansion'' came to have its meaning.</p>\r\n<p>Within an&nbsp;ancient Roman&nbsp;city, patrician&nbsp;dwellings&nbsp;might be very extensive, and luxurious. Such mansions on one hill in&nbsp;Rome&nbsp;became so extensive that the term&nbsp;palatial&nbsp;was actually derived from the name&nbsp;Palatine hill&nbsp;and is the etymological origin of "palace".<sup id="cite_ref-1" class="reference"><br /></sup></p>\r\n<div class="thumb tright">\r\n<div class="thumbinner">\r\n<div class="thumbcaption">\r\n<div class="magnify">Renaissance&nbsp;villas&nbsp;such as&nbsp;Villa Rotonda&nbsp;near&nbsp;Vicenza&nbsp;were an inspiration for many later mansions, especially during the&nbsp;industrialisation.</div>\r\n</div>\r\n</div>\r\n</div>\r\n<p>Following the fall of Rome the practice of building unfortified villas ceased. Today, the oldest inhabited mansions around the world usually began their existence as fortified&nbsp;castles&nbsp;in the&nbsp;middle ages. As social conditions slowly changed and stabilised&nbsp;fortifications&nbsp;were able to be reduced, and over the centuries gave way to comfort. It became fashionable and possible for homes to be beautiful rather than grim and forbidding allowing for the development of the modern mansion.</p>\r\n<p>In British English a&nbsp;<strong>mansion block</strong>&nbsp;refers to a block of flats or&nbsp;apartments&nbsp;designed for the appearance of grandeur. In many parts of Asia, including Hong Kong and Japan, the word mansion also refers to a block of apartments.</p>\r\n<p>In Europe, from the 15th century onwards, a combination of politics and advancements in modern weaponry negated the need for the aristocracy to live in fortified castles. As a result, many were transformed into mansions without defences or demolished and rebuilt in a more modern, undefended style. Due to intermarriage and primogeniture inheritance amongst the aristocracy, it became common for one noble to often own several country houses. These would be visited rotationally throughout the year as their owner pursued the social and sporting circuit from country home to country home.&nbsp;Many owners of a country house would also own a town mansion in their country''s capital city. These town mansions were referred to as ''houses'' in London, hotels in Paris and palaces in most European cities elsewhere. It might be noted that sometimes the house of a clergyman was called a "mansion house"&nbsp;</p>', 'The Mansion Building takes place in the Island ', '5', '205,251,256,334', '37,38,39,40,41,42,43,185,186,208,159,160,161,162,163,82,83,84,85,86,87,88,89,90,176,177,178,179,180,181,120,121,122,123,124,125,126,127,128,129,130,131,132,133,134,135,136,137,91,92,93,94,95,96,97,98,99,100,101,102,103,138,139,140,141,142,143,144,145,146,1,2,3,4,5,6,7,8,9,10,11,12,13,14,45,46,47,48,49,164,165,166,167,168,169,170,171,172,173,174,175,50,51,52,53,54,55,56,57,58,59,60,15,16,17,18,19,20,21,22,23,24,25,26,27,28,29,30,31,32,33,34,35,36,147,148,149,150,151,152,153,154,155,156,157,158,104,105,106,107,108,109,110,111,112,113,114,115,116,117,118,119,72,73,74,75,76,77,78,79,80,81,61,62,63,64,65,66,67,68,69,70,71', '35062', '1462770883960.jpg', '', '', '1', '0000-00-00', '2016-05-13 10:15:00', '2016-04-13 10:03:15', '2016-05-09 05:14:44', '0000-00-00 00:00:00'),
(23, 46, '33.6941622', '-87.0424393', 9, 0, 'Roof Repair', '<p>A&nbsp;<strong>mansion</strong>&nbsp;is a large dwelling&nbsp;house.</p>\r\n<p>The word itself derives through&nbsp;Old French&nbsp;from the&nbsp;Latin&nbsp;word&nbsp;<em>mansio</em>&nbsp;"dwelling", an abstract noun derived from the verb&nbsp;<em>manere</em>&nbsp;"to dwell". The&nbsp;English&nbsp;word "manse" originally defined a property large enough for the parish priest to maintain himself, but a mansion is no longer self-sustaining in this way (compare a Roman or medieval&nbsp;villa). ''Manor'' comes from the same root&mdash;territorial holdings granted to a lord who would&nbsp;<em>remain</em>&nbsp;there&mdash;hence it is easy to see how the word ''Mansion'' came to have its meaning.</p>\r\n<p>Within an&nbsp;ancient Roman&nbsp;city, patrician&nbsp;dwellings&nbsp;might be very extensive, and luxurious. Such mansions on one hill in&nbsp;Rome&nbsp;became so extensive that the term&nbsp;palatial&nbsp;was actually derived from the name&nbsp;Palatine hill&nbsp;and is the etymological origin of "palace".<sup id="cite_ref-1" class="reference"><br /></sup></p>\r\n<div class="thumb tright">\r\n<div class="thumbinner">\r\n<div class="thumbcaption">\r\n<div class="magnify">Renaissance&nbsp;villas&nbsp;such as&nbsp;Villa Rotonda&nbsp;near&nbsp;Vicenza&nbsp;were an inspiration for many later mansions, especially during the&nbsp;industrialisation.</div>\r\n</div>\r\n</div>\r\n</div>\r\n<p>Following the fall of Rome the practice of building unfortified villas ceased. Today, the oldest inhabited mansions around the world usually began their existence as fortified&nbsp;castles&nbsp;in the&nbsp;middle ages. As social conditions slowly changed and stabilised&nbsp;fortifications&nbsp;were able to be reduced, and over the centuries gave way to comfort. It became fashionable and possible for homes to be beautiful rather than grim and forbidding allowing for the development of the modern mansion.</p>\r\n<p>In British English a&nbsp;<strong>mansion block</strong>&nbsp;refers to a block of flats or&nbsp;apartments&nbsp;designed for the appearance of grandeur. In many parts of Asia, including Hong Kong and Japan, the word mansion also refers to a block of apartments.</p>\r\n<p>In Europe, from the 15th century onwards, a combination of politics and advancements in modern weaponry negated the need for the aristocracy to live in fortified castles. As a result, many were transformed into mansions without defences or demolished and rebuilt in a more modern, undefended style. Due to intermarriage and primogeniture inheritance amongst the aristocracy, it became common for one noble to often own several country houses. These would be visited rotationally throughout the year as their owner pursued the social and sporting circuit from country home to country home.&nbsp;Many owners of a country house would also own a town mansion in their country''s capital city. These town mansions were referred to as ''houses'' in London, hotels in Paris and palaces in most European cities elsewhere. It might be noted that sometimes the house of a clergyman was called a "mansion house" (e.g.by the Revd James Blair, Commissary in Virginia for the Bishop of London, 1689-1745, a term related to the word "manse" commonly used in the Church of Scotland and in Non-Conformist churches. H.G.Herklots, The Church of England and the American Episcopal Church).</p>', 'test', '5', '205,251,256,334', '37,38,39,40,41,42,43,185,186,208,159,160,161,162,163,82,83,84,85,86,87,88,89,90,176,177,178,179,180,181,120,121,122,123,124,125,126,127,128,129,130,131,132,133,134,135,136,137,91,92,93,94,95,96,97,98,99,100,101,102,103,138,139,140,141,142,143,144,145,146,1,2,3,4,5,6,7,8,9,10,11,12,13,14,45,46,47,48,49,164,165,166,167,168,169,170,171,172,173,174,175,50,51,52,53,54,55,56,57,58,59,60,15,16,17,18,19,20,21,22,23,24,25,26,27,28,29,30,31,32,33,34,35,36,147,148,149,150,151,152,153,154,155,156,157,158,104,105,106,107,108,109,110,111,112,113,114,115,116,117,118,119,72,73,74,75,76,77,78,79,80,81,61,62,63,64,65,66,67,68,69,70,71', '35062', '1460551052716.jpg', '', '', '1', '0000-00-00', '2016-07-09 12:45:00', '2016-04-13 12:37:33', '2016-05-25 15:09:48', '0000-00-00 00:00:00'),
(25, 10, '33.6941622', '-87.0424393', 4, 0, 'Repair Elevators Base Wide', '<p><span style="color: #000000; font-family: arial,helvetica,sans-serif; font-size: small; font-style: normal; font-variant: normal; font-weight: normal; letter-spacing: normal; line-height: 24px; text-align: start; text-indent: 0px; text-transform: none; white-space: normal; word-spacing: 0px; display: inline ! important; float: none; background-color: #ffffff;">Repair and replacement of existing elevators and elevator equipment in various buildings base wide. The work includes HVAC, Plumbing, Fire Protection, Electrical and General Construction as required by current building and elevator codes. New finishes shall be provided within the elevator cabs and doorways.</span></p>\r\n<p>&nbsp;</p>\r\n<div class="thumb tright">\r\n<div class="thumbinner">\r\n<div class="thumbcaption">\r\n<div class="magnify"><span style="font-size: small; color: #000000;">Renaissance&nbsp;villas&nbsp;such as&nbsp;Villa Rotonda&nbsp;near&nbsp;Vicenza&nbsp;were an inspiration for many later mansions, especially during the&nbsp;industrialisation.</span></div>\r\n</div>\r\n</div>\r\n</div>\r\n<p>&nbsp;</p>\r\n<p><span style="font-size: small; color: #000000;">Following the fall of Rome the practice of building unfortified villas ceased. Today, the oldest inhabited mansions around the world usually began their existence as fortified&nbsp;castles&nbsp;in the&nbsp;middle ages. As social conditions slowly changed and stabilised&nbsp;fortifications&nbsp;were able to be reduced, and over the centuries gave way to comfort. It became fashionable and possible for homes to be beautiful rather than grim and forbidding allowing for the development of the modern mansion.</span></p>\r\n<p>&nbsp;</p>\r\n<p><span style="font-size: small; color: #000000;">In British English a&nbsp;<strong>mansion block</strong>&nbsp;refers to a block of flats or&nbsp;apartments&nbsp;designed for the appearance of grandeur. In many parts of Asia, including Hong Kong and Japan, the word mansion also refers to a block of apartments.</span></p>\r\n<p>&nbsp;</p>\r\n<p><span style="font-size: small; color: #000000;">In Europe, from the 15th century onwards, a combination of politics and advancements in modern weaponry negated the need for the aristocracy to live in fortified castles. As a result, many were transformed into mansions without defences or demolished and rebuilt in a more modern, undefended style. Due to intermarriage and primogeniture inheritance amongst the aristocracy, it became common for one noble to often own several country houses. These would be visited rotationally throughout the year as their owner pursued the social and sporting circuit from country home to country home.&nbsp;Many owners of a country house would also own a town mansion in their country''s capital city. These town mansions were referred to as ''houses'' in London, hotels in Paris and palaces in most European cities elsewhere. It might be noted that sometimes the house of a clergyman was called a "mansion house"</span></p>\r\n<p>&nbsp;</p>', 'A type of vertical transportation that moves people or goods between floors', '5', '205,251,256,334', '1,2,3,4,5,6,7,8,9,10,11,12,13,14,15,16,17,18,19,20,21,22,23,24,25,26,27,28,29,30,31,32,33,34,35,36,37,38,39,40,41,42,43,45,46,47,48,49,50,51,52,53,54,55,56,57,58,59,60,61,62,63,64,65,66,67,68,69,70,71,72,73,74,75,76,77,78,79,80,81,82,83,84,85,86,87,88,89,90,91,92,93,94,95,96,97,98,99,100,101,102,103,104,105,106,107,108,109,110,111,112,113,114,115,116,117,118,119,120,121,122,123,124,125,126,127,128,129,130,131,132,133,134,135,136,137,138,139,140,141,142,143,144,145,146,147,148,149,150,151,152,153,154,155,156,157,158,159,160,161,162,163,164,165,166,167,168,169,170,171,172,173,174,175,176,177,178,179,180,181,183,185,186,208', '35062', '1460555212059.jpg', '', '', '1', '0000-00-00', '2016-04-30 13:00:00', '2016-04-13 12:48:38', '2016-05-24 09:42:21', '0000-00-00 00:00:00'),
(26, 10, '11.7585237', '79.6838874', 16, 0, 'Subway / Metro Rail Project', '<p><span>It only seems like New York has been building the&nbsp;</span><span>Second Avenue subway</span><span>&nbsp;line since the Dutch owned Manhattan. First proposed about a century ago, the project has been underway in earnest&nbsp;</span>since 2007<span>, when ground broke on&nbsp;</span>Phase I<span>. The wait is nearly over: 2016 is the year when service on this segment&mdash;which connects 96th Street to 63rd Street, at a&nbsp;</span>cost of $4.45 billion<span>&mdash;will supposedly enter service. Unless of course it doesn&rsquo;t. During a board meeting this month the&nbsp;</span>MTA revealed<span>&nbsp;that the project carries a&nbsp;</span>&ldquo;moderate risk of delay&rdquo;<span>&nbsp;beyond the December 2016 opening, owing to power, station, and track complications. And regardless of whether Phase I launches on time, the subsequent segments remain a long, unfunded way off.</span></p>\r\n<p><span>Infrastructure fans across the U.S. had plenty to enjoy in 2015. New York got its</span>first new subway station<span>&nbsp;in a quarter-century, Portland, Oregon, gave the U.S. a major bridge&nbsp;</span>that bans cars<span>, Houston&nbsp;</span>showed<span>&nbsp;</span>how<span>&nbsp;to reimagine a bus system for the 21st century&mdash;all of it punctuated by the passage of the first&nbsp;</span>long-term federal highway bill<span>&nbsp;in about a decade. That&rsquo;s a tough list to top, but 2016 will give it a run for its taxpayer money.</span></p>\r\n<p><span>It only seems like New York has been building the&nbsp;</span><span>Second Avenue subway</span><span>&nbsp;line since the Dutch owned Manhattan. First proposed about a century ago, the project has been underway in earnest&nbsp;</span>since 2007<span>, when ground broke on&nbsp;</span>Phase I<span>. The wait is nearly over: 2016 is the year when service on this segment&mdash;which connects 96th Street to 63rd Street, at a&nbsp;</span>cost of $4.45 billion<span>&mdash;will supposedly enter service. Unless of course it doesn&rsquo;t. During a board meeting this month the&nbsp;</span>MTA revealed<span>&nbsp;that the project carries a&nbsp;</span>&ldquo;moderate risk of delay&rdquo;<span>&nbsp;beyond the December 2016 opening, owing to power, station, and track complications. And regardless of whether Phase I launches on time, the subsequent segments remain a long, unfunded way off.</span></p>', 'Moderate risk of delay beyond the December 2016 opening, owing to power, station, and track complications', '5', '205,251,256', '1,2,3,4,5,6,7,8,9,10,11,12,13,14,15,16,17,18,19,20,21,22,23,24,25,26,27,28,29,30,31,32,33,34,35,36,37,38,39,40,41,42,43,45,46,47,48,49,50,51,52,53,54,55,56,57,58,59,60,61,62,63,64,65,66,67,68,69,70,71,72,73,74,75,76,77,78,79,80,81,82,83,84,85,86,87,88,89,90,91,92,93,94,95,96,97,98,99,100,101,102,103,104,105,106,107,108,109,110,111,112,113,114,115,116,117,118,119,120,121,122,123,124,125,126,127,128,129,130,131,132,133,134,135,136,137,138,139,140,141,142,143,144,145,146,147,148,149,150,151,152,153,154,155,156,157,158,159,160,161,162,163,164,165,166,167,168,169,170,171,172,173,174,175,176,177,178,179,180,181,183,185,186,208', '607105', '1461915026954.jpg', '', '', '1', '0000-00-00', '2016-05-21 07:30:00', '2016-04-29 07:30:27', '2016-04-29 08:43:04', '0000-00-00 00:00:00'),
(27, 46, '11.7585237', '79.6838874', 17, 0, 'Light Rail / Streetcar', '<p><span>It only seems like Washington, D.C., has been building the&nbsp;</span><span>H Street and Benning Road streetcar</span><span>&nbsp;line since the Dutch owned Manhattan. During its development over the&nbsp;</span>past decade<span>, this project has suffered&nbsp;</span>numerous false starts<span>, not to mention a handful of&nbsp;</span>collisions with cars<span>&nbsp;during test runs. </span></p>\r\n<p><span>The latest word has service beginning in&nbsp;</span>early 2016<span>&nbsp;following pre-revenue operations. At this point you have to wonder whether the poorly conceived line&mdash;the streetcars not only run in mixed traffic but adjacent to on-street parking&mdash;is still worth the trouble. After all, the economic benefits it was supposed to deliver to H Street&nbsp;</span>have already arrived<span>.</span></p>\r\n<p><span><span>A far more critical project from the perspective of urban mobility is the opening of the second segment of the&nbsp;</span><span>Expo light rail line in Los Angeles</span><span>. Phase II, which extends the route from downtown to Santa Monica at a cost of&nbsp;</span>$1.5 billion<span>, is about to enter&nbsp;</span>final testing<span>, with an expected service launch in spring 2016. </span></span></p>\r\n<p><span><span>All told the Expo is expected to carry some&nbsp;</span>64,000<span>&nbsp;daily riders by 2030, following the city&rsquo;s general timeline for giving residents a network of reasonable non-car travel options&nbsp;</span>by 2035<span>. The Expo line might not have done much for&nbsp;</span>traffic on I-10<span>&nbsp;so far&mdash;thank you,&nbsp;</span>induced demand<span>&mdash;but there&rsquo;s evidence that it has indeed&nbsp;</span>reduced car-reliance<span>&nbsp;along the corridor.</span></span></p>', 'Expo is expected to carry some 64,000 daily riders by 2030', '5', '205,251,256,334', '1,2,3,4,5,6,7,8,9,10,11,12,13,14,15,16,17,18,19,20,21,22,23,24,25,26,27,28,29,30,31,32,33,34,35,36,37,38,39,40,41,42,43,45,46,47,48,49,50,51,52,53,54,55,56,57,58,59,60,61,62,63,64,65,66,67,68,69,70,71,72,73,74,75,76,77,78,79,80,81,82,83,84,85,86,87,88,89,90,91,92,93,94,95,96,97,98,99,100,101,102,103,104,105,106,107,108,109,110,111,112,113,114,115,116,117,118,119,120,121,122,123,124,125,126,127,128,129,130,131,132,133,134,135,136,137,138,139,140,141,142,143,144,145,146,147,148,149,150,151,152,153,154,155,156,157,158,159,160,161,162,163,164,165,166,167,168,169,170,171,172,173,174,175,176,177,178,179,180,181,183,185,186,208', '607105', '1461919587803.jpg', '', '', '1', '0000-00-00', '2016-05-14 09:00:00', '2016-04-29 08:46:28', '2016-04-29 08:46:28', '0000-00-00 00:00:00'),
(28, 10, '38.5426987', '-89.8551818', 18, 0, 'SAFB 16-06 Repair Ward Drive Drainage', '<p><strong>RFI DUE: FRIDAY, JUNE 3 - 10AM</strong></p>\r\n<p><span style="text-decoration: underline;"><strong>Scope of Work:</strong></span></p>\r\n<p>This design-build project will repair the base drainage for Scott AFB along and to the west of Ward Drive between Martin St. and Losey St. Work includes replacing and right-sizing collapsed, broken and deteriorated stormwater sewer piping, curb inlets, catch basins, and manholes. Includes modification of an existing pump station to restore the drainage system. New stormwater piping will be installed in order to properly divert runoff to the modified pump station and to place existing stormwater ditches into piping.</p>\r\n<p>&nbsp;</p>\r\n<p>Update #1:&nbsp;</p>\r\n<p>&nbsp;</p>', 'Amendment 2:', '9,10', '314,636,217,618', '19,24,274,279,283', '62225', '1464193987450.png', '', '', '1', '0000-00-00', '2016-06-17 13:00:00', '2016-05-25 16:33:07', '2016-05-25 16:33:07', '0000-00-00 00:00:00'),
(30, 10, '-3.8206859', '-38.6044681', 19, 0, 'test', '<p>test</p>', 'test', '5', '205,251,256,334,938', '37', '60734', '1464256589779.jpg', '', '', '1', '0000-00-00', '2016-05-28 15:30:00', '2016-05-26 09:56:30', '2016-05-26 09:56:30', '0000-00-00 00:00:00');

-- --------------------------------------------------------

--
-- Table structure for table `projects_portfolio`
--

CREATE TABLE IF NOT EXISTS `projects_portfolio` (
  `id` int(11) NOT NULL auto_increment,
  `user_id` int(11) unsigned NOT NULL,
  `sort_order` bigint(200) NOT NULL,
  `project_name` varchar(100) NOT NULL,
  `project_details` text NOT NULL,
  `project_image` varchar(255) NOT NULL,
  `status` enum('1','0') NOT NULL,
  `created_at` timestamp NOT NULL default '0000-00-00 00:00:00',
  `updated_at` timestamp NOT NULL default '0000-00-00 00:00:00',
  `deleted_at` datetime NOT NULL,
  PRIMARY KEY  (`id`),
  KEY `user_id` (`user_id`)
) ENGINE=InnoDB  DEFAULT CHARSET=latin1 AUTO_INCREMENT=103 ;

--
-- Dumping data for table `projects_portfolio`
--

INSERT INTO `projects_portfolio` (`id`, `user_id`, `sort_order`, `project_name`, `project_details`, `project_image`, `status`, `created_at`, `updated_at`, `deleted_at`) VALUES
(97, 10, 2, 'Brevard County - Parks and Recreation Department Concession Stand at Veterans Memorial Pier', '<p><strong>Contract Amount:</strong> $1,121,165.00</p>\r\n<p><strong>Dates of Performance:</strong> 5/10/2004 - 6/03/2005</p>\r\n<p><strong>Project: </strong> Construction of Concession Building and Finger Pier Modifications Titusville Veteran&acute;s Memorial Pier</p>\r\n<p><strong>Owner:</strong> Brevard County Facilities, Parks &amp; Recreation Department, 2725 Judge Fran Jamieson Way, Viera, FL 32940</p>\r\n<p><strong>Description of Work:</strong> This contract required the furnishing of all labor, materials, equipment, to perform all operations for the construction of a concession building, utilities, parking, landscaping and renovation of adjacent finger pier. Concrete Pilings, Construction of a split faced block building, to include roofing, framing, insulation, electrical, plumbing, HVAC, flooring, and painting. Installation of utilities, parking, site lighting, landscaping and renovation of the adjacent finger pier.</p>\r\n<p><img src="/public/project_portfolio_files/images/portfolio1-1_574471fc98ff8.jpg" alt="" width="466" height="350" />&nbsp; &nbsp; &nbsp;<img src="/public/project_portfolio_files/images/portfolio1-2_5744721dc804b.jpg" alt="" width="466" height="350" /></p>', '1464103477538.png', '1', '2016-05-24 02:54:37', '2016-05-25 14:54:49', '0000-00-00 00:00:00'),
(98, 10, 3, 'Brevard County Parks and Recreation Sharpe''s Community Center', '<p><strong>Project:</strong> Sharpe''s Community Center Construction Project Cocoa, FL</p>\r\n<p><strong>Owner:</strong> Brevard County Facilities Parks &amp; Recreation Department</p>\r\n<p><strong>Contract Amount:</strong> $ 5,300,000.00</p>\r\n<p><strong>Dates of Performance:</strong> October 2006 - March 2008</p>\r\n<p><strong>Description of Work:</strong> Construction work includes site work, civil work, potable water connections, sanitary sewer lift stations, sanitary sewer connections, storm water retention areas, storm water sewer connections, electrical power source connections, electrical power transformers, electrical power connections, site survey, 18,000 S.F. Multiple use Community center with a fully equipped gymnasium and associated sports seating and general offices. This project is currently being constructed on an unimproved 11 acre work site off of US 1, in Cocoa, FL. This project must meet or exceed 170 MPH wind uplift requirements, and is being constructed with 12" and 8" Concrete Masonry Units.</p>\r\n<p><img src="/public/project_portfolio_files/images/portfolio2-1.jpg" alt="" width="467" height="350" />&nbsp; &nbsp; &nbsp;<img src="/public/project_portfolio_files/images/portfolio2-2_574472b55715f.jpg" alt="" width="466" height="350" /></p>', '1464103626722.jpg', '1', '2016-05-24 02:57:06', '2016-05-25 14:54:42', '0000-00-00 00:00:00'),
(99, 10, 5, 'Jetty Maritime Park - Phase II', '<p><strong>Project:</strong> Jetty Maritime Park - Phase II Port Canaveral, FL</p>\r\n<p><strong>Owner:</strong> Canaveral Port Authority , 200 George King Blvd, Port Canaveral, FL 32920</p>\r\n<p><strong>Contract Amount:</strong> $1.6 Million</p>\r\n<p><strong>Dates of Performance:</strong> 9/01/2004 - 12/05/2005</p>\r\n<p><strong>Description of Work:</strong> The requirements of this contract include furnishing of all labor, equipment, materials, management and supervision to complete Phase II of the Jetty Park Facility. Included clearing, earthwork, paving &amp; surfacing, sewerage &amp; drainage, irrigation, landscaping, stone, structural steel, rough carpentry, wood trusses, finish carpentry, architectural woodwork, damp proofing, insulation, fire stopping, manufactured roofing &amp; siding, wood doors, coiling doors &amp; grilles, metal windows, hardware, glass &amp; glazing, stucco, drywall/gypsum, tile, acoustical ceilings, painting, plumbing, mechanical &amp; electrical work. Furnished and installed a complete commercial kitchen, including coolers, fryers, ovens and fire suppression systems.</p>\r\n<p>Transformed an existing 1950''s block and concrete combination "concession and bait" shop into a state of the art restaurant and public use facility for watching birds, fish, people, ocean going vessels and shuttle launches.</p>\r\n<p><strong>&nbsp; &nbsp; &nbsp;<img src="/public/project_portfolio_files/images/portfolio3-1_574555629293c.jpg" alt="" width="500" height="375" /></strong></p>', '1464103757120.jpg', '1', '2016-05-24 02:59:17', '2016-05-25 09:22:40', '0000-00-00 00:00:00'),
(100, 6, 4, 'University of Florida/USDA Agricultural Research Service Construct New Headhouse/Greenhouse at the C', '<p><strong>Project: </strong>Construct New Headhouse/Greenhouse at the CMAVE, Gainesville, FL</p>\r\n<p><strong>Contract Amount: </strong> $864,478.81</p>\r\n<p><strong>Period of Performance:</strong> July 2005 - April 2008</p>\r\n<p><strong>Type of Construction:</strong> New Construction</p>\r\n<p><strong>Project Owner: </strong>USDA Agricultural Research Service, 950 College Station, Athens, GA 30605</p>\r\n<p><strong>Project Description:</strong> ABBA Construction, Inc. was a subcontractor on this project. Scope of services included site work, civil work, potable water connections, sanitary sewer connections, architectural, structural, plumbing, fire protection, mechanical and electrical work to construct a 2,300 sf. masonry and bar joist building (Headhouse) and an attached 3,200 sf. aluminum-framed building (Greenhouse).</p>\r\n<p>&nbsp;</p>', '1464103829770.jpg', '1', '2016-05-24 03:00:29', '2016-05-25 14:00:52', '0000-00-00 00:00:00'),
(101, 6, 6, 'University of Florida/USDA Agricultural Research Service Construct', '<p><strong>Project:</strong> US Customs House Charleston, South Carolina</p>\r\n<p><strong>Project Owner:</strong> General Services Administration, 521 E. Morehead Street, Suite 430 Charlotte, NC 28202</p>\r\n<p><strong>Contract Amount:</strong> $892,134.00</p>\r\n<p><strong>Completion Date:</strong> 12/4/2008</p>\r\n<p><strong>Description of Work:</strong> Removal, replacement and abatement of interior plaster and repainting using historical restoration methods; during occupancy.</p>', '1464103890882.jpg', '1', '2016-05-24 03:01:30', '2016-05-24 03:01:30', '0000-00-00 00:00:00'),
(102, 10, 1, 'Veterans Memorial Pier', '<p><strong>Project: </strong>Construction of Concession Building and Finger Pier Modifications Titusville Veterans'' Memorial Pier</p>\r\n<p><strong>Contract No: </strong>B-2-04-26</p>\r\n<p><strong>Owner: </strong> Brevard County Facilities Parks &amp; Recreation Department, 2725 Judge Fran Jamieson Way Viera, FL 32940 Chuck Mays, Project Mgr. 321-633-2046</p>\r\n<p><strong>Contract Amount: </strong> $ 1,121,165.00</p>\r\n<p><strong>Contract Type: </strong>Sealed Bid</p>\r\n<p><strong>ABBA Management Team:</strong> Dale Gose P.M., Marty Henderson Proj. Supt.</p>\r\n<p><strong>Description of Work:</strong> This contract required the furnishing of all labor, materials, equipment, and perform all operations for the construction of a concession building, utilities, parking, landscaping and renovation of adjacent finger pier. Concrete Pilings, Construction of a split faced block building, to include roofing, framing, insulation, electrical, plumbing, HVAC, flooring, and painting. Installation of utilities, parking, site lighting, landscaping and renovation of the adjacent finger pier.</p>\r\n<p><strong><img src="/public/project_portfolio_files/images/portfolio6-1.jpg" alt="" width="466" height="350" />&nbsp; &nbsp; &nbsp;&nbsp;<img src="/public/project_portfolio_files/images/portfolio6-2.jpg" alt="" width="466" height="350" /></strong></p>', '1464104063512.png', '1', '2016-05-24 03:04:23', '2016-05-25 14:54:58', '0000-00-00 00:00:00');

-- --------------------------------------------------------

--
-- Table structure for table `project_bid_forms`
--

CREATE TABLE IF NOT EXISTS `project_bid_forms` (
  `id` int(50) NOT NULL auto_increment,
  `project_id` int(50) NOT NULL,
  `file_name` varchar(200) character set latin1 NOT NULL,
  `file_type` varchar(50) character set latin1 NOT NULL,
  `created_at` datetime NOT NULL,
  `updated_at` datetime NOT NULL,
  PRIMARY KEY  (`id`)
) ENGINE=MyISAM  DEFAULT CHARSET=utf8 AUTO_INCREMENT=8 ;

--
-- Dumping data for table `project_bid_forms`
--

INSERT INTO `project_bid_forms` (`id`, `project_id`, `file_name`, `file_type`, `created_at`, `updated_at`) VALUES
(1, 25, '1461904584468_lkl.txt', 'txt', '2016-04-29 04:36:24', '2016-04-29 04:36:24'),
(2, 25, '1461904589007_54cb5d94587ec_-_tallest-buildings-05-1214-lgn.jpg', 'jpg', '2016-04-29 04:36:29', '2016-04-29 04:36:29'),
(3, 25, '1461904605885_maxresdefault.jpg', 'jpg', '2016-04-29 04:36:45', '2016-04-29 04:36:45'),
(4, 26, '1461915035526_bidroom.png', 'png', '2016-04-29 07:30:35', '2016-04-29 07:30:35'),
(5, 26, '1461915035856_331890-building-hd-wallpaper.jpg', 'jpg', '2016-04-29 07:30:35', '2016-04-29 07:30:35'),
(6, 27, '1461919604486_address.jpg', 'jpg', '2016-04-29 08:46:44', '2016-04-29 08:46:44'),
(7, 27, '1461919621354_build-apps-for-virtual-reality-devices.png', 'png', '2016-04-29 08:47:01', '2016-04-29 08:47:01');

-- --------------------------------------------------------

--
-- Table structure for table `project_files`
--

CREATE TABLE IF NOT EXISTS `project_files` (
  `id` int(11) NOT NULL auto_increment,
  `project_id` int(11) NOT NULL,
  `file_name` varchar(100) NOT NULL,
  `file_type` varchar(50) default NULL,
  `created_at` datetime NOT NULL,
  `updated_at` datetime NOT NULL,
  `deleted_at` datetime NOT NULL,
  PRIMARY KEY  (`id`),
  KEY `project_id` (`project_id`)
) ENGINE=InnoDB  DEFAULT CHARSET=latin1 AUTO_INCREMENT=53 ;

--
-- Dumping data for table `project_files`
--

INSERT INTO `project_files` (`id`, `project_id`, `file_name`, `file_type`, `created_at`, `updated_at`, `deleted_at`) VALUES
(11, 10, '10_FeedBack_2.JPG', 'jpg', '2016-01-25 09:59:36', '2016-01-25 09:59:36', '0000-00-00 00:00:00'),
(12, 11, '11_KMA_Whispy_small.png', 'png', '2016-02-05 13:35:01', '2016-02-05 13:35:01', '0000-00-00 00:00:00'),
(14, 11, '11_Dec_paysafe_update_instructions_sdi.docx', 'docx', '2016-02-13 11:27:56', '2016-02-13 11:27:56', '0000-00-00 00:00:00'),
(15, 11, '11_exel abba.xls', 'xls', '2016-02-13 11:33:39', '2016-02-13 11:33:39', '0000-00-00 00:00:00'),
(16, 12, '12_contry_list.xlsx', 'xlsx', '2016-02-13 12:03:29', '2016-02-13 12:03:29', '0000-00-00 00:00:00'),
(17, 12, '12_main-qimg-69e509c1ae1cc1672d5b0cf6db815f25.png', 'png', '2016-02-13 12:03:30', '2016-02-13 12:03:30', '0000-00-00 00:00:00'),
(19, 13, '13_anuragthakurmanoharl.jpg', 'jpg', '2016-02-17 12:52:31', '2016-02-17 12:52:31', '0000-00-00 00:00:00'),
(20, 13, '13_main-qimg-69e509c1ae1cc1672d5b0cf6db815f25.png', 'png', '2016-02-17 12:54:41', '2016-02-17 12:54:41', '0000-00-00 00:00:00'),
(27, 15, '15_Abba Logo 09.03.4.png', 'png', '2016-03-11 15:50:10', '2016-03-11 15:50:10', '0000-00-00 00:00:00'),
(28, 16, '16_015N03 Project Manual Revised.docx', 'docx', '2016-03-11 16:01:13', '2016-03-11 16:01:13', '0000-00-00 00:00:00'),
(29, 14, '1458206650392_export_vendor (2).xls', 'xls', '2016-03-17 09:24:10', '2016-03-17 09:24:10', '0000-00-00 00:00:00'),
(30, 14, '1458206650927_Nivetha (1).doc', 'doc', '2016-03-17 09:24:10', '2016-03-17 09:24:10', '0000-00-00 00:00:00'),
(31, 17, '1458207801195_product_vendor.log', 'log', '2016-03-17 09:43:21', '2016-03-17 09:43:21', '0000-00-00 00:00:00'),
(32, 17, '1458207801388_readme.txt', 'txt', '2016-03-17 09:43:21', '2016-03-17 09:43:21', '0000-00-00 00:00:00'),
(33, 17, '1458207801563_contry_list.xlsx', 'xlsx', '2016-03-17 09:43:21', '2016-03-17 09:43:21', '0000-00-00 00:00:00'),
(34, 18, '1458208441504_Chanel.doc', 'doc', '2016-03-17 09:54:01', '2016-03-17 09:54:01', '0000-00-00 00:00:00'),
(35, 18, '1458208443545_lkl.txt', 'txt', '2016-03-17 09:54:03', '2016-03-17 09:54:03', '0000-00-00 00:00:00'),
(36, 18, '1458208449485_ABBA Site Map Commercial.doc', 'doc', '2016-03-17 09:54:09', '2016-03-17 09:54:09', '0000-00-00 00:00:00'),
(37, 16, '1458231505612_015N03 Addendum No  1.pdf', 'pdf', '2016-03-17 16:18:25', '2016-03-17 16:18:25', '0000-00-00 00:00:00'),
(38, 16, '1458231639501_Addendum No 2 with Attachments.pdf', 'pdf', '2016-03-17 16:20:39', '2016-03-17 16:20:39', '0000-00-00 00:00:00'),
(39, 19, '1458295298878_Chanel.doc', 'doc', '2016-03-18 10:01:38', '2016-03-18 10:01:38', '0000-00-00 00:00:00'),
(40, 20, '1460531310533_331890-building-hd-wallpaper.jpg', 'jpg', '2016-04-13 07:08:30', '2016-04-13 07:08:30', '0000-00-00 00:00:00'),
(41, 21, '1460541251659_3.jpg', 'jpg', '2016-04-13 09:54:11', '2016-04-13 09:54:11', '0000-00-00 00:00:00'),
(42, 22, '1460541797295_2.jpg', 'jpg', '2016-04-13 10:03:17', '2016-04-13 10:03:17', '0000-00-00 00:00:00'),
(43, 23, '1460551063335_331890-building-hd-wallpaper.jpg', 'jpg', '2016-04-13 12:37:43', '2016-04-13 12:37:43', '0000-00-00 00:00:00'),
(44, 25, '1460551722008_3.jpg', 'jpg', '2016-04-13 12:48:42', '2016-04-13 12:48:42', '0000-00-00 00:00:00'),
(45, 26, '1461915028678_1457933491006_contry_list_2 (2).xlsx', 'xlsx', '2016-04-29 07:30:28', '2016-04-29 07:30:28', '0000-00-00 00:00:00'),
(46, 26, '1461915029934_3.jpg', 'jpg', '2016-04-29 07:30:29', '2016-04-29 07:30:29', '0000-00-00 00:00:00'),
(47, 27, '1461919598710_old_new_login.txt', 'txt', '2016-04-29 08:46:38', '2016-04-29 08:46:38', '0000-00-00 00:00:00'),
(48, 27, '1461919600535_Invitation to bid screen 2.26.14.doc', 'doc', '2016-04-29 08:46:40', '2016-04-29 08:46:40', '0000-00-00 00:00:00'),
(49, 16, '1461922673884_1457954634967_ChatLog Food scroll 2015_06_12 12_31.rtf', 'rtf', '2016-04-29 09:37:53', '2016-04-29 09:37:53', '0000-00-00 00:00:00'),
(50, 28, '1464193988626_Attch 1 - Price Schedule R.pdf', 'pdf', '2016-05-25 16:33:08', '2016-05-25 16:33:08', '0000-00-00 00:00:00'),
(51, 28, '1464193989374_Attch 2 - SOW Ward Drainage 4_27_16.pdf', 'pdf', '2016-05-25 16:33:09', '2016-05-25 16:33:09', '0000-00-00 00:00:00'),
(52, 28, '1464193989420_IL150007 MOD  5  REVISED 08.pdf', 'pdf', '2016-05-25 16:33:09', '2016-05-25 16:33:09', '0000-00-00 00:00:00');

-- --------------------------------------------------------

--
-- Table structure for table `project_teammember`
--

CREATE TABLE IF NOT EXISTS `project_teammember` (
  `id` int(11) NOT NULL auto_increment,
  `project_id` int(11) NOT NULL,
  `teammember_id` int(11) unsigned NOT NULL,
  `created_at` datetime NOT NULL,
  `updated_at` datetime NOT NULL,
  `deleted_at` datetime NOT NULL,
  PRIMARY KEY  (`id`),
  KEY `project_id` (`project_id`),
  KEY `user_id` (`teammember_id`)
) ENGINE=InnoDB  DEFAULT CHARSET=latin1 AUTO_INCREMENT=189 ;

--
-- Dumping data for table `project_teammember`
--

INSERT INTO `project_teammember` (`id`, `project_id`, `teammember_id`, `created_at`, `updated_at`, `deleted_at`) VALUES
(48, 12, 1, '2016-02-13 12:03:26', '2016-02-13 12:03:26', '0000-00-00 00:00:00'),
(52, 13, 1, '2016-02-17 13:03:47', '2016-02-17 13:03:47', '0000-00-00 00:00:00'),
(55, 15, 1, '2016-03-11 15:50:10', '2016-03-11 15:50:10', '0000-00-00 00:00:00'),
(62, 18, 1, '2016-03-17 09:53:53', '2016-03-17 09:53:53', '0000-00-00 00:00:00'),
(127, 17, 1, '2016-04-06 10:43:30', '2016-04-06 10:43:30', '0000-00-00 00:00:00'),
(141, 14, 1, '2016-04-19 10:41:00', '2016-04-19 10:41:00', '0000-00-00 00:00:00'),
(143, 25, 1, '2016-04-29 04:36:20', '2016-04-29 04:36:20', '0000-00-00 00:00:00'),
(151, 26, 1, '2016-04-29 08:43:04', '2016-04-29 08:43:04', '0000-00-00 00:00:00'),
(152, 27, 1, '2016-04-29 08:46:33', '2016-04-29 08:46:33', '0000-00-00 00:00:00'),
(153, 16, 1, '2016-04-29 09:37:53', '2016-04-29 09:37:53', '0000-00-00 00:00:00'),
(161, 22, 1, '2016-05-09 05:14:44', '2016-05-09 05:14:44', '0000-00-00 00:00:00'),
(166, 19, 1, '2016-05-20 15:42:17', '2016-05-20 15:42:17', '0000-00-00 00:00:00'),
(167, 20, 1, '2016-05-25 15:08:22', '2016-05-25 15:08:22', '0000-00-00 00:00:00'),
(168, 23, 1, '2016-05-25 15:09:48', '2016-05-25 15:09:48', '0000-00-00 00:00:00'),
(169, 11, 3, '2016-05-25 15:10:31', '2016-05-25 15:10:31', '0000-00-00 00:00:00'),
(172, 28, 2, '2016-05-25 16:33:07', '2016-05-25 16:33:07', '0000-00-00 00:00:00'),
(182, 30, 1, '2016-05-26 09:56:30', '2016-05-26 09:56:30', '0000-00-00 00:00:00'),
(184, 10, 1, '2016-05-26 10:10:19', '2016-05-26 10:10:19', '0000-00-00 00:00:00'),
(187, 21, 1, '2016-05-26 16:33:01', '2016-05-26 16:33:01', '0000-00-00 00:00:00'),
(188, 21, 7, '2016-05-26 16:33:01', '2016-05-26 16:33:01', '0000-00-00 00:00:00');

-- --------------------------------------------------------

--
-- Table structure for table `states`
--

CREATE TABLE IF NOT EXISTS `states` (
  `id` int(3) NOT NULL auto_increment,
  `state_name` varchar(30) NOT NULL,
  `state_code` varchar(50) NOT NULL,
  `areacode_map` varchar(100) default NULL,
  `status` enum('Active','Inactive') NOT NULL,
  `created_at` datetime NOT NULL,
  `updated_at` datetime NOT NULL,
  PRIMARY KEY  (`id`)
) ENGINE=InnoDB  DEFAULT CHARSET=latin1 AUTO_INCREMENT=65 ;

--
-- Dumping data for table `states`
--

INSERT INTO `states` (`id`, `state_name`, `state_code`, `areacode_map`, `status`, `created_at`, `updated_at`) VALUES
(1, 'Florida', 'FL', 'Florida.jpg', 'Active', '0000-00-00 00:00:00', '0000-00-00 00:00:00'),
(2, 'Georgia', 'GA', 'Georgia.jpg', 'Active', '0000-00-00 00:00:00', '0000-00-00 00:00:00'),
(3, 'South Carolina', 'SC', 'South Carolina.jpg', 'Active', '0000-00-00 00:00:00', '0000-00-00 00:00:00'),
(4, 'North Carolina', 'NC', 'North Carolina.jpg', 'Active', '0000-00-00 00:00:00', '0000-00-00 00:00:00'),
(5, 'Alabama', 'AL', 'Alabama.jpg', 'Active', '0000-00-00 00:00:00', '2016-02-05 05:32:34'),
(6, 'Mississippi', 'MS', 'Mississippi.jpg', 'Active', '0000-00-00 00:00:00', '0000-00-00 00:00:00'),
(7, 'Virginia', 'VA', 'Virginia.jpg', 'Active', '0000-00-00 00:00:00', '0000-00-00 00:00:00'),
(8, 'Tennessee', 'TN', 'Tennessee.jpg', 'Active', '0000-00-00 00:00:00', '0000-00-00 00:00:00'),
(9, 'Illinois', 'IL', 'Illinois.jpg', 'Active', '0000-00-00 00:00:00', '0000-00-00 00:00:00'),
(10, 'Missouri', 'MO', 'Missouri.jpg', 'Active', '0000-00-00 00:00:00', '0000-00-00 00:00:00'),
(11, 'Texas', 'TX', 'Texas.jpg', 'Active', '0000-00-00 00:00:00', '0000-00-00 00:00:00'),
(12, 'Arkansas', 'AR', 'Arkansas.jpg', 'Active', '0000-00-00 00:00:00', '0000-00-00 00:00:00'),
(13, 'Louisiana', 'LA', 'Louisiana.jpg', 'Active', '0000-00-00 00:00:00', '0000-00-00 00:00:00'),
(14, 'Alaska', 'AK', 'Alaska.jpg', 'Active', '2016-05-02 08:25:51', '2016-05-02 08:25:51'),
(15, 'Arizona', 'AZ', 'Arizona.jpg', 'Active', '2016-05-02 08:25:51', '2016-05-02 08:25:51'),
(16, 'California', 'CA', 'California.jpg', 'Active', '2016-05-02 08:25:51', '2016-05-02 08:25:51'),
(17, 'Colorado', 'CO', 'Colorado.jpg', 'Active', '2016-05-02 08:25:51', '2016-05-02 08:25:51'),
(18, 'Connecticut', 'CT', 'Connecticut.jpg', 'Active', '2016-05-02 08:25:52', '2016-05-02 08:25:52'),
(19, 'Delaware', 'DE', 'Delaware.jpg', 'Active', '2016-05-02 08:25:52', '2016-05-02 08:25:52'),
(20, 'Hawaii', 'HI', 'Hawaii.jpg', 'Active', '2016-05-02 08:25:52', '2016-05-02 08:25:52'),
(21, 'Idaho', 'ID', 'Idaho.jpg', 'Active', '2016-05-02 08:25:52', '2016-05-02 08:25:52'),
(22, 'Indiana', 'IN', 'Indiana.jpg', 'Active', '2016-05-02 08:25:52', '2016-05-02 08:25:52'),
(23, 'Iowa', 'IA', 'Iowa.jpg', 'Active', '2016-05-02 08:25:52', '2016-05-02 08:25:52'),
(24, 'Kansas', 'KS', 'Kansas.jpg', 'Active', '2016-05-02 08:25:52', '2016-05-02 08:25:52'),
(25, 'Kentucky', 'KY', 'Kentucky.jpg', 'Active', '2016-05-02 08:25:52', '2016-05-02 08:25:52'),
(26, 'Maine', 'ME', 'Maine.jpg', 'Active', '2016-05-02 08:25:52', '2016-05-02 08:25:52'),
(27, 'Maryland', 'MD', 'Maryland.jpg', 'Active', '2016-05-02 08:25:52', '2016-05-02 08:25:52'),
(28, 'Massachusetts', 'MA', 'Massachusetts.jpg', 'Active', '2016-05-02 08:25:52', '2016-05-02 08:25:52'),
(29, 'Michigan', 'MI', 'Michigan.jpg', 'Active', '2016-05-02 08:25:52', '2016-05-02 08:25:52'),
(30, 'Minnesota', 'MN', 'Minnesota.jpg', 'Active', '2016-05-02 08:25:52', '2016-05-02 08:25:52'),
(31, 'Montana', 'MT', 'Montana.jpg', 'Active', '2016-05-02 08:25:52', '2016-05-02 08:25:52'),
(32, 'Nebraska', 'NE', 'Nebraska.jpg', 'Active', '2016-05-02 08:25:52', '2016-05-02 08:25:52'),
(33, 'Nevada', 'NV', 'Nevada.jpg', 'Active', '2016-05-02 08:25:52', '2016-05-02 08:25:52'),
(34, 'New Hampshire', 'NH', 'New Hampshire.jpg', 'Active', '2016-05-02 08:25:52', '2016-05-02 08:25:52'),
(35, 'New Jersey', 'NJ', 'New Jersey.jpg', 'Active', '2016-05-02 08:25:52', '2016-05-02 08:25:52'),
(36, 'New Mexico', 'NM', 'New Mexico.jpg', 'Active', '2016-05-02 08:25:52', '2016-05-02 08:25:52'),
(37, 'New York', 'NY', 'New York.jpg', 'Active', '2016-05-02 08:25:53', '2016-05-02 08:25:53'),
(38, 'North Dakota', 'ND', 'North Dakota.jpg', 'Active', '2016-05-02 08:25:53', '2016-05-02 08:25:53'),
(39, 'Ohio', 'OH', 'Ohio.jpg', 'Active', '2016-05-02 08:25:53', '2016-05-02 08:25:53'),
(40, 'Oklahoma', 'OK', 'Oklahoma.jpg', 'Active', '2016-05-02 08:25:53', '2016-05-02 08:25:53'),
(41, 'Oregon', 'OR', 'Oregon.jpg', 'Active', '2016-05-02 08:25:53', '2016-05-02 08:25:53'),
(42, 'Pennsylvania', 'PA', 'Pennsylvania.jpg', 'Active', '2016-05-02 08:25:53', '2016-05-02 08:25:53'),
(43, 'Rhode Island', 'RI', 'Rhode Island.jpg', 'Active', '2016-05-02 08:25:53', '2016-05-02 08:25:53'),
(44, 'South Dakota', 'SD', 'South Dakota.jpg', 'Active', '2016-05-02 08:25:53', '2016-05-02 08:25:53'),
(45, 'Utah', 'UT', 'Utah.jpg', 'Active', '2016-05-02 08:25:53', '2016-05-02 08:25:53'),
(46, 'Vermont', 'VT', 'Vermont.jpg', 'Active', '2016-05-02 08:25:53', '2016-05-02 08:25:53'),
(47, 'Washington', 'WA', 'Washington.jpg', 'Active', '2016-05-02 08:25:53', '2016-05-02 08:25:53'),
(48, 'West Virginia', 'WV', 'West Virginia.jpg', 'Active', '2016-05-02 08:25:53', '2016-05-02 08:25:53'),
(49, 'Wisconsin', 'WI', 'Wisconsin.jpg', 'Active', '2016-05-02 08:25:53', '2016-05-02 08:25:53'),
(50, 'Wyoming', 'WY', 'Wyoming.jpg', 'Active', '2016-05-02 08:25:53', '2016-05-02 08:25:53'),
(51, 'District of Columbia', 'DC', 'District of Columbia.jpg', 'Active', '2016-05-02 08:25:53', '2016-05-02 08:25:53'),
(52, 'Alberta', 'AB', 'Alberta.jpg', 'Active', '2016-05-02 08:25:53', '2016-05-02 08:25:53'),
(53, 'British Columbia', 'BC', 'British Columbia.jpg', 'Active', '2016-05-02 08:25:53', '2016-05-02 08:25:53'),
(54, 'Manitoba', 'MB', 'Manitoba.jpg', 'Active', '2016-05-02 08:25:53', '2016-05-02 08:25:53'),
(55, 'New Brunswick', 'NB', 'New Brunswick.jpg', 'Active', '2016-05-02 08:25:53', '2016-05-02 08:25:53'),
(56, 'Newfoundland and Labrador', 'NL', 'Newfoundland and Labrador.jpg', 'Active', '2016-05-02 08:25:53', '2016-05-02 08:25:53'),
(57, 'Northwest Territories', 'NT', 'Northwest Territories.jpg', 'Active', '2016-05-02 08:25:53', '2016-05-02 08:25:53'),
(58, 'Nova Scotia', 'NS', 'Nova Scotia.jpg', 'Active', '2016-05-04 13:17:15', '2016-05-04 13:17:15'),
(59, 'Nunavut', 'NU', 'Nunavut.jpg', 'Active', '2016-05-04 13:18:17', '2016-05-04 13:19:37'),
(60, 'Ontario', 'ON', 'Ontario.jpg', 'Active', '2016-05-04 13:20:05', '2016-05-04 13:20:05'),
(61, 'Prince Edward Island', 'PE', 'Prince Edward Island.jpg', 'Active', '2016-05-04 13:20:31', '2016-05-04 13:20:31'),
(62, 'Quebec', 'QC', 'Quebec.jpg', 'Active', '2016-05-04 13:20:53', '2016-05-04 13:20:53'),
(63, 'Saskatchewan', 'SK', 'Saskatchewan.jpg', 'Active', '2016-05-04 13:21:11', '2016-05-04 13:21:11'),
(64, 'Yukon', 'YT', 'Yukon.jpg', 'Active', '2016-05-04 13:21:29', '2016-05-04 13:21:29');

-- --------------------------------------------------------

--
-- Table structure for table `teammembers`
--

CREATE TABLE IF NOT EXISTS `teammembers` (
  `id` int(11) NOT NULL auto_increment,
  `member_name` varchar(50) NOT NULL,
  `position` varchar(100) NOT NULL,
  `email` varchar(255) NOT NULL,
  `bio` longtext NOT NULL,
  `photo` varchar(50) NOT NULL,
  `status` enum('Active','Inactive') NOT NULL,
  `created_at` timestamp NOT NULL default CURRENT_TIMESTAMP on update CURRENT_TIMESTAMP,
  `updated_at` datetime NOT NULL,
  `deleted_at` datetime NOT NULL,
  PRIMARY KEY  (`id`)
) ENGINE=InnoDB  DEFAULT CHARSET=latin1 AUTO_INCREMENT=8 ;

--
-- Dumping data for table `teammembers`
--

INSERT INTO `teammembers` (`id`, `member_name`, `position`, `email`, `bio`, `photo`, `status`, `created_at`, `updated_at`, `deleted_at`) VALUES
(1, 'Senthil', '2', 'senthilkumar@sdi.la', '<p>Some test bio content</p>', '1_anuragthakurmanoharl.jpg', 'Active', '2016-05-17 02:47:55', '2016-05-17 09:47:55', '0000-00-00 00:00:00'),
(2, 'test', '3', 'test@test.com', '<p>asdfasdf</p>', '2_newjp1.JPG', 'Active', '2016-05-17 02:47:55', '2016-05-17 09:47:55', '2015-11-18 14:59:15'),
(3, 'Pajany', '4', 'pajany@sdi.la', '<p>test</p>', '3_g-20.jpg', 'Active', '2016-05-17 02:47:55', '2016-05-17 09:47:55', '0000-00-00 00:00:00'),
(6, 'Tom', '4', 'tom@test.com', '', '', 'Active', '2016-05-26 08:56:56', '2016-05-26 08:56:56', '0000-00-00 00:00:00'),
(7, 'Mack Reifers', '4', 'mreifers@abbaconstruction.com', '', '', 'Active', '2016-05-26 16:28:18', '2016-05-26 16:28:18', '0000-00-00 00:00:00');

-- --------------------------------------------------------

--
-- Table structure for table `trades`
--

CREATE TABLE IF NOT EXISTS `trades` (
  `id` int(3) NOT NULL auto_increment,
  `section_id` int(3) NOT NULL,
  `title` varchar(50) NOT NULL,
  `status` enum('Active','Inactive') NOT NULL default 'Active',
  `created_at` datetime NOT NULL,
  `updated_at` timestamp NOT NULL default CURRENT_TIMESTAMP,
  `deleted_at` datetime NOT NULL,
  PRIMARY KEY  (`id`),
  KEY `id` (`id`)
) ENGINE=InnoDB  DEFAULT CHARSET=latin1 AUTO_INCREMENT=311 ;

--
-- Dumping data for table `trades`
--

INSERT INTO `trades` (`id`, `section_id`, `title`, `status`, `created_at`, `updated_at`, `deleted_at`) VALUES
(1, 1, 'Construction Waste Removal', 'Active', '2015-12-01 12:28:45', '2015-11-30 17:28:45', '0000-00-00 00:00:00'),
(2, 1, 'Testing / Site Engineering', 'Active', '2015-12-01 12:28:45', '2015-11-30 17:28:45', '0000-00-00 00:00:00'),
(3, 1, 'Temp Fence Rental', 'Active', '2015-12-01 12:28:45', '2015-11-30 17:28:45', '0000-00-00 00:00:00'),
(4, 1, 'Air Barrier/Thermography Testing', 'Active', '2015-12-01 12:28:45', '2015-11-30 17:28:45', '0000-00-00 00:00:00'),
(5, 1, 'Dump Truck Services', 'Active', '2015-12-01 12:28:45', '2015-11-30 17:28:45', '0000-00-00 00:00:00'),
(6, 1, 'Dumpster Rental', 'Active', '2015-12-01 12:28:45', '2015-11-30 17:28:45', '0000-00-00 00:00:00'),
(7, 1, 'Trailer Rental', 'Active', '2015-12-01 12:28:45', '2015-11-30 17:28:45', '0000-00-00 00:00:00'),
(8, 1, 'Cleaning Services', 'Active', '2015-12-01 12:28:45', '2015-11-30 17:28:45', '0000-00-00 00:00:00'),
(9, 1, 'Architectural/Engineering', 'Active', '2015-12-01 12:28:45', '2015-11-30 17:28:45', '0000-00-00 00:00:00'),
(10, 1, 'Commissioning', 'Active', '2015-12-01 12:28:45', '2015-11-30 17:28:45', '0000-00-00 00:00:00'),
(11, 1, 'Equipment Rental', 'Active', '2015-12-01 12:28:45', '2015-11-30 17:28:45', '0000-00-00 00:00:00'),
(12, 1, 'Survey & Layouts', 'Active', '2015-12-01 12:28:45', '2015-11-30 17:28:45', '0000-00-00 00:00:00'),
(13, 1, 'Port-O-Lets', 'Active', '2015-12-01 12:28:45', '2015-11-30 17:28:45', '0000-00-00 00:00:00'),
(14, 1, 'Temporary Facilities and Controls', 'Active', '2015-12-01 12:28:45', '2015-11-30 17:28:45', '0000-00-00 00:00:00'),
(15, 2, 'Demolition', 'Active', '0000-00-00 00:00:00', '0000-00-00 00:00:00', '0000-00-00 00:00:00'),
(16, 2, 'Asbestos & Lead Abatement', 'Active', '0000-00-00 00:00:00', '0000-00-00 00:00:00', '0000-00-00 00:00:00'),
(17, 2, 'Contaminated Soils', 'Active', '0000-00-00 00:00:00', '0000-00-00 00:00:00', '0000-00-00 00:00:00'),
(18, 2, 'Earthwork / Site Cleaning', 'Active', '0000-00-00 00:00:00', '0000-00-00 00:00:00', '0000-00-00 00:00:00'),
(19, 2, 'Site Utilities / Storm Drainage', 'Active', '0000-00-00 00:00:00', '0000-00-00 00:00:00', '0000-00-00 00:00:00'),
(20, 2, 'Dewatering', 'Active', '0000-00-00 00:00:00', '0000-00-00 00:00:00', '0000-00-00 00:00:00'),
(21, 2, 'Asphalt Paving', 'Active', '0000-00-00 00:00:00', '0000-00-00 00:00:00', '0000-00-00 00:00:00'),
(22, 2, 'Concrete Paving', 'Active', '0000-00-00 00:00:00', '0000-00-00 00:00:00', '0000-00-00 00:00:00'),
(23, 2, 'Pavement Markings', 'Active', '0000-00-00 00:00:00', '0000-00-00 00:00:00', '0000-00-00 00:00:00'),
(24, 2, 'Curbs & Gutters', 'Active', '0000-00-00 00:00:00', '0000-00-00 00:00:00', '0000-00-00 00:00:00'),
(25, 2, 'Site Concrete', 'Active', '0000-00-00 00:00:00', '0000-00-00 00:00:00', '0000-00-00 00:00:00'),
(26, 2, 'Concrete Cutting', 'Active', '0000-00-00 00:00:00', '0000-00-00 00:00:00', '0000-00-00 00:00:00'),
(27, 2, 'Boring & Jacking', 'Active', '0000-00-00 00:00:00', '0000-00-00 00:00:00', '0000-00-00 00:00:00'),
(28, 2, 'Fencing & Gates', 'Active', '0000-00-00 00:00:00', '0000-00-00 00:00:00', '0000-00-00 00:00:00'),
(29, 2, 'Sheet File / Shoring', 'Active', '0000-00-00 00:00:00', '0000-00-00 00:00:00', '0000-00-00 00:00:00'),
(30, 2, 'Piles & Caissons', 'Active', '0000-00-00 00:00:00', '0000-00-00 00:00:00', '0000-00-00 00:00:00'),
(31, 2, 'Termite/Pest Control', 'Active', '0000-00-00 00:00:00', '0000-00-00 00:00:00', '0000-00-00 00:00:00'),
(32, 2, 'Marine Work', 'Active', '0000-00-00 00:00:00', '0000-00-00 00:00:00', '0000-00-00 00:00:00'),
(33, 2, 'Unit Pavers', 'Active', '0000-00-00 00:00:00', '0000-00-00 00:00:00', '0000-00-00 00:00:00'),
(34, 2, 'Playground/Outdoor Furnishings', 'Active', '0000-00-00 00:00:00', '0000-00-00 00:00:00', '0000-00-00 00:00:00'),
(35, 2, 'Landscaping / Irrigation', 'Active', '0000-00-00 00:00:00', '0000-00-00 00:00:00', '0000-00-00 00:00:00'),
(36, 2, 'Foundation Pest Control', 'Active', '0000-00-00 00:00:00', '0000-00-00 00:00:00', '0000-00-00 00:00:00'),
(37, 3, 'Concrete Suppliers - Ready Mix', 'Active', '0000-00-00 00:00:00', '2016-01-18 20:11:18', '0000-00-00 00:00:00'),
(38, 3, 'Concrete Subs', 'Active', '0000-00-00 00:00:00', '2016-01-18 20:11:18', '0000-00-00 00:00:00'),
(39, 3, 'Precast', 'Active', '0000-00-00 00:00:00', '2016-01-18 20:11:18', '0000-00-00 00:00:00'),
(40, 3, 'Tilt-up', 'Active', '0000-00-00 00:00:00', '2016-01-18 20:11:18', '0000-00-00 00:00:00'),
(41, 3, 'Concrete Pumping', 'Active', '0000-00-00 00:00:00', '2016-01-18 20:11:18', '0000-00-00 00:00:00'),
(42, 3, 'Concrete Forming', 'Active', '0000-00-00 00:00:00', '2016-01-18 20:11:18', '0000-00-00 00:00:00'),
(43, 3, 'Cementitious Decks & Toppings', 'Active', '0000-00-00 00:00:00', '2016-01-18 20:11:18', '0000-00-00 00:00:00'),
(44, 3, 'Concrete Restoration & Cleaning', 'Active', '0000-00-00 00:00:00', '2016-01-18 20:11:18', '0000-00-00 00:00:00'),
(45, 4, 'Masonry Subs', 'Active', '0000-00-00 00:00:00', '0000-00-00 00:00:00', '0000-00-00 00:00:00'),
(46, 4, 'Stone / Marble', 'Active', '0000-00-00 00:00:00', '0000-00-00 00:00:00', '0000-00-00 00:00:00'),
(47, 4, 'Masonry Supplier', 'Active', '0000-00-00 00:00:00', '0000-00-00 00:00:00', '0000-00-00 00:00:00'),
(48, 4, 'Masonry Restoration', 'Active', '0000-00-00 00:00:00', '0000-00-00 00:00:00', '0000-00-00 00:00:00'),
(49, 4, 'Cast Stone', 'Active', '0000-00-00 00:00:00', '0000-00-00 00:00:00', '0000-00-00 00:00:00'),
(50, 5, 'Structural Steel - Fab & Erect.', 'Active', '0000-00-00 00:00:00', '0000-00-00 00:00:00', '0000-00-00 00:00:00'),
(51, 5, 'Light Gauge Framing', 'Active', '0000-00-00 00:00:00', '0000-00-00 00:00:00', '0000-00-00 00:00:00'),
(52, 5, 'Metal Trusses', 'Active', '0000-00-00 00:00:00', '0000-00-00 00:00:00', '0000-00-00 00:00:00'),
(53, 5, 'Steel Railings', 'Active', '0000-00-00 00:00:00', '0000-00-00 00:00:00', '0000-00-00 00:00:00'),
(54, 5, 'Aluminum Railings', 'Active', '0000-00-00 00:00:00', '0000-00-00 00:00:00', '0000-00-00 00:00:00'),
(55, 5, 'Structural Steel Erectors Only', 'Active', '0000-00-00 00:00:00', '0000-00-00 00:00:00', '0000-00-00 00:00:00'),
(56, 5, 'Rebar', 'Active', '0000-00-00 00:00:00', '0000-00-00 00:00:00', '0000-00-00 00:00:00'),
(57, 5, 'Cold-Formed Metal Framing', 'Active', '0000-00-00 00:00:00', '0000-00-00 00:00:00', '0000-00-00 00:00:00'),
(58, 5, 'Ornamental Metal', 'Active', '0000-00-00 00:00:00', '0000-00-00 00:00:00', '0000-00-00 00:00:00'),
(59, 5, 'Metal Restoration & Cleaning', 'Active', '0000-00-00 00:00:00', '0000-00-00 00:00:00', '0000-00-00 00:00:00'),
(60, 5, 'Misc. Metals', 'Active', '0000-00-00 00:00:00', '0000-00-00 00:00:00', '0000-00-00 00:00:00'),
(61, 6, 'Rough Carpentry', 'Active', '0000-00-00 00:00:00', '0000-00-00 00:00:00', '0000-00-00 00:00:00'),
(62, 6, 'Trim Carpentry', 'Active', '0000-00-00 00:00:00', '0000-00-00 00:00:00', '0000-00-00 00:00:00'),
(63, 6, 'Millwork / Cabinetry', 'Active', '0000-00-00 00:00:00', '0000-00-00 00:00:00', '0000-00-00 00:00:00'),
(64, 6, 'Countertops', 'Active', '0000-00-00 00:00:00', '0000-00-00 00:00:00', '0000-00-00 00:00:00'),
(65, 6, 'Wood Trusses', 'Active', '0000-00-00 00:00:00', '0000-00-00 00:00:00', '0000-00-00 00:00:00'),
(66, 6, 'Carpentry Materials', 'Active', '0000-00-00 00:00:00', '0000-00-00 00:00:00', '0000-00-00 00:00:00'),
(67, 6, 'Camentious Planking', 'Active', '0000-00-00 00:00:00', '0000-00-00 00:00:00', '0000-00-00 00:00:00'),
(68, 6, 'Fiberglass Products', 'Active', '0000-00-00 00:00:00', '0000-00-00 00:00:00', '0000-00-00 00:00:00'),
(69, 6, 'Structural Plastics', 'Active', '0000-00-00 00:00:00', '0000-00-00 00:00:00', '0000-00-00 00:00:00'),
(70, 6, 'Plastic Fabrications', 'Active', '0000-00-00 00:00:00', '0000-00-00 00:00:00', '0000-00-00 00:00:00'),
(71, 6, 'Wood and Plastic Restoration & Cleaning', 'Active', '0000-00-00 00:00:00', '0000-00-00 00:00:00', '0000-00-00 00:00:00'),
(72, 7, 'Waterproofing & Dampproofing', 'Active', '0000-00-00 00:00:00', '0000-00-00 00:00:00', '0000-00-00 00:00:00'),
(73, 7, 'Fireproofing', 'Active', '0000-00-00 00:00:00', '0000-00-00 00:00:00', '0000-00-00 00:00:00'),
(74, 7, 'Roofing - Flat All Systems', 'Active', '0000-00-00 00:00:00', '0000-00-00 00:00:00', '0000-00-00 00:00:00'),
(75, 7, 'Roofing - Shingle / Tile / Metal / Wood', 'Active', '0000-00-00 00:00:00', '0000-00-00 00:00:00', '0000-00-00 00:00:00'),
(76, 7, 'Metal Roofing / Siding', 'Active', '0000-00-00 00:00:00', '0000-00-00 00:00:00', '0000-00-00 00:00:00'),
(77, 7, 'Roof Specilties & Accessories', 'Active', '0000-00-00 00:00:00', '0000-00-00 00:00:00', '0000-00-00 00:00:00'),
(78, 7, 'Building Insulation', 'Active', '0000-00-00 00:00:00', '0000-00-00 00:00:00', '0000-00-00 00:00:00'),
(79, 7, 'Fire Stopping', 'Active', '0000-00-00 00:00:00', '0000-00-00 00:00:00', '0000-00-00 00:00:00'),
(80, 7, 'Exterior Insulation & Finish Systems', 'Active', '0000-00-00 00:00:00', '0000-00-00 00:00:00', '0000-00-00 00:00:00'),
(81, 7, 'Join Sealants', 'Active', '0000-00-00 00:00:00', '0000-00-00 00:00:00', '0000-00-00 00:00:00'),
(82, 8, 'Doors / Frames / Hardware', 'Active', '0000-00-00 00:00:00', '0000-00-00 00:00:00', '0000-00-00 00:00:00'),
(83, 8, 'Overhead Doors / Roll-up Doors', 'Active', '0000-00-00 00:00:00', '0000-00-00 00:00:00', '0000-00-00 00:00:00'),
(84, 8, 'Entrances & Storefronts / Glazing', 'Active', '0000-00-00 00:00:00', '0000-00-00 00:00:00', '0000-00-00 00:00:00'),
(85, 8, 'Windows', 'Active', '0000-00-00 00:00:00', '0000-00-00 00:00:00', '0000-00-00 00:00:00'),
(86, 8, 'Card Key Locking Systems', 'Active', '0000-00-00 00:00:00', '0000-00-00 00:00:00', '0000-00-00 00:00:00'),
(87, 8, 'Special Doors', 'Active', '0000-00-00 00:00:00', '0000-00-00 00:00:00', '0000-00-00 00:00:00'),
(88, 8, 'Hangar Doors', 'Active', '0000-00-00 00:00:00', '0000-00-00 00:00:00', '0000-00-00 00:00:00'),
(89, 8, 'Automatic Entry Doors', 'Active', '0000-00-00 00:00:00', '0000-00-00 00:00:00', '0000-00-00 00:00:00'),
(90, 8, 'Skylights', 'Active', '0000-00-00 00:00:00', '0000-00-00 00:00:00', '0000-00-00 00:00:00'),
(91, 9, 'Drywall/Framing', 'Active', '0000-00-00 00:00:00', '0000-00-00 00:00:00', '0000-00-00 00:00:00'),
(92, 9, 'Tile Flooring & Walls', 'Active', '0000-00-00 00:00:00', '0000-00-00 00:00:00', '0000-00-00 00:00:00'),
(93, 9, 'Carpet Flooring', 'Active', '0000-00-00 00:00:00', '0000-00-00 00:00:00', '0000-00-00 00:00:00'),
(94, 9, 'Wood Flooring', 'Active', '0000-00-00 00:00:00', '0000-00-00 00:00:00', '0000-00-00 00:00:00'),
(95, 9, 'Resilient Flooring', 'Active', '0000-00-00 00:00:00', '0000-00-00 00:00:00', '0000-00-00 00:00:00'),
(96, 9, 'Terrazzo', 'Active', '0000-00-00 00:00:00', '0000-00-00 00:00:00', '0000-00-00 00:00:00'),
(97, 9, 'Athletic/Resinous/Special Flooring', 'Active', '0000-00-00 00:00:00', '0000-00-00 00:00:00', '0000-00-00 00:00:00'),
(98, 9, 'Acoustical Ceiling Tile System', 'Active', '0000-00-00 00:00:00', '0000-00-00 00:00:00', '0000-00-00 00:00:00'),
(99, 9, 'Painting, Wall Covering & Coatings', 'Active', '0000-00-00 00:00:00', '0000-00-00 00:00:00', '0000-00-00 00:00:00'),
(100, 9, 'Plaster & Stucco', 'Active', '0000-00-00 00:00:00', '0000-00-00 00:00:00', '0000-00-00 00:00:00'),
(101, 9, 'Special Coatings', 'Active', '0000-00-00 00:00:00', '0000-00-00 00:00:00', '0000-00-00 00:00:00'),
(102, 9, 'Acoustical Treatment', 'Active', '0000-00-00 00:00:00', '0000-00-00 00:00:00', '0000-00-00 00:00:00'),
(103, 9, 'Compartments & Cubicles', 'Active', '0000-00-00 00:00:00', '0000-00-00 00:00:00', '0000-00-00 00:00:00'),
(104, 10, 'Visual Display Boards', 'Active', '0000-00-00 00:00:00', '0000-00-00 00:00:00', '0000-00-00 00:00:00'),
(105, 10, 'Louvers & Vents, Grils & Screens', 'Active', '0000-00-00 00:00:00', '0000-00-00 00:00:00', '0000-00-00 00:00:00'),
(106, 10, 'Access Flooring', 'Active', '0000-00-00 00:00:00', '0000-00-00 00:00:00', '0000-00-00 00:00:00'),
(107, 10, 'Signs & Identifying Devices', 'Active', '0000-00-00 00:00:00', '0000-00-00 00:00:00', '0000-00-00 00:00:00'),
(108, 10, 'Fire Protection Specialties', 'Active', '0000-00-00 00:00:00', '0000-00-00 00:00:00', '0000-00-00 00:00:00'),
(109, 10, 'Operable Partitions', 'Active', '0000-00-00 00:00:00', '0000-00-00 00:00:00', '0000-00-00 00:00:00'),
(110, 10, 'Exterior Sun Control Devices', 'Active', '0000-00-00 00:00:00', '0000-00-00 00:00:00', '0000-00-00 00:00:00'),
(111, 10, 'Toilet Partitions', 'Active', '0000-00-00 00:00:00', '0000-00-00 00:00:00', '0000-00-00 00:00:00'),
(112, 10, 'Wall & Corner Guards', 'Active', '0000-00-00 00:00:00', '0000-00-00 00:00:00', '0000-00-00 00:00:00'),
(113, 10, 'Access Doors & Panels', 'Active', '0000-00-00 00:00:00', '0000-00-00 00:00:00', '0000-00-00 00:00:00'),
(114, 10, 'Lockers', 'Active', '0000-00-00 00:00:00', '0000-00-00 00:00:00', '0000-00-00 00:00:00'),
(115, 10, 'Mailboxes', 'Active', '0000-00-00 00:00:00', '0000-00-00 00:00:00', '0000-00-00 00:00:00'),
(116, 10, 'Accordion Folding Partitions', 'Active', '0000-00-00 00:00:00', '0000-00-00 00:00:00', '0000-00-00 00:00:00'),
(117, 10, 'Toilet & Bath Accessories, Mirrors', 'Active', '0000-00-00 00:00:00', '0000-00-00 00:00:00', '0000-00-00 00:00:00'),
(118, 10, 'Pedestrian Control Devices', 'Active', '0000-00-00 00:00:00', '0000-00-00 00:00:00', '0000-00-00 00:00:00'),
(119, 10, 'Wardrobe & Closet Specialties', 'Active', '0000-00-00 00:00:00', '0000-00-00 00:00:00', '0000-00-00 00:00:00'),
(120, 11, 'Vaccum Cleaning Systems', 'Active', '0000-00-00 00:00:00', '0000-00-00 00:00:00', '0000-00-00 00:00:00'),
(121, 11, 'Theatrical Equipment', 'Active', '0000-00-00 00:00:00', '0000-00-00 00:00:00', '0000-00-00 00:00:00'),
(122, 11, 'Projection Screens', 'Active', '0000-00-00 00:00:00', '0000-00-00 00:00:00', '0000-00-00 00:00:00'),
(123, 11, 'Loading Dock Equipment', 'Active', '0000-00-00 00:00:00', '0000-00-00 00:00:00', '0000-00-00 00:00:00'),
(124, 11, 'Detention Equipment', 'Active', '0000-00-00 00:00:00', '0000-00-00 00:00:00', '0000-00-00 00:00:00'),
(125, 11, 'Food Service Equipment', 'Active', '0000-00-00 00:00:00', '0000-00-00 00:00:00', '0000-00-00 00:00:00'),
(126, 11, 'Laboratory Equipment', 'Active', '0000-00-00 00:00:00', '0000-00-00 00:00:00', '0000-00-00 00:00:00'),
(127, 11, 'Teller & Service Equipment', 'Active', '0000-00-00 00:00:00', '0000-00-00 00:00:00', '0000-00-00 00:00:00'),
(128, 11, 'Audio Visual Equipment', 'Active', '0000-00-00 00:00:00', '0000-00-00 00:00:00', '0000-00-00 00:00:00'),
(129, 11, 'Firing Range Systems', 'Active', '0000-00-00 00:00:00', '0000-00-00 00:00:00', '0000-00-00 00:00:00'),
(130, 11, 'Firing Range Systems', 'Active', '0000-00-00 00:00:00', '0000-00-00 00:00:00', '0000-00-00 00:00:00'),
(131, 11, 'Water Supply & Treatment Equipment', 'Active', '0000-00-00 00:00:00', '0000-00-00 00:00:00', '0000-00-00 00:00:00'),
(132, 11, 'Compressors', 'Active', '0000-00-00 00:00:00', '0000-00-00 00:00:00', '0000-00-00 00:00:00'),
(133, 11, 'Residential Appliances', 'Active', '0000-00-00 00:00:00', '0000-00-00 00:00:00', '0000-00-00 00:00:00'),
(134, 11, 'Paint Booths', 'Active', '0000-00-00 00:00:00', '0000-00-00 00:00:00', '0000-00-00 00:00:00'),
(135, 11, 'Medical Equipment', 'Active', '0000-00-00 00:00:00', '0000-00-00 00:00:00', '0000-00-00 00:00:00'),
(136, 11, 'Athletic Equipment', 'Active', '0000-00-00 00:00:00', '0000-00-00 00:00:00', '0000-00-00 00:00:00'),
(137, 11, 'Other Equipment', 'Active', '0000-00-00 00:00:00', '0000-00-00 00:00:00', '0000-00-00 00:00:00'),
(138, 12, 'Manufactured Casework - Pre-fab', 'Active', '0000-00-00 00:00:00', '0000-00-00 00:00:00', '0000-00-00 00:00:00'),
(139, 12, 'Furniture & Accessories', 'Active', '0000-00-00 00:00:00', '0000-00-00 00:00:00', '0000-00-00 00:00:00'),
(140, 12, 'Multiple Seating', 'Active', '0000-00-00 00:00:00', '0000-00-00 00:00:00', '0000-00-00 00:00:00'),
(141, 12, 'Window Treatment & Blinds', 'Active', '0000-00-00 00:00:00', '0000-00-00 00:00:00', '0000-00-00 00:00:00'),
(142, 12, 'Mats', 'Active', '0000-00-00 00:00:00', '0000-00-00 00:00:00', '0000-00-00 00:00:00'),
(143, 12, 'Fabrics', 'Active', '0000-00-00 00:00:00', '0000-00-00 00:00:00', '0000-00-00 00:00:00'),
(144, 12, 'Art', 'Active', '0000-00-00 00:00:00', '0000-00-00 00:00:00', '0000-00-00 00:00:00'),
(145, 12, 'Interior Plants & Planters', 'Active', '0000-00-00 00:00:00', '0000-00-00 00:00:00', '0000-00-00 00:00:00'),
(146, 12, 'Furnishing Restoration & Repair', 'Active', '0000-00-00 00:00:00', '0000-00-00 00:00:00', '0000-00-00 00:00:00'),
(147, 13, 'Pre Engineered Buildings', 'Active', '0000-00-00 00:00:00', '0000-00-00 00:00:00', '0000-00-00 00:00:00'),
(148, 13, 'Canopies', 'Active', '0000-00-00 00:00:00', '0000-00-00 00:00:00', '0000-00-00 00:00:00'),
(149, 13, 'Building Automation Systems', 'Active', '0000-00-00 00:00:00', '0000-00-00 00:00:00', '0000-00-00 00:00:00'),
(150, 13, 'Special Fire Suprpression System', 'Active', '0000-00-00 00:00:00', '0000-00-00 00:00:00', '0000-00-00 00:00:00'),
(151, 13, 'Fire Protection', 'Active', '0000-00-00 00:00:00', '0000-00-00 00:00:00', '0000-00-00 00:00:00'),
(152, 13, 'Vaults', 'Active', '0000-00-00 00:00:00', '0000-00-00 00:00:00', '0000-00-00 00:00:00'),
(153, 13, 'Pools', 'Active', '0000-00-00 00:00:00', '0000-00-00 00:00:00', '0000-00-00 00:00:00'),
(154, 13, 'Liquid & Gas Storage Tanks', 'Active', '0000-00-00 00:00:00', '0000-00-00 00:00:00', '0000-00-00 00:00:00'),
(155, 13, 'Clean Rooms', 'Active', '0000-00-00 00:00:00', '0000-00-00 00:00:00', '0000-00-00 00:00:00'),
(156, 13, 'Cathodic Protection Systems', 'Active', '0000-00-00 00:00:00', '0000-00-00 00:00:00', '0000-00-00 00:00:00'),
(157, 13, 'Raiation Protection', 'Active', '0000-00-00 00:00:00', '0000-00-00 00:00:00', '0000-00-00 00:00:00'),
(158, 13, 'Other', 'Active', '0000-00-00 00:00:00', '0000-00-00 00:00:00', '0000-00-00 00:00:00'),
(159, 14, 'Elevators', 'Active', '0000-00-00 00:00:00', '0000-00-00 00:00:00', '0000-00-00 00:00:00'),
(160, 14, 'Material Handling Systems', 'Active', '0000-00-00 00:00:00', '0000-00-00 00:00:00', '0000-00-00 00:00:00'),
(161, 14, 'Lifts', 'Active', '0000-00-00 00:00:00', '0000-00-00 00:00:00', '0000-00-00 00:00:00'),
(162, 14, 'Hoists & Cranes', 'Active', '0000-00-00 00:00:00', '0000-00-00 00:00:00', '0000-00-00 00:00:00'),
(163, 14, 'Scaffolding', 'Active', '0000-00-00 00:00:00', '0000-00-00 00:00:00', '0000-00-00 00:00:00'),
(164, 15, 'Plubming Subcontractor', 'Active', '0000-00-00 00:00:00', '0000-00-00 00:00:00', '0000-00-00 00:00:00'),
(165, 15, 'HVAC Subcontractor', 'Active', '0000-00-00 00:00:00', '0000-00-00 00:00:00', '0000-00-00 00:00:00'),
(166, 15, 'HVAC Sub - Chilled Water System', 'Active', '0000-00-00 00:00:00', '0000-00-00 00:00:00', '0000-00-00 00:00:00'),
(167, 15, 'Ductwork & Sheet Metal', 'Active', '0000-00-00 00:00:00', '0000-00-00 00:00:00', '0000-00-00 00:00:00'),
(168, 15, 'Mechanical Commissioning', 'Active', '0000-00-00 00:00:00', '0000-00-00 00:00:00', '0000-00-00 00:00:00'),
(169, 15, 'Controls & Instrumentaion', 'Active', '0000-00-00 00:00:00', '0000-00-00 00:00:00', '0000-00-00 00:00:00'),
(170, 15, 'Test & Balance', 'Active', '0000-00-00 00:00:00', '0000-00-00 00:00:00', '0000-00-00 00:00:00'),
(171, 15, 'Solar Heating', 'Active', '0000-00-00 00:00:00', '0000-00-00 00:00:00', '0000-00-00 00:00:00'),
(172, 15, 'Mechanical Insulation', 'Active', '0000-00-00 00:00:00', '0000-00-00 00:00:00', '0000-00-00 00:00:00'),
(173, 15, 'Building Service Piping', 'Active', '0000-00-00 00:00:00', '0000-00-00 00:00:00', '0000-00-00 00:00:00'),
(174, 15, 'Fire Protection Piping', 'Active', '0000-00-00 00:00:00', '0000-00-00 00:00:00', '0000-00-00 00:00:00'),
(175, 15, 'Refrigeration Equipment', 'Active', '0000-00-00 00:00:00', '0000-00-00 00:00:00', '0000-00-00 00:00:00'),
(176, 16, 'Electrical Subcontractor', 'Active', '0000-00-00 00:00:00', '0000-00-00 00:00:00', '0000-00-00 00:00:00'),
(177, 16, 'Fire Alarm Systems', 'Active', '0000-00-00 00:00:00', '0000-00-00 00:00:00', '0000-00-00 00:00:00'),
(178, 16, 'Communications', 'Active', '0000-00-00 00:00:00', '0000-00-00 00:00:00', '0000-00-00 00:00:00'),
(179, 16, 'Video', 'Active', '0000-00-00 00:00:00', '0000-00-00 00:00:00', '0000-00-00 00:00:00'),
(180, 16, 'Fiber Optics', 'Active', '0000-00-00 00:00:00', '0000-00-00 00:00:00', '0000-00-00 00:00:00'),
(181, 16, 'Traffic Signalization', 'Active', '0000-00-00 00:00:00', '0000-00-00 00:00:00', '0000-00-00 00:00:00'),
(184, 3, 'AB test', 'Active', '2015-12-04 12:21:38', '2016-01-18 20:48:44', '0000-00-00 00:00:00'),
(185, 3, 'test test', 'Active', '2015-12-04 12:23:38', '2016-01-18 20:11:18', '0000-00-00 00:00:00'),
(186, 3, 'fas rrwer', 'Active', '2015-12-04 12:25:00', '2016-01-18 20:11:18', '0000-00-00 00:00:00'),
(187, 3, 'Some testing', 'Active', '2015-12-04 12:25:11', '2016-01-18 20:11:18', '2015-12-04 13:28:45'),
(189, 18, 'asd adsf asf', 'Active', '2015-12-04 13:42:51', '2015-12-04 00:30:04', '2015-12-04 14:00:04'),
(208, 3, 'asdf sadf', 'Active', '2015-12-08 07:10:29', '2016-01-18 20:48:44', '2015-12-08 07:12:04'),
(209, 21, 'abc', 'Active', '2016-01-25 10:55:10', '2016-03-17 20:40:44', '0000-00-00 00:00:00'),
(210, 23, 'haii55', 'Inactive', '2016-02-04 12:08:08', '2016-02-03 22:55:23', '0000-00-00 00:00:00'),
(211, 23, 'test', 'Active', '2016-02-04 12:27:06', '2016-02-03 22:57:06', '0000-00-00 00:00:00'),
(212, 26, 'new', 'Active', '2016-02-05 11:01:47', '2016-02-04 21:31:47', '0000-00-00 00:00:00'),
(213, 26, 'nwe3', 'Active', '2016-02-05 11:03:38', '2016-02-04 21:33:38', '0000-00-00 00:00:00'),
(214, 3, 'Concrete Decorative', 'Active', '2016-05-02 10:49:36', '2016-05-01 22:19:36', '0000-00-00 00:00:00'),
(215, 3, 'Concrete Subcontractor', 'Active', '2016-05-02 10:49:36', '2016-05-01 22:19:36', '0000-00-00 00:00:00'),
(216, 3, 'Concrete Supplier', 'Active', '2016-05-02 10:49:36', '2016-05-01 22:19:36', '0000-00-00 00:00:00'),
(217, 3, 'Tilt-Up', 'Active', '2016-05-02 10:49:36', '2016-05-01 22:19:36', '0000-00-00 00:00:00'),
(218, 27, 'Scoffolding', 'Active', '2016-05-02 10:49:36', '2016-05-01 22:19:36', '0000-00-00 00:00:00'),
(219, 14, 'Railroad', 'Active', '2016-05-02 10:49:36', '2016-05-01 22:19:36', '0000-00-00 00:00:00'),
(220, 8, 'Docks & Levelers', 'Active', '2016-05-02 10:49:36', '2016-05-01 22:19:36', '0000-00-00 00:00:00'),
(221, 8, 'Doors/Frames/Hardware', 'Active', '2016-05-02 10:49:36', '2016-05-01 22:19:36', '0000-00-00 00:00:00'),
(222, 8, 'Entrances & Storefronts/Glazing', 'Active', '2016-05-02 10:49:36', '2016-05-01 22:19:36', '0000-00-00 00:00:00'),
(223, 8, 'Overhead Doors/Roll-up Doors', 'Active', '2016-05-02 10:49:37', '2016-05-01 22:19:37', '0000-00-00 00:00:00'),
(224, 16, 'Cabling', 'Active', '2016-05-02 10:49:37', '2016-05-01 22:19:37', '0000-00-00 00:00:00'),
(225, 16, 'Electrical Materials', 'Active', '2016-05-02 10:49:37', '2016-05-01 22:19:37', '0000-00-00 00:00:00'),
(226, 16, 'Electrical Testing', 'Active', '2016-05-02 10:49:37', '2016-05-01 22:19:37', '0000-00-00 00:00:00'),
(227, 16, 'Electronics', 'Active', '2016-05-02 10:49:37', '2016-05-01 22:19:37', '0000-00-00 00:00:00'),
(228, 16, 'Generators', 'Active', '2016-05-02 10:49:37', '2016-05-01 22:19:37', '0000-00-00 00:00:00'),
(229, 16, 'Interior, Exterior & Emergency Lighting', 'Active', '2016-05-02 10:49:37', '2016-05-01 22:19:37', '0000-00-00 00:00:00'),
(230, 16, 'Lightning Protection', 'Active', '2016-05-02 10:49:37', '2016-05-01 22:19:37', '0000-00-00 00:00:00'),
(231, 16, 'Security ', 'Active', '2016-05-02 10:49:37', '2016-05-01 22:19:37', '0000-00-00 00:00:00'),
(232, 11, 'Bollards', 'Active', '2016-05-02 10:49:37', '2016-05-01 22:19:37', '0000-00-00 00:00:00'),
(233, 11, 'Car Wash Equipment', 'Active', '2016-05-02 10:49:37', '2016-05-01 22:19:37', '0000-00-00 00:00:00'),
(234, 11, 'Document Services', 'Active', '2016-05-02 10:49:37', '2016-05-01 22:19:37', '0000-00-00 00:00:00'),
(235, 11, 'Safety Equipment', 'Active', '2016-05-02 10:49:37', '2016-05-01 22:19:37', '0000-00-00 00:00:00'),
(236, 11, 'Storage & Tanks', 'Active', '2016-05-02 10:49:37', '2016-05-01 22:19:37', '0000-00-00 00:00:00'),
(237, 11, 'Storage/Tanks', 'Active', '2016-05-02 10:49:37', '2016-05-01 22:19:37', '0000-00-00 00:00:00'),
(238, 11, 'Traffic Equipment', 'Active', '2016-05-02 10:49:37', '2016-05-01 22:19:37', '0000-00-00 00:00:00'),
(239, 9, 'Decorative', 'Active', '2016-05-02 10:49:37', '2016-05-01 22:19:37', '0000-00-00 00:00:00'),
(240, 9, 'Flooring', 'Active', '2016-05-02 10:49:37', '2016-05-01 22:19:37', '0000-00-00 00:00:00'),
(241, 9, 'Soffits', 'Active', '2016-05-02 10:49:38', '2016-05-01 22:19:38', '0000-00-00 00:00:00'),
(242, 9, 'Stone Flooring', 'Active', '2016-05-02 10:49:38', '2016-05-01 22:19:38', '0000-00-00 00:00:00'),
(243, 12, 'Appliances', 'Active', '2016-05-02 10:49:38', '2016-05-01 22:19:38', '0000-00-00 00:00:00'),
(244, 12, 'Kitchen', 'Active', '2016-05-02 10:49:38', '2016-05-01 22:19:38', '0000-00-00 00:00:00'),
(245, 1, 'Barricades/Enclosres', 'Active', '2016-05-02 10:49:38', '2016-05-01 22:19:38', '0000-00-00 00:00:00'),
(246, 1, 'Bonds', 'Active', '2016-05-02 10:49:38', '2016-05-01 22:19:38', '0000-00-00 00:00:00'),
(247, 1, 'Consulting', 'Active', '2016-05-02 10:49:38', '2016-05-01 22:19:38', '0000-00-00 00:00:00'),
(248, 1, 'Equipment', 'Active', '2016-05-02 10:49:38', '2016-05-01 22:19:38', '0000-00-00 00:00:00'),
(249, 1, 'Landscaping/Irrigation/Lawns', 'Active', '2016-05-02 10:49:38', '2016-05-01 22:19:38', '0000-00-00 00:00:00'),
(250, 1, 'Other  ', 'Active', '2016-05-02 10:49:38', '2016-05-01 22:19:38', '0000-00-00 00:00:00'),
(251, 1, 'Photography', 'Active', '2016-05-02 10:49:38', '2016-05-01 22:19:38', '0000-00-00 00:00:00'),
(252, 1, 'Reprography', 'Active', '2016-05-02 10:49:38', '2016-05-01 22:19:38', '0000-00-00 00:00:00'),
(253, 1, 'Staffing', 'Active', '2016-05-02 10:49:38', '2016-05-01 22:19:38', '0000-00-00 00:00:00'),
(254, 4, 'Masonry Subcontractor', 'Active', '2016-05-02 10:49:38', '2016-05-01 22:19:38', '0000-00-00 00:00:00'),
(255, 4, 'Stone/Marble/Brick', 'Active', '2016-05-02 10:49:38', '2016-05-01 22:19:38', '0000-00-00 00:00:00'),
(256, 15, 'Controls & Instrumentation', 'Active', '2016-05-02 10:49:38', '2016-05-01 22:19:38', '0000-00-00 00:00:00'),
(257, 15, 'Fans', 'Active', '2016-05-02 10:49:38', '2016-05-01 22:19:38', '0000-00-00 00:00:00'),
(258, 15, 'Fire Suppression', 'Active', '2016-05-02 10:49:39', '2016-05-01 22:19:39', '0000-00-00 00:00:00'),
(259, 15, 'Gas Product', 'Active', '2016-05-02 10:49:39', '2016-05-01 22:19:39', '0000-00-00 00:00:00'),
(260, 15, 'HVAC Materials', 'Active', '2016-05-02 10:49:39', '2016-05-01 22:19:39', '0000-00-00 00:00:00'),
(261, 15, 'Plumbing', 'Active', '2016-05-02 10:49:39', '2016-05-01 22:19:39', '0000-00-00 00:00:00'),
(262, 15, 'Plumbing Subcontractor', 'Active', '2016-05-02 10:49:39', '2016-05-01 22:19:39', '0000-00-00 00:00:00'),
(263, 15, 'Pool Heaters', 'Active', '2016-05-02 10:49:40', '2016-05-01 22:19:40', '0000-00-00 00:00:00'),
(264, 5, 'Metal Buildings', 'Active', '2016-05-02 10:49:40', '2016-05-01 22:19:40', '0000-00-00 00:00:00'),
(265, 5, 'Metal Framing', 'Active', '2016-05-02 10:49:40', '2016-05-01 22:19:40', '0000-00-00 00:00:00'),
(266, 5, 'Metal Processing', 'Active', '2016-05-02 10:49:40', '2016-05-01 22:19:40', '0000-00-00 00:00:00'),
(267, 5, 'Metal Products', 'Active', '2016-05-02 10:49:41', '2016-05-01 22:19:41', '0000-00-00 00:00:00'),
(268, 5, 'Railings/Ladders/Stairs', 'Active', '2016-05-02 10:49:41', '2016-05-01 22:19:41', '0000-00-00 00:00:00'),
(269, 5, 'Rebar ', 'Active', '2016-05-02 10:49:41', '2016-05-01 22:19:41', '0000-00-00 00:00:00'),
(270, 5, 'Structural Steel Fab & Erectors', 'Active', '2016-05-02 10:49:41', '2016-05-01 22:19:41', '0000-00-00 00:00:00'),
(271, 2, 'Aggregate Material', 'Active', '2016-05-02 10:49:41', '2016-05-01 22:19:41', '0000-00-00 00:00:00'),
(272, 2, 'Asbestos Lead & Other Abatement', 'Active', '2016-05-02 10:49:41', '2016-05-01 22:19:41', '0000-00-00 00:00:00'),
(273, 2, 'Asbestos, Lead & Other Abatement', 'Active', '2016-05-02 10:49:41', '2016-05-01 22:19:41', '0000-00-00 00:00:00'),
(274, 2, 'Earthwork/Site Clearing/Excavation', 'Active', '2016-05-02 10:49:41', '2016-05-01 22:19:41', '0000-00-00 00:00:00'),
(275, 2, 'Geotechnical/Contaminated Soil', 'Active', '2016-05-02 10:49:41', '2016-05-01 22:19:41', '0000-00-00 00:00:00'),
(276, 2, 'Ground Penetrating Radar', 'Active', '2016-05-02 10:49:42', '2016-05-01 22:19:42', '0000-00-00 00:00:00'),
(277, 2, 'Landscape/Irrigation/Lawns', 'Active', '2016-05-02 10:49:42', '2016-05-01 22:19:42', '0000-00-00 00:00:00'),
(278, 2, 'Paving', 'Active', '2016-05-02 10:49:42', '2016-05-01 22:19:42', '0000-00-00 00:00:00'),
(279, 2, 'Pumps & Wells', 'Active', '2016-05-02 10:49:42', '2016-05-01 22:19:42', '0000-00-00 00:00:00'),
(280, 2, 'Retaining Walls', 'Active', '2016-05-02 10:49:42', '2016-05-01 22:19:42', '0000-00-00 00:00:00'),
(281, 2, 'Roadways', 'Active', '2016-05-02 10:49:42', '2016-05-01 22:19:42', '0000-00-00 00:00:00'),
(282, 2, 'Septic', 'Active', '2016-05-02 10:49:42', '2016-05-01 22:19:42', '0000-00-00 00:00:00'),
(283, 2, 'Site Utilities/Storm Drainage', 'Active', '2016-05-02 10:49:42', '2016-05-01 22:19:42', '0000-00-00 00:00:00'),
(284, 13, 'Bridges', 'Active', '2016-05-02 10:49:42', '2016-05-01 22:19:42', '0000-00-00 00:00:00'),
(285, 13, 'Greenhouse', 'Active', '2016-05-02 10:49:42', '2016-05-01 22:19:42', '0000-00-00 00:00:00'),
(286, 13, 'Modular Buildings', 'Active', '2016-05-02 10:49:43', '2016-05-01 22:19:43', '0000-00-00 00:00:00'),
(287, 13, 'Score Boards', 'Active', '2016-05-02 10:49:43', '2016-05-01 22:19:43', '0000-00-00 00:00:00'),
(288, 13, 'Shooting Booths', 'Active', '2016-05-02 10:49:43', '2016-05-01 22:19:43', '0000-00-00 00:00:00'),
(289, 13, 'Solar Construction', 'Active', '2016-05-02 10:49:43', '2016-05-01 22:19:43', '0000-00-00 00:00:00'),
(290, 10, 'Bike Racks', 'Active', '2016-05-02 10:49:43', '2016-05-01 22:19:43', '0000-00-00 00:00:00'),
(291, 10, 'Fireplaces & Chimneys', 'Active', '2016-05-02 10:49:43', '2016-05-01 22:19:43', '0000-00-00 00:00:00'),
(292, 10, 'Flagpoles', 'Active', '2016-05-02 10:49:43', '2016-05-01 22:19:43', '0000-00-00 00:00:00'),
(293, 10, 'Lockers/Storage', 'Active', '2016-05-02 10:49:43', '2016-05-01 22:19:43', '0000-00-00 00:00:00'),
(294, 10, 'Louvers & Vents, Grills & Screens', 'Active', '2016-05-02 10:49:43', '2016-05-01 22:19:43', '0000-00-00 00:00:00'),
(295, 10, 'Scales', 'Active', '2016-05-02 10:49:44', '2016-05-01 22:19:44', '0000-00-00 00:00:00'),
(296, 10, 'Specialties', 'Active', '2016-05-02 10:49:44', '2016-05-01 22:19:44', '0000-00-00 00:00:00'),
(297, 10, 'Stairs', 'Active', '2016-05-02 10:49:44', '2016-05-01 22:19:44', '0000-00-00 00:00:00'),
(298, 10, 'Water Coolers', 'Active', '2016-05-02 10:49:44', '2016-05-01 22:19:44', '0000-00-00 00:00:00'),
(299, 10, 'Windscreens', 'Active', '2016-05-02 10:49:44', '2016-05-01 22:19:44', '0000-00-00 00:00:00'),
(300, 7, 'Hurricane Shutters', 'Active', '2016-05-02 10:49:44', '2016-05-01 22:19:44', '0000-00-00 00:00:00'),
(301, 7, 'Joint Sealants', 'Active', '2016-05-02 10:49:44', '2016-05-01 22:19:44', '0000-00-00 00:00:00'),
(302, 7, 'Metal Roofing', 'Active', '2016-05-02 10:49:44', '2016-05-01 22:19:44', '0000-00-00 00:00:00'),
(303, 7, 'Roofing - Shingle/Tile/Metal/Wood', 'Active', '2016-05-02 10:49:44', '2016-05-01 22:19:44', '0000-00-00 00:00:00'),
(304, 7, 'Roofing Subcontractor', 'Active', '2016-05-02 10:49:44', '2016-05-01 22:19:44', '0000-00-00 00:00:00'),
(305, 7, 'Spray Foam', 'Active', '2016-05-02 10:49:45', '2016-05-01 22:19:45', '0000-00-00 00:00:00'),
(306, 6, 'Carpentry', 'Active', '2016-05-02 10:49:45', '2016-05-01 22:19:45', '0000-00-00 00:00:00'),
(307, 6, 'Lumber', 'Active', '2016-05-02 10:49:45', '2016-05-01 22:19:45', '0000-00-00 00:00:00'),
(308, 6, 'Materials', 'Active', '2016-05-02 10:49:45', '2016-05-01 22:19:45', '0000-00-00 00:00:00'),
(309, 6, 'Millwork/Cabintry', 'Active', '2016-05-02 10:49:45', '2016-05-01 22:19:45', '0000-00-00 00:00:00'),
(310, 6, 'Wood Framing', 'Active', '2016-05-02 10:49:45', '2016-05-01 22:19:45', '0000-00-00 00:00:00');

-- --------------------------------------------------------

--
-- Table structure for table `trade_section`
--

CREATE TABLE IF NOT EXISTS `trade_section` (
  `id` int(11) NOT NULL auto_increment,
  `section_title` varchar(255) character set latin1 NOT NULL,
  `status` enum('Active','Inactive') character set latin1 NOT NULL,
  `created_at` datetime NOT NULL,
  `updated_at` timestamp NOT NULL default CURRENT_TIMESTAMP,
  `deleted_at` datetime NOT NULL,
  PRIMARY KEY  (`id`)
) ENGINE=MyISAM  DEFAULT CHARSET=utf8 AUTO_INCREMENT=28 ;

--
-- Dumping data for table `trade_section`
--

INSERT INTO `trade_section` (`id`, `section_title`, `status`, `created_at`, `updated_at`, `deleted_at`) VALUES
(1, 'General Requirements', 'Active', '2015-12-08 12:25:16', '2015-12-07 22:56:20', '0000-00-00 00:00:00'),
(2, 'Site Construction', 'Active', '2015-12-08 12:25:16', '2015-12-07 22:56:20', '0000-00-00 00:00:00'),
(3, 'Concrete', 'Active', '2015-12-08 12:25:16', '2016-01-18 20:11:17', '0000-00-00 00:00:00'),
(4, 'Masonry', 'Active', '2015-12-08 12:25:16', '2015-12-07 22:56:20', '0000-00-00 00:00:00'),
(5, 'Metals', 'Active', '2015-12-08 12:25:16', '2015-12-07 22:56:20', '0000-00-00 00:00:00'),
(6, 'Wood, Plastics & Composites', 'Active', '2015-12-08 12:25:16', '2016-05-01 21:55:20', '0000-00-00 00:00:00'),
(7, 'Thermal & Moisture Protection', 'Active', '2015-12-08 12:25:16', '2016-05-01 21:52:55', '0000-00-00 00:00:00'),
(8, 'Doors & Windows', 'Active', '2015-12-08 12:25:16', '2015-12-07 22:56:20', '0000-00-00 00:00:00'),
(9, 'Finishes', 'Active', '2015-12-08 12:25:16', '2015-12-07 22:56:20', '0000-00-00 00:00:00'),
(10, 'Specialties', 'Active', '2015-12-08 12:25:16', '2015-12-07 22:56:20', '0000-00-00 00:00:00'),
(11, 'Equipment', 'Active', '2015-12-08 12:25:16', '2015-12-07 22:56:20', '0000-00-00 00:00:00'),
(12, 'Furnishings', 'Active', '2015-12-08 12:25:16', '2015-12-07 22:56:20', '0000-00-00 00:00:00'),
(13, 'Special Construction', 'Active', '2015-12-08 12:25:16', '2015-12-07 22:56:20', '0000-00-00 00:00:00'),
(14, 'Conveying Systems', 'Active', '2015-12-08 12:25:16', '2015-12-07 22:56:20', '0000-00-00 00:00:00'),
(15, 'Mechanical', 'Active', '2015-12-08 12:25:16', '2015-12-07 22:56:20', '0000-00-00 00:00:00'),
(16, 'Electrical', 'Active', '2015-12-08 12:25:16', '2015-12-07 22:56:20', '0000-00-00 00:00:00'),
(17, 'testing', 'Active', '2015-12-08 12:25:16', '2015-12-07 22:56:20', '0000-00-00 00:00:00'),
(18, 'f f asdf asdf', 'Active', '2015-12-08 12:25:16', '2015-12-07 22:56:20', '0000-00-00 00:00:00'),
(19, 'some test some', 'Active', '2015-12-08 07:00:44', '2015-12-07 17:37:53', '2015-12-08 07:07:53'),
(20, 'fresh', 'Active', '2016-01-08 09:06:29', '2016-01-07 19:36:29', '0000-00-00 00:00:00'),
(21, 'aa', 'Active', '2016-01-25 10:55:00', '2016-01-24 21:25:00', '0000-00-00 00:00:00'),
(23, 'test18', 'Active', '2016-02-04 12:06:02', '2016-02-03 22:53:20', '0000-00-00 00:00:00'),
(24, 'test1', 'Active', '2016-02-04 12:23:05', '2016-02-03 22:53:05', '0000-00-00 00:00:00'),
(26, 'new section', 'Active', '2016-02-05 11:01:31', '2016-02-04 21:31:31', '0000-00-00 00:00:00'),
(27, 'Conveying Equipment', 'Active', '2016-05-02 10:20:57', '2016-05-01 21:50:57', '0000-00-00 00:00:00');

-- --------------------------------------------------------

--
-- Table structure for table `users`
--

CREATE TABLE IF NOT EXISTS `users` (
  `id` int(11) unsigned NOT NULL auto_increment,
  `type` varchar(255) collate utf8_unicode_ci NOT NULL,
  `email` varchar(255) collate utf8_unicode_ci NOT NULL,
  `username` varchar(255) collate utf8_unicode_ci NOT NULL,
  `first_name` varchar(255) collate utf8_unicode_ci NOT NULL,
  `last_name` varchar(255) collate utf8_unicode_ci NOT NULL,
  `position` varchar(100) collate utf8_unicode_ci default NULL,
  `password` varchar(255) collate utf8_unicode_ci NOT NULL,
  `remember_token` varchar(255) collate utf8_unicode_ci default NULL,
  `status` int(1) NOT NULL,
  `vendor_id` int(20) NOT NULL default '0',
  `created_at` timestamp NOT NULL default '0000-00-00 00:00:00',
  `updated_at` timestamp NOT NULL default '0000-00-00 00:00:00',
  PRIMARY KEY  (`id`),
  UNIQUE KEY `users_email_unique` (`email`),
  UNIQUE KEY `users_username_unique` (`username`)
) ENGINE=InnoDB  DEFAULT CHARSET=utf8 COLLATE=utf8_unicode_ci AUTO_INCREMENT=9807 ;

--
-- Dumping data for table `users`
--

INSERT INTO `users` (`id`, `type`, `email`, `username`, `first_name`, `last_name`, `position`, `password`, `remember_token`, `status`, `vendor_id`, `created_at`, `updated_at`) VALUES
(2, 'superadmin', 'senthilkc@sdi.la', 'senthilkumar', 'Senthil', 'Kumar', NULL, '$2y$10$zTzfs1GDJ2EGNWPlAb2d1.ZoGsh4Fm/Fi8A30I95ER0QkxhlpxKuO', 'CgHIiyEmRVDXr9rLQOEqIeWoi5ZGe4bVaNaV2O2gev52pazJuZB79wh07qPL', 1, 0, '2015-10-08 00:02:31', '2016-04-15 13:37:18'),
(3, 'superadmin', 'sukanya@sdi.la', 'sukanya', 'sukanya', 'ramesh', NULL, '$2y$10$O7T5P95mWLJqz30ByIIL3OKnXCbcrduRpRzkqzZCEkTRZTaj7PQKG', 'QuRmEbrDH8k5KhJ0onIYrovCHOdSYCm7015wY6VcXmcSEqhfgEbmE2xK7kZ5', 1, 0, '2015-10-25 11:30:00', '2015-10-27 21:42:31'),
(10, 'superadmin', 'krishnaraj@sdi.la', 'krishna', 'krishnaraj', 'srinivasan', NULL, '$2y$10$qZCHmFThkHBvWJ27Mdsxsub1KED1enCrIfNvLQKf1XBG9GxauZDRa', 'DmzQHu90VNMl1R4ZKqxssa8Fbag4kPYxwo5asiKqgA9NS3D71YT0Q5VYw2AG', 1, 0, '2016-01-08 05:34:19', '2016-05-30 06:03:40'),
(12, 'admin', 'pajany@sdi.la', 'pajany', 'pajany', '', NULL, '$2y$10$9Fmz98kZ1gkOLwEVX4cVc.qCR5OeoW25Tu5cnyuqxGZpYO9h3gNIS', NULL, 1, 0, '2016-01-09 14:32:02', '2016-01-14 13:25:22'),
(13, 'superadmin', 'jstipe@abbaconstruction.com', 'jstipe@abbaconstruction.com', 'Jennifer', 'Stipe', NULL, '$2y$10$v1ISlJcERomN6w36EQDIdOT0O6mssYhlYSTmfeuyEg65zUk.pknje', NULL, 1, 16, '2016-03-16 14:54:22', '2016-05-25 14:48:48'),
(22, '', 'ptz@yopmail.com', '', '', '', NULL, '', NULL, 0, 4, '0000-00-00 00:00:00', '0000-00-00 00:00:00'),
(43, '', 'ctz@yopmail.com', 'ctz@yopmail.com', '', '', NULL, '$2y$10$o3Q/0.fZyH2QOOSvS8oeT.HfcNSAk8MbN/rUxnKwZewamWnpL1koq', 'wbmmNfSYDSSfhwspUJDMS9XiNjHkR6k4BQQZLVxgksLYVNGCvNyDtH5729yU', 0, 5, '0000-00-00 00:00:00', '2016-04-15 06:54:26'),
(44, '', 'abba@yopmail.com', 'abba@yopmail.com', '', '', NULL, '', NULL, 0, 6, '0000-00-00 00:00:00', '0000-00-00 00:00:00'),
(45, '', 'ptz2@yopmail.com', 'ptz2@yopmail.com', '', '', NULL, '', NULL, 0, 7, '0000-00-00 00:00:00', '0000-00-00 00:00:00'),
(46, '', 'krishnarajsdi@yopmail.com', 'krishnarajsdi@yopmail.com', '', '', NULL, '$2y$10$M1Of/Hu.D4yEz0Si0pQJFeg04bWayxhmirKuPURS/vvTixC8uYqam', 'qbwDkBtOmEWfMaNjOvGeomhqPHB1RrNUUik4Q0yTX0bbYoLwMU0dFTnQQyeq', 0, 8, '0000-00-00 00:00:00', '2016-05-30 13:03:52'),
(47, '', 'testerabba1@yopmail.com', 'testerabba1@yopmail.com', '', '', NULL, '', NULL, 0, 9, '0000-00-00 00:00:00', '0000-00-00 00:00:00'),
(48, '', 'pajanytech@gmail.com', 'pajanytech@gmail.com', '', '', NULL, '', NULL, 0, 10, '0000-00-00 00:00:00', '0000-00-00 00:00:00'),
(49, '', 'ramkumar4@sdi.la', 'ramkumar4@sdi.la', '', '', NULL, '', NULL, 0, 12, '0000-00-00 00:00:00', '0000-00-00 00:00:00'),
(50, '', 'ramkumar43@sdi.la', 'ramkumar43@sdi.la', '', '', NULL, '', NULL, 0, 13, '0000-00-00 00:00:00', '0000-00-00 00:00:00'),
(51, '', 'mreifers@abbaconstruction.com', 'mreifers@abbaconstruction.com', '', '', NULL, '$2y$10$U0BScy2H18ptsT/cT/3WYOKAufNNHLcAzMAJrc6kMHxmVYnPvgyRy', 'z2K758dTryBES7FALtUZLVPtGSis6eltOgmWv9BlnP7rRsgN69ciEVu2Nl77', 0, 14, '0000-00-00 00:00:00', '2016-05-27 17:21:19'),
(52, '', 'atanderson@abbaconstruction.com', 'atanderson@abbaconstruction.com', '', '', NULL, '', NULL, 0, 15, '0000-00-00 00:00:00', '0000-00-00 00:00:00'),
(53, '', 'mereifers@bellsouth.net', 'mereifers@bellsouth.net', '', '', NULL, '$2y$10$xciowPSg/VGOIOqzKFHjKeIknfc0vyXENdhndBvQeeMqUmd2TcBLS', 'GhiMFFSfU8LkP4VBmdfJMY6pxUUfKDimC7traaAt82bkGkyET6K4GocAcPKa', 0, 17, '0000-00-00 00:00:00', '2016-05-07 16:08:21'),
(54, '', 'mreifers@abbaconstruction.net', 'mreifers@abbaconstruction.net', '', '', NULL, '', NULL, 0, 18, '0000-00-00 00:00:00', '0000-00-00 00:00:00'),
(55, '', 'krishnarajabba@yopmail.com', 'krishnarajabba@yopmail.com', '', '', NULL, '$2y$10$glmb39ALkwyBR7NO3LhS9O36Ny7EL9ZRiIwD3KD4c4a/LfYJ7GIde', NULL, 0, 19, '0000-00-00 00:00:00', '2016-05-26 06:45:06'),
(56, '', 'krishnarajabbatest@yopmail.com', 'krishnarajabbatest@yopmail.com', '', '', NULL, '', NULL, 0, 20, '0000-00-00 00:00:00', '0000-00-00 00:00:00'),
(57, '', 'ramkumar2333@sdi.la', 'ramkumar2333@sdi.la', '', '', NULL, '', NULL, 0, 21, '0000-00-00 00:00:00', '0000-00-00 00:00:00'),
(58, '', 'estimating@abbaconstruction.com', 'estimating@abbaconstruction.com', '', '', NULL, '', NULL, 0, 22, '0000-00-00 00:00:00', '0000-00-00 00:00:00'),
(59, '', 'tester1abba@yopmail.com', 'tester1abba@yopmail.com', '', '', NULL, '$2y$10$UnWXojFLrLs5.uIXotSJyeR0rqMv58nGHldvD9senD5g7n1Fml5Mq', 'JfdzADkXG3pWVKm54BpXl7ienNod3KUtRLAIsHbgXV5HJ5gFPXhs44Xx3HsL', 0, 23, '2016-04-06 10:12:25', '2016-04-06 10:29:15'),
(60, '', 'theandersonbunch@bellsouth.net', 'theandersonbunch@bellsouth.net', '', '', NULL, '$2y$10$..p7N5ZnERLuDtoi/oWdpO4C6jcWIb.xwsx4Q9D/no9ab5UAKTjU2', '66JV2ynToMbTw9chKePlb2TXsWZy1mHQbahAwmWHxmv9vTbFQrjOL5FziLuM', 0, 24, '2016-04-06 10:37:05', '2016-05-19 14:49:02'),
(61, '', 'testertesting@yopmail.com', 'testertesting@yopmail.com', '', '', NULL, '$2y$10$XcZDgxtTaf2A4.eFrKQmf.y3a/OF1kGdTtgLqjkUs4wyJCNW3FM7W', NULL, 0, 25, '2016-04-06 13:35:06', '2016-04-06 13:35:06'),
(62, '', 'testnew22@yopmail.com', 'testnew22@yopmail.com', '', '', NULL, '$2y$10$HAN6lJbT2yyuydmFRyeQueJhsuRzdyZimCYXOddERSrnluidnDgw2', NULL, 0, 26, '2016-04-06 13:43:33', '2016-04-06 13:43:33'),
(64, '', 'pajany1111111111111111111@sdi.la', 'pajany1111111111111111111@sdi.la', '', '', NULL, '$2y$10$xnR5ql0MeRBvwFuRJFp67OWMb3cvy7FgSoJTBRCVoV6i9cT.CL66S', NULL, 0, 28, '2016-04-06 13:53:07', '2016-04-06 13:53:07'),
(65, '', 'testword@yopmail.com', 'testword@yopmail.com', '', '', NULL, '$2y$10$emTy2Hdp7UV3HKObWOoj6.6SabBmUxbySdmUlLydkXOSrwrldnGgq', NULL, 0, 29, '2016-04-06 14:40:26', '2016-04-06 14:40:26'),
(4308, '', 'doug.janke@vtmilcom.com', 'doug.janke@vtmilcom.com', '', '', NULL, '', NULL, 0, 7135, '0000-00-00 00:00:00', '0000-00-00 00:00:00'),
(4309, '', 's.vignesh@mcwaneservices.com', 's.vignesh@mcwaneservices.com', '', '', NULL, '', NULL, 0, 7136, '0000-00-00 00:00:00', '0000-00-00 00:00:00'),
(4310, '', 'jeanne_mcfall@hotmail.com', 'jeanne_mcfall@hotmail.com', '', '', NULL, '', NULL, 0, 7137, '0000-00-00 00:00:00', '0000-00-00 00:00:00'),
(4311, '', 'rusty@sloanfencing.com', 'rusty@sloanfencing.com', '', '', NULL, '', NULL, 0, 7138, '0000-00-00 00:00:00', '0000-00-00 00:00:00'),
(4312, '', 'ewendt@clubresourcegroup.com', 'ewendt@clubresourcegroup.com', '', '', NULL, '', NULL, 0, 7139, '0000-00-00 00:00:00', '0000-00-00 00:00:00'),
(4313, '', 'premin@aol.com', 'premin@aol.com', '', '', NULL, '', NULL, 0, 7140, '0000-00-00 00:00:00', '0000-00-00 00:00:00'),
(4314, '', 'rkarlos@leetexllc.com', 'rkarlos@leetexllc.com', '', '', NULL, '', NULL, 0, 7141, '0000-00-00 00:00:00', '0000-00-00 00:00:00'),
(4315, '', 'ashleygraves@legacylockers.com', 'ashleygraves@legacylockers.com', '', '', NULL, '', NULL, 0, 7142, '0000-00-00 00:00:00', '0000-00-00 00:00:00'),
(4316, '', 'jmochnaly@phyinc.com', 'jmochnaly@phyinc.com', '', '', NULL, '', NULL, 0, 7143, '0000-00-00 00:00:00', '0000-00-00 00:00:00'),
(4317, '', 'cgomes@chantengineering.com', 'cgomes@chantengineering.com', '', '', NULL, '', NULL, 0, 7144, '0000-00-00 00:00:00', '0000-00-00 00:00:00'),
(4318, '', 'Haynamarr@aol.com', 'Haynamarr@aol.com', '', '', NULL, '', NULL, 0, 7145, '0000-00-00 00:00:00', '0000-00-00 00:00:00'),
(4319, '', 'amy.drew@aceelectric.net ', 'amy.drew@aceelectric.net ', '', '', NULL, '', NULL, 0, 7146, '0000-00-00 00:00:00', '0000-00-00 00:00:00'),
(4320, '', 'kevin.cowart@aceelectric.net', 'kevin.cowart@aceelectric.net', '', '', NULL, '', NULL, 0, 7147, '0000-00-00 00:00:00', '0000-00-00 00:00:00'),
(4321, '', 'rayheki@bellsouth.net', 'rayheki@bellsouth.net', '', '', NULL, '', NULL, 0, 7148, '0000-00-00 00:00:00', '0000-00-00 00:00:00'),
(4322, '', 'mike@reesebldg.com', 'mike@reesebldg.com', '', '', NULL, '', NULL, 0, 7149, '0000-00-00 00:00:00', '0000-00-00 00:00:00'),
(4323, '', 'bryan2004.bs@gmail.com', 'bryan2004.bs@gmail.com', '', '', NULL, '', NULL, 0, 7150, '0000-00-00 00:00:00', '0000-00-00 00:00:00'),
(4324, '', 'chris.walden@unitedstructures.net', 'chris.walden@unitedstructures.net', '', '', NULL, '', NULL, 0, 7151, '0000-00-00 00:00:00', '0000-00-00 00:00:00'),
(4325, '', 'gasv@bellsouth.net', 'gasv@bellsouth.net', '', '', NULL, '', NULL, 0, 7152, '0000-00-00 00:00:00', '0000-00-00 00:00:00'),
(4326, '', 'seasler@csusasoutheast.com', 'seasler@csusasoutheast.com', '', '', NULL, '', NULL, 0, 7153, '0000-00-00 00:00:00', '0000-00-00 00:00:00'),
(4327, '', 'kim@valdostamechanical.net', 'kim@valdostamechanical.net', '', '', NULL, '', NULL, 0, 7154, '0000-00-00 00:00:00', '0000-00-00 00:00:00'),
(4328, '', 'plumbingservco@bellsouth.net', 'plumbingservco@bellsouth.net', '', '', NULL, '', NULL, 0, 7155, '0000-00-00 00:00:00', '0000-00-00 00:00:00'),
(4329, '', 'adukes@elite-structure.com', 'adukes@elite-structure.com', '', '', NULL, '', NULL, 0, 7156, '0000-00-00 00:00:00', '0000-00-00 00:00:00'),
(4330, '', 'bapt513@mchsi.com', 'bapt513@mchsi.com', '', '', NULL, '', NULL, 0, 7157, '0000-00-00 00:00:00', '0000-00-00 00:00:00'),
(4331, '', 'david.coyle@nucor.com', 'david.coyle@nucor.com', '', '', NULL, '', NULL, 0, 7158, '0000-00-00 00:00:00', '0000-00-00 00:00:00'),
(4332, '', 'durdenduncan@bellsouth.net', 'durdenduncan@bellsouth.net', '', '', NULL, '', NULL, 0, 7159, '0000-00-00 00:00:00', '0000-00-00 00:00:00'),
(4333, '', 'charles.bentley@gerdau.com', 'charles.bentley@gerdau.com', '', '', NULL, '', NULL, 0, 7160, '0000-00-00 00:00:00', '0000-00-00 00:00:00'),
(4334, '', 'jhollatz@nbssc.com', 'jhollatz@nbssc.com', '', '', NULL, '', NULL, 0, 7161, '0000-00-00 00:00:00', '0000-00-00 00:00:00'),
(4335, '', 'jwhite@nbssc.com', 'jwhite@nbssc.com', '', '', NULL, '', NULL, 0, 7162, '0000-00-00 00:00:00', '0000-00-00 00:00:00'),
(4336, '', 'linda.weeks@yahoo.com', 'linda.weeks@yahoo.com', '', '', NULL, '', NULL, 0, 7163, '0000-00-00 00:00:00', '0000-00-00 00:00:00'),
(4337, '', 'phillipb@vulcansteel.com', 'phillipb@vulcansteel.com', '', '', NULL, '', NULL, 0, 7164, '0000-00-00 00:00:00', '0000-00-00 00:00:00'),
(4338, '', 'jason@cablingsystemsinc.com', 'jason@cablingsystemsinc.com', '', '', NULL, '', NULL, 0, 7165, '0000-00-00 00:00:00', '0000-00-00 00:00:00'),
(4339, '', 'tmanning@hillercompanies.com', 'tmanning@hillercompanies.com', '', '', NULL, '', NULL, 0, 7166, '0000-00-00 00:00:00', '0000-00-00 00:00:00'),
(4340, '', 'juvenalaluminum@yahoo.com', 'juvenalaluminum@yahoo.com', '', '', NULL, '', NULL, 0, 7167, '0000-00-00 00:00:00', '0000-00-00 00:00:00'),
(4341, '', 'mdalessandro@gulfstoneconstruction.com', 'mdalessandro@gulfstoneconstruction.com', '', '', NULL, '', NULL, 0, 7168, '0000-00-00 00:00:00', '0000-00-00 00:00:00'),
(4342, '', 'info@dcandcds.com', 'info@dcandcds.com', '', '', NULL, '', NULL, 0, 7169, '0000-00-00 00:00:00', '0000-00-00 00:00:00'),
(4343, '', 'billh@grovemasonry.com', 'billh@grovemasonry.com', '', '', NULL, '', NULL, 0, 7170, '0000-00-00 00:00:00', '0000-00-00 00:00:00'),
(4344, '', 'yanys@firestopsystems.biz', 'yanys@firestopsystems.biz', '', '', NULL, '', NULL, 0, 7171, '0000-00-00 00:00:00', '0000-00-00 00:00:00'),
(4345, '', 'ycruz@fireproofers.com', 'ycruz@fireproofers.com', '', '', NULL, '', NULL, 0, 7172, '0000-00-00 00:00:00', '0000-00-00 00:00:00'),
(4346, '', 'csearles.nemethair@embarqmail.com', 'csearles.nemethair@embarqmail.com', '', '', NULL, '', NULL, 0, 7173, '0000-00-00 00:00:00', '0000-00-00 00:00:00'),
(4347, '', 'supervisor@summersplumbing.net', 'supervisor@summersplumbing.net', '', '', NULL, '', NULL, 0, 7174, '0000-00-00 00:00:00', '0000-00-00 00:00:00'),
(4348, '', 'ae@robisonsteel.com', 'ae@robisonsteel.com', '', '', NULL, '', NULL, 0, 7175, '0000-00-00 00:00:00', '0000-00-00 00:00:00'),
(4349, '', 'chris@stahlman-england.com', 'chris@stahlman-england.com', '', '', NULL, '', NULL, 0, 7176, '0000-00-00 00:00:00', '0000-00-00 00:00:00'),
(4350, '', 'steve@stahlman-england.com', 'steve@stahlman-england.com', '', '', NULL, '', NULL, 0, 7177, '0000-00-00 00:00:00', '0000-00-00 00:00:00'),
(4351, '', 'dlarocca@waterboyzflorida.com', 'dlarocca@waterboyzflorida.com', '', '', NULL, '', NULL, 0, 7178, '0000-00-00 00:00:00', '0000-00-00 00:00:00'),
(4352, '', 'mdavies500@yahoo.com', 'mdavies500@yahoo.com', '', '', NULL, '', NULL, 0, 7179, '0000-00-00 00:00:00', '0000-00-00 00:00:00'),
(4353, '', 'pmchugh908@gmail.com', 'pmchugh908@gmail.com', '', '', NULL, '', NULL, 0, 7180, '0000-00-00 00:00:00', '0000-00-00 00:00:00'),
(4354, '', 'dandperectors@msn.com', 'dandperectors@msn.com', '', '', NULL, '', NULL, 0, 7181, '0000-00-00 00:00:00', '0000-00-00 00:00:00'),
(4355, '', 't.kappazpdsi@yahoo.com', 't.kappazpdsi@yahoo.com', '', '', NULL, '', NULL, 0, 7182, '0000-00-00 00:00:00', '0000-00-00 00:00:00'),
(4356, '', 'awendt@miautosprinkler.com', 'awendt@miautosprinkler.com', '', '', NULL, '', NULL, 0, 7183, '0000-00-00 00:00:00', '0000-00-00 00:00:00'),
(4357, '', 'bill@bancogroup.net', 'bill@bancogroup.net', '', '', NULL, '', NULL, 0, 7184, '0000-00-00 00:00:00', '0000-00-00 00:00:00'),
(4358, '', 'dale@netcenter.ca', 'dale@netcenter.ca', '', '', NULL, '', NULL, 0, 7185, '0000-00-00 00:00:00', '0000-00-00 00:00:00'),
(4359, '', 'dwiggins@gateprecast.com', 'dwiggins@gateprecast.com', '', '', NULL, '', NULL, 0, 7186, '0000-00-00 00:00:00', '0000-00-00 00:00:00'),
(4360, '', 'jmaxwell@ncscabling.com', 'jmaxwell@ncscabling.com', '', '', NULL, '', NULL, 0, 7187, '0000-00-00 00:00:00', '0000-00-00 00:00:00'),
(4361, '', 'dswanson@lanico-inc.com', 'dswanson@lanico-inc.com', '', '', NULL, '', NULL, 0, 7188, '0000-00-00 00:00:00', '0000-00-00 00:00:00'),
(4362, '', 'kpugh@candoifp.com', 'kpugh@candoifp.com', '', '', NULL, '', NULL, 0, 7189, '0000-00-00 00:00:00', '0000-00-00 00:00:00'),
(4363, '', 'cclark@dosisales.com', 'cclark@dosisales.com', '', '', NULL, '', NULL, 0, 7190, '0000-00-00 00:00:00', '0000-00-00 00:00:00'),
(4364, '', 'rfrench@crystalcoastmechanical.com', 'rfrench@crystalcoastmechanical.com', '', '', NULL, '', NULL, 0, 7191, '0000-00-00 00:00:00', '0000-00-00 00:00:00'),
(4365, '', 'ecd.demolition@yahoo.com', 'ecd.demolition@yahoo.com', '', '', NULL, '', NULL, 0, 7192, '0000-00-00 00:00:00', '0000-00-00 00:00:00'),
(4366, '', 'dhextrememotion@hotmail.com', 'dhextrememotion@hotmail.com', '', '', NULL, '', NULL, 0, 7193, '0000-00-00 00:00:00', '0000-00-00 00:00:00'),
(4367, '', 'kwilson@tritonwoods.com', 'kwilson@tritonwoods.com', '', '', NULL, '', NULL, 0, 7194, '0000-00-00 00:00:00', '0000-00-00 00:00:00'),
(4368, '', 'rkolli@interweavetech.net', 'rkolli@interweavetech.net', '', '', NULL, '', NULL, 0, 7195, '0000-00-00 00:00:00', '0000-00-00 00:00:00'),
(4369, '', 'dcook@weightec.com', 'dcook@weightec.com', '', '', NULL, '', NULL, 0, 7196, '0000-00-00 00:00:00', '0000-00-00 00:00:00'),
(4370, '', 'terry.beal@ifpinc.us', 'terry.beal@ifpinc.us', '', '', NULL, '', NULL, 0, 7197, '0000-00-00 00:00:00', '0000-00-00 00:00:00'),
(4371, '', 'sales@cooksbuildingsupply.com', 'sales@cooksbuildingsupply.com', '', '', NULL, '', NULL, 0, 7198, '0000-00-00 00:00:00', '0000-00-00 00:00:00'),
(4372, '', 'toolem@contechbridge.com', 'toolem@contechbridge.com', '', '', NULL, '', NULL, 0, 7199, '0000-00-00 00:00:00', '0000-00-00 00:00:00'),
(4373, '', 'jessecurl78@yahoo.com', 'jessecurl78@yahoo.com', '', '', NULL, '', NULL, 0, 7200, '0000-00-00 00:00:00', '0000-00-00 00:00:00'),
(4374, '', 'melissa.curley@oncenter.com', 'melissa.curley@oncenter.com', '', '', NULL, '', NULL, 0, 7201, '0000-00-00 00:00:00', '0000-00-00 00:00:00'),
(4375, '', 'ronald.drescher@graybar.com', 'ronald.drescher@graybar.com', '', '', NULL, '', NULL, 0, 7202, '0000-00-00 00:00:00', '0000-00-00 00:00:00'),
(4376, '', 'donc@portlandsystems.net', 'donc@portlandsystems.net', '', '', NULL, '', NULL, 0, 7203, '0000-00-00 00:00:00', '0000-00-00 00:00:00'),
(4377, '', 'clackey@gold-seal.com', 'clackey@gold-seal.com', '', '', NULL, '', NULL, 0, 7204, '0000-00-00 00:00:00', '0000-00-00 00:00:00'),
(4378, '', 'jorge.leon@starktruss.com', 'jorge.leon@starktruss.com', '', '', NULL, '', NULL, 0, 7205, '0000-00-00 00:00:00', '0000-00-00 00:00:00'),
(4379, '', 'fpeydro@cellucrete.com', 'fpeydro@cellucrete.com', '', '', NULL, '', NULL, 0, 7206, '0000-00-00 00:00:00', '0000-00-00 00:00:00'),
(4380, '', 'urbanstoneworks@bellsouth.net', 'urbanstoneworks@bellsouth.net', '', '', NULL, '', NULL, 0, 7207, '0000-00-00 00:00:00', '0000-00-00 00:00:00'),
(4381, '', 'DF6185@msn.com', 'DF6185@msn.com', '', '', NULL, '', NULL, 0, 7208, '0000-00-00 00:00:00', '0000-00-00 00:00:00'),
(4382, '', 'miamiwall@cs.com', 'miamiwall@cs.com', '', '', NULL, '', NULL, 0, 7209, '0000-00-00 00:00:00', '0000-00-00 00:00:00'),
(4383, '', 'miawall@bellsouth.net', 'miawall@bellsouth.net', '', '', NULL, '', NULL, 0, 7210, '0000-00-00 00:00:00', '0000-00-00 00:00:00'),
(4384, '', 'pclyne@fiskcorp.com', 'pclyne@fiskcorp.com', '', '', NULL, '', NULL, 0, 7211, '0000-00-00 00:00:00', '0000-00-00 00:00:00'),
(4385, '', 'lesp@luzer.com', 'lesp@luzer.com', '', '', NULL, '', NULL, 0, 7212, '0000-00-00 00:00:00', '0000-00-00 00:00:00'),
(4386, '', ' jag@psdrywall.com', ' jag@psdrywall.com', '', '', NULL, '', NULL, 0, 7213, '0000-00-00 00:00:00', '0000-00-00 00:00:00'),
(4387, '', 'outdoorfabrics@aol.com', 'outdoorfabrics@aol.com', '', '', NULL, '', NULL, 0, 7214, '0000-00-00 00:00:00', '0000-00-00 00:00:00'),
(4388, '', 'tpace@regalkitchensinc.com', 'tpace@regalkitchensinc.com', '', '', NULL, '', NULL, 0, 7215, '0000-00-00 00:00:00', '0000-00-00 00:00:00'),
(4389, '', 'uv100@comcast.net', 'uv100@comcast.net', '', '', NULL, '', NULL, 0, 7216, '0000-00-00 00:00:00', '0000-00-00 00:00:00'),
(4390, '', 'JPartridge@lemartec.com', 'JPartridge@lemartec.com', '', '', NULL, '', NULL, 0, 7217, '0000-00-00 00:00:00', '0000-00-00 00:00:00'),
(4391, '', 'Steelpowerforce@aol.com', 'Steelpowerforce@aol.com', '', '', NULL, '', NULL, 0, 7218, '0000-00-00 00:00:00', '0000-00-00 00:00:00'),
(4392, '', 'gcabello4141@univision.com', 'gcabello4141@univision.com', '', '', NULL, '', NULL, 0, 7219, '0000-00-00 00:00:00', '0000-00-00 00:00:00'),
(4393, '', 'rtledbet@geco.com', 'rtledbet@geco.com', '', '', NULL, '', NULL, 0, 7220, '0000-00-00 00:00:00', '0000-00-00 00:00:00'),
(4394, '', 'plumber@maplewoodplumbing.com', 'plumber@maplewoodplumbing.com', '', '', NULL, '', NULL, 0, 7221, '0000-00-00 00:00:00', '0000-00-00 00:00:00'),
(4395, '', 'mclubiewski@hornershifrin.com ', 'mclubiewski@hornershifrin.com ', '', '', NULL, '', NULL, 0, 7222, '0000-00-00 00:00:00', '0000-00-00 00:00:00'),
(4396, '', 'amcpeak@starlumber.com', 'amcpeak@starlumber.com', '', '', NULL, '', NULL, 0, 7223, '0000-00-00 00:00:00', '0000-00-00 00:00:00'),
(4397, '', 'tmckeown@totalinstallation.biz', 'tmckeown@totalinstallation.biz', '', '', NULL, '', NULL, 0, 7224, '0000-00-00 00:00:00', '0000-00-00 00:00:00'),
(4398, '', 'Drew.Schon@p1group.com', 'Drew.Schon@p1group.com', '', '', NULL, '', NULL, 0, 7225, '0000-00-00 00:00:00', '0000-00-00 00:00:00'),
(4399, '', 'rcallaway@mcelroymetal.com', 'rcallaway@mcelroymetal.com', '', '', NULL, '', NULL, 0, 7226, '0000-00-00 00:00:00', '0000-00-00 00:00:00'),
(4400, '', 'coastalconstructionfla@hotmail.com', 'coastalconstructionfla@hotmail.com', '', '', NULL, '', NULL, 0, 7227, '0000-00-00 00:00:00', '0000-00-00 00:00:00'),
(4401, '', 'jimsconcrete@cfl.rr.com', 'jimsconcrete@cfl.rr.com', '', '', NULL, '', NULL, 0, 7228, '0000-00-00 00:00:00', '0000-00-00 00:00:00'),
(4402, '', 'axmarkos@yahoo.com', 'axmarkos@yahoo.com', '', '', NULL, '', NULL, 0, 7229, '0000-00-00 00:00:00', '0000-00-00 00:00:00'),
(4403, '', 'daved@floridaprecastind.com', 'daved@floridaprecastind.com', '', '', NULL, '', NULL, 0, 7230, '0000-00-00 00:00:00', '0000-00-00 00:00:00'),
(4404, '', 'pplageman@allieddoors.com', 'pplageman@allieddoors.com', '', '', NULL, '', NULL, 0, 7231, '0000-00-00 00:00:00', '0000-00-00 00:00:00'),
(4405, '', 'theryan4@msn.com', 'theryan4@msn.com', '', '', NULL, '', NULL, 0, 7232, '0000-00-00 00:00:00', '0000-00-00 00:00:00'),
(4406, '', 'hoganglasscorp@clearwire.net', 'hoganglasscorp@clearwire.net', '', '', NULL, '', NULL, 0, 7233, '0000-00-00 00:00:00', '0000-00-00 00:00:00'),
(4407, '', 'mike@aeroaluminum.com', 'mike@aeroaluminum.com', '', '', NULL, '', NULL, 0, 7234, '0000-00-00 00:00:00', '0000-00-00 00:00:00'),
(4408, '', 'INFO@DISHLINKS.COM', 'INFO@DISHLINKS.COM', '', '', NULL, '', NULL, 0, 7235, '0000-00-00 00:00:00', '0000-00-00 00:00:00'),
(4409, '', 'bwkelectric@bellsouth.net', 'bwkelectric@bellsouth.net', '', '', NULL, '', NULL, 0, 7236, '0000-00-00 00:00:00', '0000-00-00 00:00:00'),
(4410, '', 'loftuselectric@aol.com', 'loftuselectric@aol.com', '', '', NULL, '', NULL, 0, 7237, '0000-00-00 00:00:00', '0000-00-00 00:00:00'),
(4411, '', 'ddavidmacdaniel@cfl.rr.com', 'ddavidmacdaniel@cfl.rr.com', '', '', NULL, '', NULL, 0, 7238, '0000-00-00 00:00:00', '0000-00-00 00:00:00'),
(4412, '', 'Brian@newenergyservice.net', 'Brian@newenergyservice.net', '', '', NULL, '', NULL, 0, 7239, '0000-00-00 00:00:00', '0000-00-00 00:00:00'),
(4413, '', 'estimator@tadco-electrical.com', 'estimator@tadco-electrical.com', '', '', NULL, '', NULL, 0, 7240, '0000-00-00 00:00:00', '0000-00-00 00:00:00'),
(4414, '', 'TAD@tadco-electrical.com', 'TAD@tadco-electrical.com', '', '', NULL, '', NULL, 0, 7241, '0000-00-00 00:00:00', '0000-00-00 00:00:00'),
(4415, '', 'info@arcflorida.com', 'info@arcflorida.com', '', '', NULL, '', NULL, 0, 7242, '0000-00-00 00:00:00', '0000-00-00 00:00:00'),
(4416, '', 'murillobyron@yahoo.com', 'murillobyron@yahoo.com', '', '', NULL, '', NULL, 0, 7243, '0000-00-00 00:00:00', '0000-00-00 00:00:00'),
(4417, '', 'mrgrube@aol.com', 'mrgrube@aol.com', '', '', NULL, '', NULL, 0, 7244, '0000-00-00 00:00:00', '0000-00-00 00:00:00'),
(4418, '', 'JHolmes@Designerswestinc.com', 'JHolmes@Designerswestinc.com', '', '', NULL, '', NULL, 0, 7245, '0000-00-00 00:00:00', '0000-00-00 00:00:00'),
(4419, '', 'idrive90@aol.com', 'idrive90@aol.com', '', '', NULL, '', NULL, 0, 7246, '0000-00-00 00:00:00', '0000-00-00 00:00:00'),
(4420, '', 'mspinazzola@certapro.com', 'mspinazzola@certapro.com', '', '', NULL, '', NULL, 0, 7247, '0000-00-00 00:00:00', '0000-00-00 00:00:00'),
(4421, '', 'Collinscustom@cfl.rr.com', 'Collinscustom@cfl.rr.com', '', '', NULL, '', NULL, 0, 7248, '0000-00-00 00:00:00', '0000-00-00 00:00:00'),
(4422, '', 'div.9painting@comcast.net', 'div.9painting@comcast.net', '', '', NULL, '', NULL, 0, 7249, '0000-00-00 00:00:00', '0000-00-00 00:00:00'),
(4423, '', 'benclay@HISpaintingInc.com', 'benclay@HISpaintingInc.com', '', '', NULL, '', NULL, 0, 7250, '0000-00-00 00:00:00', '0000-00-00 00:00:00'),
(4424, '', 'sunshineplastllc@bellsouth.net', 'sunshineplastllc@bellsouth.net', '', '', NULL, '', NULL, 0, 7251, '0000-00-00 00:00:00', '0000-00-00 00:00:00'),
(4425, '', 'ucai2007@yahoo.com', 'ucai2007@yahoo.com', '', '', NULL, '', NULL, 0, 7252, '0000-00-00 00:00:00', '0000-00-00 00:00:00'),
(4426, '', 'newhorizonsoffit@bellsouth.net', 'newhorizonsoffit@bellsouth.net', '', '', NULL, '', NULL, 0, 7253, '0000-00-00 00:00:00', '0000-00-00 00:00:00'),
(4427, '', 'WAYNEHALL@JNSTONEINC.COM', 'WAYNEHALL@JNSTONEINC.COM', '', '', NULL, '', NULL, 0, 7254, '0000-00-00 00:00:00', '0000-00-00 00:00:00'),
(4428, '', 'MIMI_1729@YAHOO.COM', 'MIMI_1729@YAHOO.COM', '', '', NULL, '', NULL, 0, 7255, '0000-00-00 00:00:00', '0000-00-00 00:00:00'),
(4429, '', 'den.hurrell@i8i.com', 'den.hurrell@i8i.com', '', '', NULL, '', NULL, 0, 7256, '0000-00-00 00:00:00', '0000-00-00 00:00:00'),
(4430, '', 'comminters@aol.com', 'comminters@aol.com', '', '', NULL, '', NULL, 0, 7257, '0000-00-00 00:00:00', '0000-00-00 00:00:00'),
(4431, '', 'experttileinc@bellsouth.net', 'experttileinc@bellsouth.net', '', '', NULL, '', NULL, 0, 7258, '0000-00-00 00:00:00', '0000-00-00 00:00:00'),
(4432, '', 'MAGSOUAC@BELLSOUTH.NET', 'MAGSOUAC@BELLSOUTH.NET', '', '', NULL, '', NULL, 0, 7259, '0000-00-00 00:00:00', '0000-00-00 00:00:00'),
(4433, '', 'lizheadcontract@yahoo.com', 'lizheadcontract@yahoo.com', '', '', NULL, '', NULL, 0, 7260, '0000-00-00 00:00:00', '0000-00-00 00:00:00'),
(4434, '', 'dlavender@alleneng.net', 'dlavender@alleneng.net', '', '', NULL, '', NULL, 0, 7261, '0000-00-00 00:00:00', '0000-00-00 00:00:00'),
(4435, '', 'sharon@detaildynamicsinc.com', 'sharon@detaildynamicsinc.com', '', '', NULL, '', NULL, 0, 7262, '0000-00-00 00:00:00', '0000-00-00 00:00:00'),
(4436, '', 'ray.boles@beyel.com', 'ray.boles@beyel.com', '', '', NULL, '', NULL, 0, 7263, '0000-00-00 00:00:00', '0000-00-00 00:00:00'),
(4437, '', 'pstimpson@cfl.rr.com', 'pstimpson@cfl.rr.com', '', '', NULL, '', NULL, 0, 7264, '0000-00-00 00:00:00', '0000-00-00 00:00:00'),
(4438, '', 'aceblue@aceblueprinters.com', 'aceblue@aceblueprinters.com', '', '', NULL, '', NULL, 0, 7265, '0000-00-00 00:00:00', '0000-00-00 00:00:00'),
(4439, '', 'abcconcrete@bellsouth.net', 'abcconcrete@bellsouth.net', '', '', NULL, '', NULL, 0, 7266, '0000-00-00 00:00:00', '0000-00-00 00:00:00'),
(4440, '', 'tstamper@brickamerica.com', 'tstamper@brickamerica.com', '', '', NULL, '', NULL, 0, 7267, '0000-00-00 00:00:00', '0000-00-00 00:00:00'),
(4441, '', 'sporbertn1@yahoo.com', 'sporbertn1@yahoo.com', '', '', NULL, '', NULL, 0, 7268, '0000-00-00 00:00:00', '0000-00-00 00:00:00'),
(4442, '', 'prncea10@yahoo.com', 'prncea10@yahoo.com', '', '', NULL, '', NULL, 0, 7269, '0000-00-00 00:00:00', '0000-00-00 00:00:00'),
(4443, '', 'hamiltonmasonry@yahoo.com', 'hamiltonmasonry@yahoo.com', '', '', NULL, '', NULL, 0, 7270, '0000-00-00 00:00:00', '0000-00-00 00:00:00'),
(4444, '', 'kgooch1@cfl.rr.com', 'kgooch1@cfl.rr.com', '', '', NULL, '', NULL, 0, 7271, '0000-00-00 00:00:00', '0000-00-00 00:00:00'),
(4445, '', 'j.wilhelm@americanfirecompany.com', 'j.wilhelm@americanfirecompany.com', '', '', NULL, '', NULL, 0, 7272, '0000-00-00 00:00:00', '0000-00-00 00:00:00'),
(4446, '', 'jgaffney@spacecoastfire.com', 'jgaffney@spacecoastfire.com', '', '', NULL, '', NULL, 0, 7273, '0000-00-00 00:00:00', '0000-00-00 00:00:00'),
(4447, '', 'adam.speigner@atlanticac.com', 'adam.speigner@atlanticac.com', '', '', NULL, '', NULL, 0, 7274, '0000-00-00 00:00:00', '0000-00-00 00:00:00'),
(4448, '', 'grose@bcimechanical.com', 'grose@bcimechanical.com', '', '', NULL, '', NULL, 0, 7275, '0000-00-00 00:00:00', '0000-00-00 00:00:00'),
(4449, '', 'rdawson@miacfl.com', 'rdawson@miacfl.com', '', '', NULL, '', NULL, 0, 7276, '0000-00-00 00:00:00', '0000-00-00 00:00:00'),
(4450, '', 'atlanticplumbing@aol.com', 'atlanticplumbing@aol.com', '', '', NULL, '', NULL, 0, 7277, '0000-00-00 00:00:00', '0000-00-00 00:00:00'),
(4451, '', 'cdsplumbing@bellsouth.net', 'cdsplumbing@bellsouth.net', '', '', NULL, '', NULL, 0, 7278, '0000-00-00 00:00:00', '0000-00-00 00:00:00'),
(4452, '', 'caplumbing@bellsouth.net', 'caplumbing@bellsouth.net', '', '', NULL, '', NULL, 0, 7279, '0000-00-00 00:00:00', '0000-00-00 00:00:00'),
(4453, '', 'talk2us@nobleplumbing.com', 'talk2us@nobleplumbing.com', '', '', NULL, '', NULL, 0, 7280, '0000-00-00 00:00:00', '0000-00-00 00:00:00'),
(4454, '', 'williamsonjohnp@yahoo.com', 'williamsonjohnp@yahoo.com', '', '', NULL, '', NULL, 0, 7281, '0000-00-00 00:00:00', '0000-00-00 00:00:00'),
(4455, '', 'lamberterectors@aol.com', 'lamberterectors@aol.com', '', '', NULL, '', NULL, 0, 7282, '0000-00-00 00:00:00', '0000-00-00 00:00:00'),
(4456, '', 'JASNICH6@AOL.COM', 'JASNICH6@AOL.COM', '', '', NULL, '', NULL, 0, 7283, '0000-00-00 00:00:00', '0000-00-00 00:00:00'),
(4457, '', 'setractor@aol.com', 'setractor@aol.com', '', '', NULL, '', NULL, 0, 7284, '0000-00-00 00:00:00', '0000-00-00 00:00:00'),
(4458, '', 'alliedfencellc@yahoo.com', 'alliedfencellc@yahoo.com', '', '', NULL, '', NULL, 0, 7285, '0000-00-00 00:00:00', '0000-00-00 00:00:00'),
(4459, '', 'austinabc123@aol.com', 'austinabc123@aol.com', '', '', NULL, '', NULL, 0, 7286, '0000-00-00 00:00:00', '0000-00-00 00:00:00'),
(4460, '', 'dmooreamericanfence@cfl.rr.com', 'dmooreamericanfence@cfl.rr.com', '', '', NULL, '', NULL, 0, 7287, '0000-00-00 00:00:00', '0000-00-00 00:00:00'),
(4461, '', 'ecflori@bellsouth.net', 'ecflori@bellsouth.net', '', '', NULL, '', NULL, 0, 7288, '0000-00-00 00:00:00', '0000-00-00 00:00:00'),
(4462, '', 'donnie@eastcoastfencefl.com', 'donnie@eastcoastfencefl.com', '', '', NULL, '', NULL, 0, 7289, '0000-00-00 00:00:00', '0000-00-00 00:00:00'),
(4463, '', 'Fenceworld@mail.com', 'Fenceworld@mail.com', '', '', NULL, '', NULL, 0, 7290, '0000-00-00 00:00:00', '0000-00-00 00:00:00'),
(4464, '', 'todd@superiorfenceandrail.com', 'todd@superiorfenceandrail.com', '', '', NULL, '', NULL, 0, 7291, '0000-00-00 00:00:00', '0000-00-00 00:00:00'),
(4465, '', 'jciccone@cfl.rr.com', 'jciccone@cfl.rr.com', '', '', NULL, '', NULL, 0, 7292, '0000-00-00 00:00:00', '0000-00-00 00:00:00'),
(4466, '', 'lplandscaping@cfl.rr.com', 'lplandscaping@cfl.rr.com', '', '', NULL, '', NULL, 0, 7293, '0000-00-00 00:00:00', '0000-00-00 00:00:00'),
(4467, '', 'bananariverco@juno.com', 'bananariverco@juno.com', '', '', NULL, '', NULL, 0, 7294, '0000-00-00 00:00:00', '0000-00-00 00:00:00'),
(4468, '', 'frank@designbasis.net', 'frank@designbasis.net', '', '', NULL, '', NULL, 0, 7295, '0000-00-00 00:00:00', '0000-00-00 00:00:00'),
(4469, '', 'earley24@yahoo.com', 'earley24@yahoo.com', '', '', NULL, '', NULL, 0, 7296, '0000-00-00 00:00:00', '0000-00-00 00:00:00'),
(4470, '', 'janet@yourFLSP.com', 'janet@yourFLSP.com', '', '', NULL, '', NULL, 0, 7297, '0000-00-00 00:00:00', '0000-00-00 00:00:00'),
(4471, '', 'info@yourFLSP.com', 'info@yourFLSP.com', '', '', NULL, '', NULL, 0, 7298, '0000-00-00 00:00:00', '0000-00-00 00:00:00'),
(4472, '', 'derek@foamspecialists.com', 'derek@foamspecialists.com', '', '', NULL, '', NULL, 0, 7299, '0000-00-00 00:00:00', '0000-00-00 00:00:00'),
(4473, '', 'completecaulk@hotmail.com', 'completecaulk@hotmail.com', '', '', NULL, '', NULL, 0, 7300, '0000-00-00 00:00:00', '0000-00-00 00:00:00'),
(4474, '', 'FBaker@BakerRoofing.com', 'FBaker@BakerRoofing.com', '', '', NULL, '', NULL, 0, 7301, '0000-00-00 00:00:00', '0000-00-00 00:00:00'),
(4475, '', 'BarfieldRoofing@aol.com', 'BarfieldRoofing@aol.com', '', '', NULL, '', NULL, 0, 7302, '0000-00-00 00:00:00', '0000-00-00 00:00:00'),
(4476, '', 'mgmdebbie@cfl.rr.com; mgmscott@cfl.rr.com', 'mgmdebbie@cfl.rr.com; mgmscott@cfl.rr.com', '', '', NULL, '', NULL, 0, 7303, '0000-00-00 00:00:00', '0000-00-00 00:00:00'),
(4477, '', 'mpsingleply@bellsouth.net', 'mpsingleply@bellsouth.net', '', '', NULL, '', NULL, 0, 7304, '0000-00-00 00:00:00', '0000-00-00 00:00:00'),
(4478, '', 'kbdc8307@aol.com', 'kbdc8307@aol.com', '', '', NULL, '', NULL, 0, 7305, '0000-00-00 00:00:00', '0000-00-00 00:00:00'),
(4479, '', 'oaktrends@cfl.rr.com', 'oaktrends@cfl.rr.com', '', '', NULL, '', NULL, 0, 7306, '0000-00-00 00:00:00', '0000-00-00 00:00:00'),
(4480, '', 'jpdoucet@montel.com', 'jpdoucet@montel.com', '', '', NULL, '', NULL, 0, 7307, '0000-00-00 00:00:00', '0000-00-00 00:00:00'),
(4481, '', 'jslone@residentialtrim.com', 'jslone@residentialtrim.com', '', '', NULL, '', NULL, 0, 7308, '0000-00-00 00:00:00', '0000-00-00 00:00:00'),
(4482, '', 'miker@kingfishersteel.com', 'miker@kingfishersteel.com', '', '', NULL, '', NULL, 0, 7309, '0000-00-00 00:00:00', '0000-00-00 00:00:00'),
(4483, '', 'dpaice6@aol.com', 'dpaice6@aol.com', '', '', NULL, '', NULL, 0, 7310, '0000-00-00 00:00:00', '0000-00-00 00:00:00'),
(4484, '', 'prestigetruss@aol.com', 'prestigetruss@aol.com', '', '', NULL, '', NULL, 0, 7311, '0000-00-00 00:00:00', '0000-00-00 00:00:00'),
(4485, '', 'msuga@mailboxes.com', 'msuga@mailboxes.com', '', '', NULL, '', NULL, 0, 7312, '0000-00-00 00:00:00', '0000-00-00 00:00:00'),
(4486, '', 'eddie@alvarezdrywall.net', 'eddie@alvarezdrywall.net', '', '', NULL, '', NULL, 0, 7313, '0000-00-00 00:00:00', '0000-00-00 00:00:00'),
(4487, '', 'djones@jonesestimating.com', 'djones@jonesestimating.com', '', '', NULL, '', NULL, 0, 7314, '0000-00-00 00:00:00', '0000-00-00 00:00:00'),
(4488, '', 'stephens_concrete@yahoo.com', 'stephens_concrete@yahoo.com', '', '', NULL, '', NULL, 0, 7315, '0000-00-00 00:00:00', '0000-00-00 00:00:00'),
(4489, '', 'jimatram@bellsouth.net', 'jimatram@bellsouth.net', '', '', NULL, '', NULL, 0, 7316, '0000-00-00 00:00:00', '0000-00-00 00:00:00'),
(4490, '', 'rachel@ramfloors.com', 'rachel@ramfloors.com', '', '', NULL, '', NULL, 0, 7317, '0000-00-00 00:00:00', '0000-00-00 00:00:00'),
(4491, '', ' awatjr@hotmail.com', ' awatjr@hotmail.com', '', '', NULL, '', NULL, 0, 7318, '0000-00-00 00:00:00', '0000-00-00 00:00:00'),
(4492, '', 'Charles.hempfleng@csusasoutheast.com', 'Charles.hempfleng@csusasoutheast.com', '', '', NULL, '', NULL, 0, 7319, '0000-00-00 00:00:00', '0000-00-00 00:00:00'),
(4493, '', 'cal.pierce@comfortsystemsusa.com', 'cal.pierce@comfortsystemsusa.com', '', '', NULL, '', NULL, 0, 7320, '0000-00-00 00:00:00', '0000-00-00 00:00:00'),
(4494, '', 'hhdoors@graceba.net', 'hhdoors@graceba.net', '', '', NULL, '', NULL, 0, 7321, '0000-00-00 00:00:00', '0000-00-00 00:00:00'),
(4495, '', 'shawn@warrgrading.com', 'shawn@warrgrading.com', '', '', NULL, '', NULL, 0, 7322, '0000-00-00 00:00:00', '0000-00-00 00:00:00'),
(4496, '', 'mike@judsontruss.com', 'mike@judsontruss.com', '', '', NULL, '', NULL, 0, 7323, '0000-00-00 00:00:00', '0000-00-00 00:00:00'),
(4497, '', 'klifsey@idealsteel.net', 'klifsey@idealsteel.net', '', '', NULL, '', NULL, 0, 7324, '0000-00-00 00:00:00', '0000-00-00 00:00:00'),
(4498, '', 'jeff.huling@peri-usa.com', 'jeff.huling@peri-usa.com', '', '', NULL, '', NULL, 0, 7325, '0000-00-00 00:00:00', '0000-00-00 00:00:00'),
(4499, '', 'aacci@aol.com', 'aacci@aol.com', '', '', NULL, '', NULL, 0, 7326, '0000-00-00 00:00:00', '0000-00-00 00:00:00'),
(4500, '', 'myron@flconcrete.biz', 'myron@flconcrete.biz', '', '', NULL, '', NULL, 0, 7327, '0000-00-00 00:00:00', '0000-00-00 00:00:00'),
(4501, '', 'krouse@leesburgconcrete.com', 'krouse@leesburgconcrete.com', '', '', NULL, '', NULL, 0, 7328, '0000-00-00 00:00:00', '0000-00-00 00:00:00'),
(4502, '', 'Jrussell@trinitymaterials.com', 'Jrussell@trinitymaterials.com', '', '', NULL, '', NULL, 0, 7329, '0000-00-00 00:00:00', '0000-00-00 00:00:00'),
(4503, '', 'RHConstructors@aol.com', 'RHConstructors@aol.com', '', '', NULL, '', NULL, 0, 7330, '0000-00-00 00:00:00', '0000-00-00 00:00:00'),
(4504, '', 'mgerig@cemexusa.com', 'mgerig@cemexusa.com', '', '', NULL, '', NULL, 0, 7331, '0000-00-00 00:00:00', '0000-00-00 00:00:00'),
(4505, '', 'stidhamd@vmcmail.com', 'stidhamd@vmcmail.com', '', '', NULL, '', NULL, 0, 7332, '0000-00-00 00:00:00', '0000-00-00 00:00:00'),
(4506, '', 'linda@skylineelevators.com', 'linda@skylineelevators.com', '', '', NULL, '', NULL, 0, 7333, '0000-00-00 00:00:00', '0000-00-00 00:00:00'),
(4507, '', 'hydrolubricant@yahoo.com', 'hydrolubricant@yahoo.com', '', '', NULL, '', NULL, 0, 7334, '0000-00-00 00:00:00', '0000-00-00 00:00:00'),
(4508, '', 'theccc@customcontractingcorp.com', 'theccc@customcontractingcorp.com', '', '', NULL, '', NULL, 0, 7335, '0000-00-00 00:00:00', '0000-00-00 00:00:00'),
(4509, '', 'dan@westorangelumber.com', 'dan@westorangelumber.com', '', '', NULL, '', NULL, 0, 7336, '0000-00-00 00:00:00', '0000-00-00 00:00:00'),
(4510, '', 'pmusick@kkglass.com', 'pmusick@kkglass.com', '', '', NULL, '', NULL, 0, 7337, '0000-00-00 00:00:00', '0000-00-00 00:00:00'),
(4511, '', 'mglass2@tampabay.rr.com', 'mglass2@tampabay.rr.com', '', '', NULL, '', NULL, 0, 7338, '0000-00-00 00:00:00', '0000-00-00 00:00:00'),
(4512, '', 'mpitts134@yahoo.com', 'mpitts134@yahoo.com', '', '', NULL, '', NULL, 0, 7339, '0000-00-00 00:00:00', '0000-00-00 00:00:00'),
(4513, '', 'sheascompany@bellsouth.net', 'sheascompany@bellsouth.net', '', '', NULL, '', NULL, 0, 7340, '0000-00-00 00:00:00', '0000-00-00 00:00:00'),
(4514, '', 'american394@cfl.rr.com', 'american394@cfl.rr.com', '', '', NULL, '', NULL, 0, 7341, '0000-00-00 00:00:00', '0000-00-00 00:00:00'),
(4515, '', 'donna@stokesfl.com', 'donna@stokesfl.com', '', '', NULL, '', NULL, 0, 7342, '0000-00-00 00:00:00', '0000-00-00 00:00:00'),
(4516, '', 'paul@ciracoelectric.com  ', 'paul@ciracoelectric.com  ', '', '', NULL, '', NULL, 0, 7343, '0000-00-00 00:00:00', '0000-00-00 00:00:00'),
(4517, '', 'scustomelectric@cfl.rr.com', 'scustomelectric@cfl.rr.com', '', '', NULL, '', NULL, 0, 7344, '0000-00-00 00:00:00', '0000-00-00 00:00:00'),
(4518, '', 'gerry@gaudetteelectric.com', 'gerry@gaudetteelectric.com', '', '', NULL, '', NULL, 0, 7345, '0000-00-00 00:00:00', '0000-00-00 00:00:00'),
(4519, '', 'hankselec@aol.com', 'hankselec@aol.com', '', '', NULL, '', NULL, 0, 7346, '0000-00-00 00:00:00', '0000-00-00 00:00:00'),
(4520, '', 'jbmillelec@aol.com', 'jbmillelec@aol.com', '', '', NULL, '', NULL, 0, 7347, '0000-00-00 00:00:00', '0000-00-00 00:00:00'),
(4521, '', 'slungkuhnelectric@gmail.com', 'slungkuhnelectric@gmail.com', '', '', NULL, '', NULL, 0, 7348, '0000-00-00 00:00:00', '0000-00-00 00:00:00'),
(4522, '', 'ryang@lakesideec.com', 'ryang@lakesideec.com', '', '', NULL, '', NULL, 0, 7349, '0000-00-00 00:00:00', '0000-00-00 00:00:00'),
(4523, '', 'loydnloyd@aol.com', 'loydnloyd@aol.com', '', '', NULL, '', NULL, 0, 7350, '0000-00-00 00:00:00', '0000-00-00 00:00:00'),
(4524, '', 'southway.electric@gmail.com', 'southway.electric@gmail.com', '', '', NULL, '', NULL, 0, 7351, '0000-00-00 00:00:00', '0000-00-00 00:00:00'),
(4525, '', 'Jim@ssonline.biz', 'Jim@ssonline.biz', '', '', NULL, '', NULL, 0, 7352, '0000-00-00 00:00:00', '0000-00-00 00:00:00'),
(4526, '', 'Jarey@sssonline.biz', 'Jarey@sssonline.biz', '', '', NULL, '', NULL, 0, 7353, '0000-00-00 00:00:00', '0000-00-00 00:00:00'),
(4527, '', 'sesalarms@yahoo.com', 'sesalarms@yahoo.com', '', '', NULL, '', NULL, 0, 7354, '0000-00-00 00:00:00', '0000-00-00 00:00:00'),
(4528, '', 'Larry@seelsbg.com', 'Larry@seelsbg.com', '', '', NULL, '', NULL, 0, 7355, '0000-00-00 00:00:00', '0000-00-00 00:00:00'),
(4529, '', 'Sarah@seelsbg.com', 'Sarah@seelsbg.com', '', '', NULL, '', NULL, 0, 7356, '0000-00-00 00:00:00', '0000-00-00 00:00:00'),
(4530, '', 'allamfloor@earthlink.net', 'allamfloor@earthlink.net', '', '', NULL, '', NULL, 0, 7357, '0000-00-00 00:00:00', '0000-00-00 00:00:00'),
(4531, '', 'bentonindustrialflooring@juno.com', 'bentonindustrialflooring@juno.com', '', '', NULL, '', NULL, 0, 7358, '0000-00-00 00:00:00', '0000-00-00 00:00:00'),
(4532, '', 'ssurfaces@tampabay.rr.com', 'ssurfaces@tampabay.rr.com', '', '', NULL, '', NULL, 0, 7359, '0000-00-00 00:00:00', '0000-00-00 00:00:00'),
(4533, '', 'Johnnythree@aol.com', 'Johnnythree@aol.com', '', '', NULL, '', NULL, 0, 7360, '0000-00-00 00:00:00', '0000-00-00 00:00:00'),
(4534, '', 'mdotozzy@tampabay.rr.com', 'mdotozzy@tampabay.rr.com', '', '', NULL, '', NULL, 0, 7361, '0000-00-00 00:00:00', '0000-00-00 00:00:00'),
(4535, '', 'allcountyinsul@bellsouth.net', 'allcountyinsul@bellsouth.net', '', '', NULL, '', NULL, 0, 7362, '0000-00-00 00:00:00', '0000-00-00 00:00:00'),
(4536, '', 'geoffreydunnam@msn.com', 'geoffreydunnam@msn.com', '', '', NULL, '', NULL, 0, 7363, '0000-00-00 00:00:00', '0000-00-00 00:00:00'),
(4537, '', 'donfrank007@yahoo.com', 'donfrank007@yahoo.com', '', '', NULL, '', NULL, 0, 7364, '0000-00-00 00:00:00', '0000-00-00 00:00:00'),
(4538, '', 'rbruns@cbsbuilderssupply.com', 'rbruns@cbsbuilderssupply.com', '', '', NULL, '', NULL, 0, 7365, '0000-00-00 00:00:00', '0000-00-00 00:00:00'),
(4539, '', 'delvallecustom@aol.com', 'delvallecustom@aol.com', '', '', NULL, '', NULL, 0, 7366, '0000-00-00 00:00:00', '0000-00-00 00:00:00'),
(4540, '', 'dan@gingerichconst.com', 'dan@gingerichconst.com', '', '', NULL, '', NULL, 0, 7367, '0000-00-00 00:00:00', '0000-00-00 00:00:00'),
(4541, '', 'marvin@mburkholder.com', 'marvin@mburkholder.com', '', '', NULL, '', NULL, 0, 7368, '0000-00-00 00:00:00', '0000-00-00 00:00:00'),
(4542, '', 'PatMacsystemsinc@cox.net', 'PatMacsystemsinc@cox.net', '', '', NULL, '', NULL, 0, 7369, '0000-00-00 00:00:00', '0000-00-00 00:00:00'),
(4543, '', 'rdrywall@tampabay.rr.com', 'rdrywall@tampabay.rr.com', '', '', NULL, '', NULL, 0, 7370, '0000-00-00 00:00:00', '0000-00-00 00:00:00'),
(4544, '', 'alecm@suncoastact.com', 'alecm@suncoastact.com', '', '', NULL, '', NULL, 0, 7371, '0000-00-00 00:00:00', '0000-00-00 00:00:00'),
(4545, '', 'trinitysandersconstruction@gmail.com', 'trinitysandersconstruction@gmail.com', '', '', NULL, '', NULL, 0, 7372, '0000-00-00 00:00:00', '0000-00-00 00:00:00'),
(4546, '', 'aushko@aol.com', 'aushko@aol.com', '', '', NULL, '', NULL, 0, 7373, '0000-00-00 00:00:00', '0000-00-00 00:00:00'),
(4547, '', 'philipproflooring@gmail.com', 'philipproflooring@gmail.com', '', '', NULL, '', NULL, 0, 7374, '0000-00-00 00:00:00', '0000-00-00 00:00:00'),
(4548, '', 'anac72@aol.com', 'anac72@aol.com', '', '', NULL, '', NULL, 0, 7375, '0000-00-00 00:00:00', '0000-00-00 00:00:00'),
(4549, '', 'kirbysurfer@aol.com', 'kirbysurfer@aol.com', '', '', NULL, '', NULL, 0, 7376, '0000-00-00 00:00:00', '0000-00-00 00:00:00'),
(4550, '', 'jcf@appicr.com', 'jcf@appicr.com', '', '', NULL, '', NULL, 0, 7377, '0000-00-00 00:00:00', '0000-00-00 00:00:00'),
(4551, '', 'chucks_paint@yahoo.com', 'chucks_paint@yahoo.com', '', '', NULL, '', NULL, 0, 7378, '0000-00-00 00:00:00', '0000-00-00 00:00:00'),
(4552, '', 'contractcoatings@hotmail.com', 'contractcoatings@hotmail.com', '', '', NULL, '', NULL, 0, 7379, '0000-00-00 00:00:00', '0000-00-00 00:00:00'),
(4553, '', 'lester.painting.inc@gmail.com', 'lester.painting.inc@gmail.com', '', '', NULL, '', NULL, 0, 7380, '0000-00-00 00:00:00', '0000-00-00 00:00:00'),
(4554, '', 'info@naturalelementspainting.com', 'info@naturalelementspainting.com', '', '', NULL, '', NULL, 0, 7381, '0000-00-00 00:00:00', '0000-00-00 00:00:00'),
(4555, '', 'ernie@colonystone.com', 'ernie@colonystone.com', '', '', NULL, '', NULL, 0, 7382, '0000-00-00 00:00:00', '0000-00-00 00:00:00'),
(4556, '', 'ricstocker@hotmail.com', 'ricstocker@hotmail.com', '', '', NULL, '', NULL, 0, 7383, '0000-00-00 00:00:00', '0000-00-00 00:00:00'),
(4557, '', 'davidacosta.plastering@yahoo.com', 'davidacosta.plastering@yahoo.com', '', '', NULL, '', NULL, 0, 7384, '0000-00-00 00:00:00', '0000-00-00 00:00:00'),
(4558, '', 'deena.lucier@gclscontracting.com', 'deena.lucier@gclscontracting.com', '', '', NULL, '', NULL, 0, 7385, '0000-00-00 00:00:00', '0000-00-00 00:00:00'),
(4559, '', 'Lisa.seijasplastering@hotmail.com', 'Lisa.seijasplastering@hotmail.com', '', '', NULL, '', NULL, 0, 7386, '0000-00-00 00:00:00', '0000-00-00 00:00:00'),
(4560, '', 'timmousseau@nickeltile.com', 'timmousseau@nickeltile.com', '', '', NULL, '', NULL, 0, 7387, '0000-00-00 00:00:00', '0000-00-00 00:00:00'),
(4561, '', 'egunderson@greatlakescarpet.com', 'egunderson@greatlakescarpet.com', '', '', NULL, '', NULL, 0, 7388, '0000-00-00 00:00:00', '0000-00-00 00:00:00'),
(4562, '', 'info@griffistileandflooring.com', 'info@griffistileandflooring.com', '', '', NULL, '', NULL, 0, 7389, '0000-00-00 00:00:00', '0000-00-00 00:00:00'),
(4563, '', 'rayrogers@rkrfurniture.com', 'rayrogers@rkrfurniture.com', '', '', NULL, '', NULL, 0, 7390, '0000-00-00 00:00:00', '0000-00-00 00:00:00'),
(4564, '', 'sxcaptboo@aol.com', 'sxcaptboo@aol.com', '', '', NULL, '', NULL, 0, 7391, '0000-00-00 00:00:00', '0000-00-00 00:00:00'),
(4565, '', 'christianpedersen@v2k.com', 'christianpedersen@v2k.com', '', '', NULL, '', NULL, 0, 7392, '0000-00-00 00:00:00', '0000-00-00 00:00:00'),
(4566, '', 'cloudconsultants@hughes.net', 'cloudconsultants@hughes.net', '', '', NULL, '', NULL, 0, 7393, '0000-00-00 00:00:00', '0000-00-00 00:00:00'),
(4567, '', 'rnoah256@cao.cfcoxmail.com', 'rnoah256@cao.cfcoxmail.com', '', '', NULL, '', NULL, 0, 7394, '0000-00-00 00:00:00', '0000-00-00 00:00:00'),
(4568, '', 'estimating@diamondctransport.com ', 'estimating@diamondctransport.com ', '', '', NULL, '', NULL, 0, 7395, '0000-00-00 00:00:00', '0000-00-00 00:00:00'),
(4569, '', 'christopher.ross@ringpower.com', 'christopher.ross@ringpower.com', '', '', NULL, '', NULL, 0, 7396, '0000-00-00 00:00:00', '0000-00-00 00:00:00'),
(4570, '', 'steinace@gatorworks.com', 'steinace@gatorworks.com', '', '', NULL, '', NULL, 0, 7397, '0000-00-00 00:00:00', '0000-00-00 00:00:00'),
(4571, '', 'DMOYLAN@TAMPABAY.RR.COM', 'DMOYLAN@TAMPABAY.RR.COM', '', '', NULL, '', NULL, 0, 7398, '0000-00-00 00:00:00', '0000-00-00 00:00:00'),
(4572, '', 'carolyn.king@americanbandc.com', 'carolyn.king@americanbandc.com', '', '', NULL, '', NULL, 0, 7399, '0000-00-00 00:00:00', '0000-00-00 00:00:00'),
(4573, '', 'Shayne325@yahoo.com ', 'Shayne325@yahoo.com ', '', '', NULL, '', NULL, 0, 7400, '0000-00-00 00:00:00', '0000-00-00 00:00:00'),
(4574, '', 'steve@blockmonstermasonry.com', 'steve@blockmonstermasonry.com', '', '', NULL, '', NULL, 0, 7401, '0000-00-00 00:00:00', '0000-00-00 00:00:00'),
(4575, '', 'gpmasonry@yahoo.com', 'gpmasonry@yahoo.com', '', '', NULL, '', NULL, 0, 7402, '0000-00-00 00:00:00', '0000-00-00 00:00:00'),
(4576, '', 'jasonrossmasonry@aol.com', 'jasonrossmasonry@aol.com', '', '', NULL, '', NULL, 0, 7403, '0000-00-00 00:00:00', '0000-00-00 00:00:00'),
(4577, '', 'patm.lakeconstruction@yahoo.com', 'patm.lakeconstruction@yahoo.com', '', '', NULL, '', NULL, 0, 7404, '0000-00-00 00:00:00', '0000-00-00 00:00:00'),
(4578, '', 'unitedmasonry@gmail.com', 'unitedmasonry@gmail.com', '', '', NULL, '', NULL, 0, 7405, '0000-00-00 00:00:00', '0000-00-00 00:00:00'),
(4579, '', 'jimcouey352@netzero.com', 'jimcouey352@netzero.com', '', '', NULL, '', NULL, 0, 7406, '0000-00-00 00:00:00', '0000-00-00 00:00:00'),
(4580, '', 'roger@precisionfiress.com', 'roger@precisionfiress.com', '', '', NULL, '', NULL, 0, 7407, '0000-00-00 00:00:00', '0000-00-00 00:00:00'),
(4581, '', 'chuck@allmansacserviceinc.com', 'chuck@allmansacserviceinc.com', '', '', NULL, '', NULL, 0, 7408, '0000-00-00 00:00:00', '0000-00-00 00:00:00'),
(4582, '', 'gogator1@cox.net', 'gogator1@cox.net', '', '', NULL, '', NULL, 0, 7409, '0000-00-00 00:00:00', '0000-00-00 00:00:00'),
(4583, '', 'cherokee_mc@msn.com', 'cherokee_mc@msn.com', '', '', NULL, '', NULL, 0, 7410, '0000-00-00 00:00:00', '0000-00-00 00:00:00'),
(4584, '', 'rguinn@climatecontrolflorida.com', 'rguinn@climatecontrolflorida.com', '', '', NULL, '', NULL, 0, 7411, '0000-00-00 00:00:00', '0000-00-00 00:00:00'),
(4585, '', 'mark@comforttemp.com', 'mark@comforttemp.com', '', '', NULL, '', NULL, 0, 7412, '0000-00-00 00:00:00', '0000-00-00 00:00:00'),
(4586, '', 'erik@COMFORTTEMP.COM', 'erik@COMFORTTEMP.COM', '', '', NULL, '', NULL, 0, 7413, '0000-00-00 00:00:00', '0000-00-00 00:00:00'),
(4587, '', 'sales@dortonairconcepts.com', 'sales@dortonairconcepts.com', '', '', NULL, '', NULL, 0, 7414, '0000-00-00 00:00:00', '0000-00-00 00:00:00'),
(4588, '', 'gmckinley@lakemechanical.net', 'gmckinley@lakemechanical.net', '', '', NULL, '', NULL, 0, 7415, '0000-00-00 00:00:00', '0000-00-00 00:00:00'),
(4589, '', 'shepler@lakemechanical.net', 'shepler@lakemechanical.net', '', '', NULL, '', NULL, 0, 7416, '0000-00-00 00:00:00', '0000-00-00 00:00:00'),
(4590, '', 'mhurm@hotmail.com', 'mhurm@hotmail.com', '', '', NULL, '', NULL, 0, 7417, '0000-00-00 00:00:00', '0000-00-00 00:00:00'),
(4591, '', 'mhurm@hurmco.com', 'mhurm@hurmco.com', '', '', NULL, '', NULL, 0, 7418, '0000-00-00 00:00:00', '0000-00-00 00:00:00'),
(4592, '', 'Info@newmansac.com', 'Info@newmansac.com', '', '', NULL, '', NULL, 0, 7419, '0000-00-00 00:00:00', '0000-00-00 00:00:00'),
(4593, '', 'ghall@PMIFL.com', 'ghall@PMIFL.com', '', '', NULL, '', NULL, 0, 7420, '0000-00-00 00:00:00', '0000-00-00 00:00:00'),
(4594, '', 'msteiner@sunkoolac.com', 'msteiner@sunkoolac.com', '', '', NULL, '', NULL, 0, 7421, '0000-00-00 00:00:00', '0000-00-00 00:00:00'),
(4595, '', 'Gdamron@sunkoolac.com', 'Gdamron@sunkoolac.com', '', '', NULL, '', NULL, 0, 7422, '0000-00-00 00:00:00', '0000-00-00 00:00:00'),
(4596, '', 'a_mplumbing@bellsouth.net', 'a_mplumbing@bellsouth.net', '', '', NULL, '', NULL, 0, 7423, '0000-00-00 00:00:00', '0000-00-00 00:00:00'),
(4597, '', 'jmcdaniel@acp-florida.com', 'jmcdaniel@acp-florida.com', '', '', NULL, '', NULL, 0, 7424, '0000-00-00 00:00:00', '0000-00-00 00:00:00'),
(4598, '', 'Natalie@torriplumbing.com', 'Natalie@torriplumbing.com', '', '', NULL, '', NULL, 0, 7425, '0000-00-00 00:00:00', '0000-00-00 00:00:00'),
(4599, '', 'dslomainy@jacroson.com', 'dslomainy@jacroson.com', '', '', NULL, '', NULL, 0, 7426, '0000-00-00 00:00:00', '0000-00-00 00:00:00'),
(4600, '', 'paulser@msn.com', 'paulser@msn.com', '', '', NULL, '', NULL, 0, 7427, '0000-00-00 00:00:00', '0000-00-00 00:00:00'),
(4601, '', 'jlewis.modernplumbing@tampabay.rr.com', 'jlewis.modernplumbing@tampabay.rr.com', '', '', NULL, '', NULL, 0, 7428, '0000-00-00 00:00:00', '0000-00-00 00:00:00'),
(4602, '', 'construction@suncoastplumber.net', 'construction@suncoastplumber.net', '', '', NULL, '', NULL, 0, 7429, '0000-00-00 00:00:00', '0000-00-00 00:00:00'),
(4603, '', 'nate@sunshineplumbingandgas.com', 'nate@sunshineplumbingandgas.com', '', '', NULL, '', NULL, 0, 7430, '0000-00-00 00:00:00', '0000-00-00 00:00:00'),
(4604, '', 'reception@sunshineplumbingandgas.com', 'reception@sunshineplumbingandgas.com', '', '', NULL, '', NULL, 0, 7431, '0000-00-00 00:00:00', '0000-00-00 00:00:00'),
(4605, '', 'bcphifer@tampabay.rr.com', 'bcphifer@tampabay.rr.com', '', '', NULL, '', NULL, 0, 7432, '0000-00-00 00:00:00', '0000-00-00 00:00:00'),
(4606, '', 'Droptinewelder1@aol.com', 'Droptinewelder1@aol.com', '', '', NULL, '', NULL, 0, 7433, '0000-00-00 00:00:00', '0000-00-00 00:00:00'),
(4607, '', 'byrneaccessinc@aol.com', 'byrneaccessinc@aol.com', '', '', NULL, '', NULL, 0, 7434, '0000-00-00 00:00:00', '0000-00-00 00:00:00'),
(4608, '', 'vlowry@gainesvilleironworks.com', 'vlowry@gainesvilleironworks.com', '', '', NULL, '', NULL, 0, 7435, '0000-00-00 00:00:00', '0000-00-00 00:00:00'),
(4609, '', 'jerry@marionmetalworks.com', 'jerry@marionmetalworks.com', '', '', NULL, '', NULL, 0, 7436, '0000-00-00 00:00:00', '0000-00-00 00:00:00'),
(4610, '', 'ronnie@powerssteel.com', 'ronnie@powerssteel.com', '', '', NULL, '', NULL, 0, 7437, '0000-00-00 00:00:00', '0000-00-00 00:00:00'),
(4611, '', 'uniqco@aol.com', 'uniqco@aol.com', '', '', NULL, '', NULL, 0, 7438, '0000-00-00 00:00:00', '0000-00-00 00:00:00'),
(4612, '', 'spanky@mfi.net', 'spanky@mfi.net', '', '', NULL, '', NULL, 0, 7439, '0000-00-00 00:00:00', '0000-00-00 00:00:00'),
(4613, '', 'gcmanray@yahoo.com', 'gcmanray@yahoo.com', '', '', NULL, '', NULL, 0, 7440, '0000-00-00 00:00:00', '0000-00-00 00:00:00'),
(4614, '', 'lnovomesky@flagshippdg.com', 'lnovomesky@flagshippdg.com', '', '', NULL, '', NULL, 0, 7441, '0000-00-00 00:00:00', '0000-00-00 00:00:00'),
(4615, '', 'keith@acecontractinginc.com', 'keith@acecontractinginc.com', '', '', NULL, '', NULL, 0, 7442, '0000-00-00 00:00:00', '0000-00-00 00:00:00'),
(4616, '', 'rsimperial@aol.com', 'rsimperial@aol.com', '', '', NULL, '', NULL, 0, 7443, '0000-00-00 00:00:00', '0000-00-00 00:00:00');
INSERT INTO `users` (`id`, `type`, `email`, `username`, `first_name`, `last_name`, `position`, `password`, `remember_token`, `status`, `vendor_id`, `created_at`, `updated_at`) VALUES
(4617, '', 'rmexcavation@yahoo.com', 'rmexcavation@yahoo.com', '', '', NULL, '', NULL, 0, 7444, '0000-00-00 00:00:00', '0000-00-00 00:00:00'),
(4618, '', 'don@myamericanfence.com', 'don@myamericanfence.com', '', '', NULL, '', NULL, 0, 7445, '0000-00-00 00:00:00', '0000-00-00 00:00:00'),
(4619, '', 'fathernson022aol.com', 'fathernson022aol.com', '', '', NULL, '', NULL, 0, 7446, '0000-00-00 00:00:00', '0000-00-00 00:00:00'),
(4620, '', 'HerculesFenceCompany@netzero.com', 'HerculesFenceCompany@netzero.com', '', '', NULL, '', NULL, 0, 7447, '0000-00-00 00:00:00', '0000-00-00 00:00:00'),
(4621, '', 'ctlsteve@tampabay.rr.com', 'ctlsteve@tampabay.rr.com', '', '', NULL, '', NULL, 0, 7448, '0000-00-00 00:00:00', '0000-00-00 00:00:00'),
(4622, '', 'capitaljames98@gmail.com', 'capitaljames98@gmail.com', '', '', NULL, '', NULL, 0, 7449, '0000-00-00 00:00:00', '0000-00-00 00:00:00'),
(4623, '', 'david@earthscapesunlimited.com', 'david@earthscapesunlimited.com', '', '', NULL, '', NULL, 0, 7450, '0000-00-00 00:00:00', '0000-00-00 00:00:00'),
(4624, '', 'micheletti5@aol.com', 'micheletti5@aol.com', '', '', NULL, '', NULL, 0, 7451, '0000-00-00 00:00:00', '0000-00-00 00:00:00'),
(4625, '', 'ocalalandscape@aol.com', 'ocalalandscape@aol.com', '', '', NULL, '', NULL, 0, 7452, '0000-00-00 00:00:00', '0000-00-00 00:00:00'),
(4626, '', 'jerry@paveriteflorida.com', 'jerry@paveriteflorida.com', '', '', NULL, '', NULL, 0, 7453, '0000-00-00 00:00:00', '0000-00-00 00:00:00'),
(4627, '', 'tidwellseptic@embarqmail.com', 'tidwellseptic@embarqmail.com', '', '', NULL, '', NULL, 0, 7454, '0000-00-00 00:00:00', '0000-00-00 00:00:00'),
(4628, '', 'cdksr@aol.com', 'cdksr@aol.com', '', '', NULL, '', NULL, 0, 7455, '0000-00-00 00:00:00', '0000-00-00 00:00:00'),
(4629, '', 'mt@hbindustries.biz', 'mt@hbindustries.biz', '', '', NULL, '', NULL, 0, 7456, '0000-00-00 00:00:00', '0000-00-00 00:00:00'),
(4630, '', 'estimates@magnumconstsolutions.net', 'estimates@magnumconstsolutions.net', '', '', NULL, '', NULL, 0, 7457, '0000-00-00 00:00:00', '0000-00-00 00:00:00'),
(4631, '', 'sjones@marcumunderground.com', 'sjones@marcumunderground.com', '', '', NULL, '', NULL, 0, 7458, '0000-00-00 00:00:00', '0000-00-00 00:00:00'),
(4632, '', 'ricke@osteenbros.com', 'ricke@osteenbros.com', '', '', NULL, '', NULL, 0, 7459, '0000-00-00 00:00:00', '0000-00-00 00:00:00'),
(4633, '', 'hughf@osteenbrothers.com', 'hughf@osteenbrothers.com', '', '', NULL, '', NULL, 0, 7460, '0000-00-00 00:00:00', '0000-00-00 00:00:00'),
(4634, '', 'vanackernawnings@yahoo.com', 'vanackernawnings@yahoo.com', '', '', NULL, '', NULL, 0, 7461, '0000-00-00 00:00:00', '0000-00-00 00:00:00'),
(4635, '', 'wolfinsulation@bellsouth.net', 'wolfinsulation@bellsouth.net', '', '', NULL, '', NULL, 0, 7462, '0000-00-00 00:00:00', '0000-00-00 00:00:00'),
(4636, '', 'culrich@mbs-corp.com', 'culrich@mbs-corp.com', '', '', NULL, '', NULL, 0, 7463, '0000-00-00 00:00:00', '0000-00-00 00:00:00'),
(4637, '', 'michaelorem@gmail.com', 'michaelorem@gmail.com', '', '', NULL, '', NULL, 0, 7464, '0000-00-00 00:00:00', '0000-00-00 00:00:00'),
(4638, '', 'barry2055@msn.com', 'barry2055@msn.com', '', '', NULL, '', NULL, 0, 7465, '0000-00-00 00:00:00', '0000-00-00 00:00:00'),
(4639, '', 'ocala@serviceroofing.com', 'ocala@serviceroofing.com', '', '', NULL, '', NULL, 0, 7466, '0000-00-00 00:00:00', '0000-00-00 00:00:00'),
(4640, '', 'kim@masondixoncontracting.com', 'kim@masondixoncontracting.com', '', '', NULL, '', NULL, 0, 7467, '0000-00-00 00:00:00', '0000-00-00 00:00:00'),
(4641, '', 'bkrull@perryroofing.com', 'bkrull@perryroofing.com', '', '', NULL, '', NULL, 0, 7468, '0000-00-00 00:00:00', '0000-00-00 00:00:00'),
(4642, '', 'smitht@cf-foam.com', 'smitht@cf-foam.com', '', '', NULL, '', NULL, 0, 7469, '0000-00-00 00:00:00', '0000-00-00 00:00:00'),
(4643, '', 'empirecabinetryinc@hotmail.com', 'empirecabinetryinc@hotmail.com', '', '', NULL, '', NULL, 0, 7470, '0000-00-00 00:00:00', '0000-00-00 00:00:00'),
(4644, '', 'jim@petradesigninc.com', 'jim@petradesigninc.com', '', '', NULL, '', NULL, 0, 7471, '0000-00-00 00:00:00', '0000-00-00 00:00:00'),
(4645, '', 'rainbowcabinets@embarqmail.com', 'rainbowcabinets@embarqmail.com', '', '', NULL, '', NULL, 0, 7472, '0000-00-00 00:00:00', '0000-00-00 00:00:00'),
(4646, '', 'bobbys@earthlink.net', 'bobbys@earthlink.net', '', '', NULL, '', NULL, 0, 7473, '0000-00-00 00:00:00', '0000-00-00 00:00:00'),
(4647, '', 'tom@westorangelumber.com', 'tom@westorangelumber.com', '', '', NULL, '', NULL, 0, 7474, '0000-00-00 00:00:00', '0000-00-00 00:00:00'),
(4648, '', 'twing@armstrong-fence.com', 'twing@armstrong-fence.com', '', '', NULL, '', NULL, 0, 7475, '0000-00-00 00:00:00', '0000-00-00 00:00:00'),
(4649, '', 'hagen@heritagemechanicalonline.com', 'hagen@heritagemechanicalonline.com', '', '', NULL, '', NULL, 0, 7476, '0000-00-00 00:00:00', '0000-00-00 00:00:00'),
(4650, '', 'straightlinecc@aol.com', 'straightlinecc@aol.com', '', '', NULL, '', NULL, 0, 7477, '0000-00-00 00:00:00', '0000-00-00 00:00:00'),
(4651, '', 'romerojuan55@msn.com', 'romerojuan55@msn.com', '', '', NULL, '', NULL, 0, 7478, '0000-00-00 00:00:00', '0000-00-00 00:00:00'),
(4652, '', 'boivin98@aol.com', 'boivin98@aol.com', '', '', NULL, '', NULL, 0, 7479, '0000-00-00 00:00:00', '0000-00-00 00:00:00'),
(4653, '', 'americanconcreteprofessionals@yahoo.com', 'americanconcreteprofessionals@yahoo.com', '', '', NULL, '', NULL, 0, 7480, '0000-00-00 00:00:00', '0000-00-00 00:00:00'),
(4654, '', 'jhughey@concreteconstructorsllc.com', 'jhughey@concreteconstructorsllc.com', '', '', NULL, '', NULL, 0, 7481, '0000-00-00 00:00:00', '0000-00-00 00:00:00'),
(4655, '', 'paula@bogauschconcrete.com', 'paula@bogauschconcrete.com', '', '', NULL, '', NULL, 0, 7482, '0000-00-00 00:00:00', '0000-00-00 00:00:00'),
(4656, '', 'sunstateconcrete@cfl.rr.com', 'sunstateconcrete@cfl.rr.com', '', '', NULL, '', NULL, 0, 7483, '0000-00-00 00:00:00', '0000-00-00 00:00:00'),
(4657, '', 'mblohm@titanamerica.com', 'mblohm@titanamerica.com', '', '', NULL, '', NULL, 0, 7484, '0000-00-00 00:00:00', '0000-00-00 00:00:00'),
(4658, '', 'mhutchday@yahoo.com', 'mhutchday@yahoo.com', '', '', NULL, '', NULL, 0, 7485, '0000-00-00 00:00:00', '0000-00-00 00:00:00'),
(4659, '', 'fmills@crmconcrete.com', 'fmills@crmconcrete.com', '', '', NULL, '', NULL, 0, 7486, '0000-00-00 00:00:00', '0000-00-00 00:00:00'),
(4660, '', 'rustyallprodoor@bellsouth.net', 'rustyallprodoor@bellsouth.net', '', '', NULL, '', NULL, 0, 7487, '0000-00-00 00:00:00', '0000-00-00 00:00:00'),
(4661, '', 'amyloua@aol.com', 'amyloua@aol.com', '', '', NULL, '', NULL, 0, 7488, '0000-00-00 00:00:00', '0000-00-00 00:00:00'),
(4662, '', 'matt-alphaomegaglass@clearwire.net', 'matt-alphaomegaglass@clearwire.net', '', '', NULL, '', NULL, 0, 7489, '0000-00-00 00:00:00', '0000-00-00 00:00:00'),
(4663, '', 'glasdrvolusia@msn.com', 'glasdrvolusia@msn.com', '', '', NULL, '', NULL, 0, 7490, '0000-00-00 00:00:00', '0000-00-00 00:00:00'),
(4664, '', 'jeff@overheaddoordaytona.com', 'jeff@overheaddoordaytona.com', '', '', NULL, '', NULL, 0, 7491, '0000-00-00 00:00:00', '0000-00-00 00:00:00'),
(4665, '', 'nate@nateco.net', 'nate@nateco.net', '', '', NULL, '', NULL, 0, 7492, '0000-00-00 00:00:00', '0000-00-00 00:00:00'),
(4666, '', 'jwashington@bayshoreelectric.com', 'jwashington@bayshoreelectric.com', '', '', NULL, '', NULL, 0, 7493, '0000-00-00 00:00:00', '0000-00-00 00:00:00'),
(4667, '', 'bbutler@bayshoreelectric.com', 'bbutler@bayshoreelectric.com', '', '', NULL, '', NULL, 0, 7494, '0000-00-00 00:00:00', '0000-00-00 00:00:00'),
(4668, '', 'designelectrical@bellsouth.net', 'designelectrical@bellsouth.net', '', '', NULL, '', NULL, 0, 7495, '0000-00-00 00:00:00', '0000-00-00 00:00:00'),
(4669, '', 'service@gileselectriccompany.com', 'service@gileselectriccompany.com', '', '', NULL, '', NULL, 0, 7496, '0000-00-00 00:00:00', '0000-00-00 00:00:00'),
(4670, '', 'hineselectrical@aol.com', 'hineselectrical@aol.com', '', '', NULL, '', NULL, 0, 7497, '0000-00-00 00:00:00', '0000-00-00 00:00:00'),
(4671, '', 'jwilliamsservices@cfl.rr.com', 'jwilliamsservices@cfl.rr.com', '', '', NULL, '', NULL, 0, 7498, '0000-00-00 00:00:00', '0000-00-00 00:00:00'),
(4672, '', 'JOHNJOHNSONELECTRIC@YAHOO.COM', 'JOHNJOHNSONELECTRIC@YAHOO.COM', '', '', NULL, '', NULL, 0, 7499, '0000-00-00 00:00:00', '0000-00-00 00:00:00'),
(4673, '', 'masterselectric@hotmail.com', 'masterselectric@hotmail.com', '', '', NULL, '', NULL, 0, 7500, '0000-00-00 00:00:00', '0000-00-00 00:00:00'),
(4674, '', 'miro2@windstream.net', 'miro2@windstream.net', '', '', NULL, '', NULL, 0, 7501, '0000-00-00 00:00:00', '0000-00-00 00:00:00'),
(4675, '', 'tony@palmettoelectricinc.com', 'tony@palmettoelectricinc.com', '', '', NULL, '', NULL, 0, 7502, '0000-00-00 00:00:00', '0000-00-00 00:00:00'),
(4676, '', 'Paul@Paulselectric.com', 'Paul@Paulselectric.com', '', '', NULL, '', NULL, 0, 7503, '0000-00-00 00:00:00', '0000-00-00 00:00:00'),
(4677, '', 'prestonelectricc@bellsouth.net', 'prestonelectricc@bellsouth.net', '', '', NULL, '', NULL, 0, 7504, '0000-00-00 00:00:00', '0000-00-00 00:00:00'),
(4678, '', 'hcdunning@comcast.net', 'hcdunning@comcast.net', '', '', NULL, '', NULL, 0, 7505, '0000-00-00 00:00:00', '0000-00-00 00:00:00'),
(4679, '', 'Valueelectric@bellsouth.net', 'Valueelectric@bellsouth.net', '', '', NULL, '', NULL, 0, 7506, '0000-00-00 00:00:00', '0000-00-00 00:00:00'),
(4680, '', 'vlselectric@bellsouth.net', 'vlselectric@bellsouth.net', '', '', NULL, '', NULL, 0, 7507, '0000-00-00 00:00:00', '0000-00-00 00:00:00'),
(4681, '', 'whiteelectricinc@live.com', 'whiteelectricinc@live.com', '', '', NULL, '', NULL, 0, 7508, '0000-00-00 00:00:00', '0000-00-00 00:00:00'),
(4682, '', 'woodelectrical@yahoo.com', 'woodelectrical@yahoo.com', '', '', NULL, '', NULL, 0, 7509, '0000-00-00 00:00:00', '0000-00-00 00:00:00'),
(4683, '', 'bondedlightning@cfl.rr.com', 'bondedlightning@cfl.rr.com', '', '', NULL, '', NULL, 0, 7510, '0000-00-00 00:00:00', '0000-00-00 00:00:00'),
(4684, '', 'dfeinc@cfl.rr.com', 'dfeinc@cfl.rr.com', '', '', NULL, '', NULL, 0, 7511, '0000-00-00 00:00:00', '0000-00-00 00:00:00'),
(4685, '', 'info@drsurfacing.com', 'info@drsurfacing.com', '', '', NULL, '', NULL, 0, 7512, '0000-00-00 00:00:00', '0000-00-00 00:00:00'),
(4686, '', 'waynes_carpet@yahoo.com', 'waynes_carpet@yahoo.com', '', '', NULL, '', NULL, 0, 7513, '0000-00-00 00:00:00', '0000-00-00 00:00:00'),
(4687, '', 'dfishel@baylorplastering.com', 'dfishel@baylorplastering.com', '', '', NULL, '', NULL, 0, 7514, '0000-00-00 00:00:00', '0000-00-00 00:00:00'),
(4688, '', 'mmcmains@baylorplastering.com', 'mmcmains@baylorplastering.com', '', '', NULL, '', NULL, 0, 7515, '0000-00-00 00:00:00', '0000-00-00 00:00:00'),
(4689, '', 'danny_blair@bellsouth.net', 'danny_blair@bellsouth.net', '', '', NULL, '', NULL, 0, 7516, '0000-00-00 00:00:00', '0000-00-00 00:00:00'),
(4690, '', 'comstar@cfl.rr.com', 'comstar@cfl.rr.com', '', '', NULL, '', NULL, 0, 7517, '0000-00-00 00:00:00', '0000-00-00 00:00:00'),
(4691, '', 'constructionstaging@hotmail.com', 'constructionstaging@hotmail.com', '', '', NULL, '', NULL, 0, 7518, '0000-00-00 00:00:00', '0000-00-00 00:00:00'),
(4692, '', 'j.gal57wow@yahoo.com', 'j.gal57wow@yahoo.com', '', '', NULL, '', NULL, 0, 7519, '0000-00-00 00:00:00', '0000-00-00 00:00:00'),
(4693, '', 'CESARAVILAASSO@AOL.com', 'CESARAVILAASSO@AOL.com', '', '', NULL, '', NULL, 0, 7520, '0000-00-00 00:00:00', '0000-00-00 00:00:00'),
(4694, '', 'jwilderinc85@gmail.com', 'jwilderinc85@gmail.com', '', '', NULL, '', NULL, 0, 7521, '0000-00-00 00:00:00', '0000-00-00 00:00:00'),
(4695, '', 'qfci@windstream.net', 'qfci@windstream.net', '', '', NULL, '', NULL, 0, 7522, '0000-00-00 00:00:00', '0000-00-00 00:00:00'),
(4696, '', 'rammrob@yahoo.com', 'rammrob@yahoo.com', '', '', NULL, '', NULL, 0, 7523, '0000-00-00 00:00:00', '0000-00-00 00:00:00'),
(4697, '', 'rotci@windstream.net', 'rotci@windstream.net', '', '', NULL, '', NULL, 0, 7524, '0000-00-00 00:00:00', '0000-00-00 00:00:00'),
(4698, '', 'sonshinedrywall@bellsouth.net', 'sonshinedrywall@bellsouth.net', '', '', NULL, '', NULL, 0, 7525, '0000-00-00 00:00:00', '0000-00-00 00:00:00'),
(4699, '', 'tepcofl@yahoo.com', 'tepcofl@yahoo.com', '', '', NULL, '', NULL, 0, 7526, '0000-00-00 00:00:00', '0000-00-00 00:00:00'),
(4700, '', 'paul@titanwalls.com', 'paul@titanwalls.com', '', '', NULL, '', NULL, 0, 7527, '0000-00-00 00:00:00', '0000-00-00 00:00:00'),
(4701, '', 'charlie@rimrockflooring.com', 'charlie@rimrockflooring.com', '', '', NULL, '', NULL, 0, 7528, '0000-00-00 00:00:00', '0000-00-00 00:00:00'),
(4702, '', 'dmcnerney@sseteam.com', 'dmcnerney@sseteam.com', '', '', NULL, '', NULL, 0, 7529, '0000-00-00 00:00:00', '0000-00-00 00:00:00'),
(4703, '', 'scott@bowman-painting.com', 'scott@bowman-painting.com', '', '', NULL, '', NULL, 0, 7530, '0000-00-00 00:00:00', '0000-00-00 00:00:00'),
(4704, '', 'jayhauser@jayhauserpainting.com', 'jayhauser@jayhauserpainting.com', '', '', NULL, '', NULL, 0, 7531, '0000-00-00 00:00:00', '0000-00-00 00:00:00'),
(4705, '', 'harperpainting@aol.com', 'harperpainting@aol.com', '', '', NULL, '', NULL, 0, 7532, '0000-00-00 00:00:00', '0000-00-00 00:00:00'),
(4706, '', 'suntropic@bellsouth.net', 'suntropic@bellsouth.net', '', '', NULL, '', NULL, 0, 7533, '0000-00-00 00:00:00', '0000-00-00 00:00:00'),
(4707, '', 'tekpainting@aol.com', 'tekpainting@aol.com', '', '', NULL, '', NULL, 0, 7534, '0000-00-00 00:00:00', '0000-00-00 00:00:00'),
(4708, '', 'a1plastering@wb4me.com', 'a1plastering@wb4me.com', '', '', NULL, '', NULL, 0, 7535, '0000-00-00 00:00:00', '0000-00-00 00:00:00'),
(4709, '', 'americanlathing@aol.com', 'americanlathing@aol.com', '', '', NULL, '', NULL, 0, 7536, '0000-00-00 00:00:00', '0000-00-00 00:00:00'),
(4710, '', 'superiorstonedesign@embarqmail.com', 'superiorstonedesign@embarqmail.com', '', '', NULL, '', NULL, 0, 7537, '0000-00-00 00:00:00', '0000-00-00 00:00:00'),
(4711, '', 'fatinstallations@aol.com', 'fatinstallations@aol.com', '', '', NULL, '', NULL, 0, 7538, '0000-00-00 00:00:00', '0000-00-00 00:00:00'),
(4712, '', 'onmiwy@yahoo.com', 'onmiwy@yahoo.com', '', '', NULL, '', NULL, 0, 7539, '0000-00-00 00:00:00', '0000-00-00 00:00:00'),
(4713, '', 'Firepie3@aol.com', 'Firepie3@aol.com', '', '', NULL, '', NULL, 0, 7540, '0000-00-00 00:00:00', '0000-00-00 00:00:00'),
(4714, '', 'trimj4u@yahoo.com', 'trimj4u@yahoo.com', '', '', NULL, '', NULL, 0, 7541, '0000-00-00 00:00:00', '0000-00-00 00:00:00'),
(4715, '', 'onthespotinc@hotmail.com', 'onthespotinc@hotmail.com', '', '', NULL, '', NULL, 0, 7542, '0000-00-00 00:00:00', '0000-00-00 00:00:00'),
(4716, '', 'ALRConst@aol.com', 'ALRConst@aol.com', '', '', NULL, '', NULL, 0, 7543, '0000-00-00 00:00:00', '0000-00-00 00:00:00'),
(4717, '', 'JRhoadsConst@aol.com', 'JRhoadsConst@aol.com', '', '', NULL, '', NULL, 0, 7544, '0000-00-00 00:00:00', '0000-00-00 00:00:00'),
(4718, '', 'ncummins@bellsouth.net', 'ncummins@bellsouth.net', '', '', NULL, '', NULL, 0, 7545, '0000-00-00 00:00:00', '0000-00-00 00:00:00'),
(4719, '', 'jciceromasonryinc.@gmail.com', 'jciceromasonryinc.@gmail.com', '', '', NULL, '', NULL, 0, 7546, '0000-00-00 00:00:00', '0000-00-00 00:00:00'),
(4720, '', 'tdinapoli@stoneagepavers.com', 'tdinapoli@stoneagepavers.com', '', '', NULL, '', NULL, 0, 7547, '0000-00-00 00:00:00', '0000-00-00 00:00:00'),
(4721, '', 'michael@articairinc.com', 'michael@articairinc.com', '', '', NULL, '', NULL, 0, 7548, '0000-00-00 00:00:00', '0000-00-00 00:00:00'),
(4722, '', 'ajlsm@aol.com', 'ajlsm@aol.com', '', '', NULL, '', NULL, 0, 7549, '0000-00-00 00:00:00', '0000-00-00 00:00:00'),
(4723, '', 'Sunriseaircond01@yahoo.com', 'Sunriseaircond01@yahoo.com', '', '', NULL, '', NULL, 0, 7550, '0000-00-00 00:00:00', '0000-00-00 00:00:00'),
(4724, '', 'dbarsano@alternatedesignplumbing.com', 'dbarsano@alternatedesignplumbing.com', '', '', NULL, '', NULL, 0, 7551, '0000-00-00 00:00:00', '0000-00-00 00:00:00'),
(4725, '', 'chose to opt out', 'chose to opt out', '', '', NULL, '', NULL, 0, 7552, '0000-00-00 00:00:00', '0000-00-00 00:00:00'),
(4726, '', 'shaferplumbing@aol.com', 'shaferplumbing@aol.com', '', '', NULL, '', NULL, 0, 7553, '0000-00-00 00:00:00', '0000-00-00 00:00:00'),
(4727, '', 'office@christianplumbingandtile.com', 'office@christianplumbingandtile.com', '', '', NULL, '', NULL, 0, 7554, '0000-00-00 00:00:00', '0000-00-00 00:00:00'),
(4728, '', 'drcplumb@yahoo.com', 'drcplumb@yahoo.com', '', '', NULL, '', NULL, 0, 7555, '0000-00-00 00:00:00', '0000-00-00 00:00:00'),
(4729, '', 'jewilson18@bellsouth.net', 'jewilson18@bellsouth.net', '', '', NULL, '', NULL, 0, 7556, '0000-00-00 00:00:00', '0000-00-00 00:00:00'),
(4730, '', 'Kehleplumbing@bellsouth.net', 'Kehleplumbing@bellsouth.net', '', '', NULL, '', NULL, 0, 7557, '0000-00-00 00:00:00', '0000-00-00 00:00:00'),
(4731, '', 'pearsonsplumbing@bellsouth.net', 'pearsonsplumbing@bellsouth.net', '', '', NULL, '', NULL, 0, 7558, '0000-00-00 00:00:00', '0000-00-00 00:00:00'),
(4732, '', 'bagbruce2000@yahoo.com', 'bagbruce2000@yahoo.com', '', '', NULL, '', NULL, 0, 7559, '0000-00-00 00:00:00', '0000-00-00 00:00:00'),
(4733, '', 'premierplumbinc@aol.com', 'premierplumbinc@aol.com', '', '', NULL, '', NULL, 0, 7560, '0000-00-00 00:00:00', '0000-00-00 00:00:00'),
(4734, '', 'Sherry@skyplumbinginc.com', 'Sherry@skyplumbinginc.com', '', '', NULL, '', NULL, 0, 7561, '0000-00-00 00:00:00', '0000-00-00 00:00:00'),
(4735, '', 'prosteelconstruction@msn.com', 'prosteelconstruction@msn.com', '', '', NULL, '', NULL, 0, 7562, '0000-00-00 00:00:00', '0000-00-00 00:00:00'),
(4736, '', 'stdsteel@aol.com', 'stdsteel@aol.com', '', '', NULL, '', NULL, 0, 7563, '0000-00-00 00:00:00', '0000-00-00 00:00:00'),
(4737, '', 'dschneider@steelmasterind.com', 'dschneider@steelmasterind.com', '', '', NULL, '', NULL, 0, 7564, '0000-00-00 00:00:00', '0000-00-00 00:00:00'),
(4738, '', 'tmueller0@yahoo.com', 'tmueller0@yahoo.com', '', '', NULL, '', NULL, 0, 7565, '0000-00-00 00:00:00', '0000-00-00 00:00:00'),
(4739, '', 'HeavyMetalworkswd@yahoo.com', 'HeavyMetalworkswd@yahoo.com', '', '', NULL, '', NULL, 0, 7566, '0000-00-00 00:00:00', '0000-00-00 00:00:00'),
(4740, '', 'jkweldinginc@aol.com', 'jkweldinginc@aol.com', '', '', NULL, '', NULL, 0, 7567, '0000-00-00 00:00:00', '0000-00-00 00:00:00'),
(4741, '', 'magnum6@cfl.rr.com', 'magnum6@cfl.rr.com', '', '', NULL, '', NULL, 0, 7568, '0000-00-00 00:00:00', '0000-00-00 00:00:00'),
(4742, '', 'info@atlantic-gutters.com', 'info@atlantic-gutters.com', '', '', NULL, '', NULL, 0, 7569, '0000-00-00 00:00:00', '0000-00-00 00:00:00'),
(4743, '', 'eliteday@earthlink.net', 'eliteday@earthlink.net', '', '', NULL, '', NULL, 0, 7570, '0000-00-00 00:00:00', '0000-00-00 00:00:00'),
(4744, '', 'fencestore@msn.com', 'fencestore@msn.com', '', '', NULL, '', NULL, 0, 7571, '0000-00-00 00:00:00', '0000-00-00 00:00:00'),
(4745, '', 'Allamericanlands@bellsouth.net', 'Allamericanlands@bellsouth.net', '', '', NULL, '', NULL, 0, 7572, '0000-00-00 00:00:00', '0000-00-00 00:00:00'),
(4746, '', 'aquatechfla@gmail.com', 'aquatechfla@gmail.com', '', '', NULL, '', NULL, 0, 7573, '0000-00-00 00:00:00', '0000-00-00 00:00:00'),
(4747, '', 'arnoneenv@yahoo.com', 'arnoneenv@yahoo.com', '', '', NULL, '', NULL, 0, 7574, '0000-00-00 00:00:00', '0000-00-00 00:00:00'),
(4748, '', 'Kbngreen@aol.com', 'Kbngreen@aol.com', '', '', NULL, '', NULL, 0, 7575, '0000-00-00 00:00:00', '0000-00-00 00:00:00'),
(4749, '', 'craigclifton@cfl.rr.com', 'craigclifton@cfl.rr.com', '', '', NULL, '', NULL, 0, 7576, '0000-00-00 00:00:00', '0000-00-00 00:00:00'),
(4750, '', 'ccrbrandon@cfl.rr.com', 'ccrbrandon@cfl.rr.com', '', '', NULL, '', NULL, 0, 7577, '0000-00-00 00:00:00', '0000-00-00 00:00:00'),
(4751, '', 'ecooutdoors@yahoo.com', 'ecooutdoors@yahoo.com', '', '', NULL, '', NULL, 0, 7578, '0000-00-00 00:00:00', '0000-00-00 00:00:00'),
(4752, '', 'rachellekirton@kirtonenterprises.com', 'rachellekirton@kirtonenterprises.com', '', '', NULL, '', NULL, 0, 7579, '0000-00-00 00:00:00', '0000-00-00 00:00:00'),
(4753, '', 'lawnproirr@aol.com', 'lawnproirr@aol.com', '', '', NULL, '', NULL, 0, 7580, '0000-00-00 00:00:00', '0000-00-00 00:00:00'),
(4754, '', 'brian.stimach@masf.biz', 'brian.stimach@masf.biz', '', '', NULL, '', NULL, 0, 7581, '0000-00-00 00:00:00', '0000-00-00 00:00:00'),
(4755, '', 'outlawsw@comcast.net', 'outlawsw@comcast.net', '', '', NULL, '', NULL, 0, 7582, '0000-00-00 00:00:00', '0000-00-00 00:00:00'),
(4756, '', 'craiger_7@yahoo.com', 'craiger_7@yahoo.com', '', '', NULL, '', NULL, 0, 7583, '0000-00-00 00:00:00', '0000-00-00 00:00:00'),
(4757, '', 'dave@smithsod.net', 'dave@smithsod.net', '', '', NULL, '', NULL, 0, 7584, '0000-00-00 00:00:00', '0000-00-00 00:00:00'),
(4758, '', 'whitneyskaggs@yahoo.com', 'whitneyskaggs@yahoo.com', '', '', NULL, '', NULL, 0, 7585, '0000-00-00 00:00:00', '0000-00-00 00:00:00'),
(4759, '', 'keith.morgan89@yahoo.com', 'keith.morgan89@yahoo.com', '', '', NULL, '', NULL, 0, 7586, '0000-00-00 00:00:00', '0000-00-00 00:00:00'),
(4760, '', 'bryans_hardyconstruction@earthlink.net', 'bryans_hardyconstruction@earthlink.net', '', '', NULL, '', NULL, 0, 7587, '0000-00-00 00:00:00', '0000-00-00 00:00:00'),
(4761, '', 'brad@shadesystemsinc.com', 'brad@shadesystemsinc.com', '', '', NULL, '', NULL, 0, 7588, '0000-00-00 00:00:00', '0000-00-00 00:00:00'),
(4762, '', 'mylinda@shadesystemsinc.com', 'mylinda@shadesystemsinc.com', '', '', NULL, '', NULL, 0, 7589, '0000-00-00 00:00:00', '0000-00-00 00:00:00'),
(4763, '', 'ejuliano@eljayathletic.com', 'ejuliano@eljayathletic.com', '', '', NULL, '', NULL, 0, 7590, '0000-00-00 00:00:00', '0000-00-00 00:00:00'),
(4764, '', 'buzzy@universalsignmfg.com', 'buzzy@universalsignmfg.com', '', '', NULL, '', NULL, 0, 7591, '0000-00-00 00:00:00', '0000-00-00 00:00:00'),
(4765, '', 'drapercontract@draperinc.com', 'drapercontract@draperinc.com', '', '', NULL, '', NULL, 0, 7592, '0000-00-00 00:00:00', '0000-00-00 00:00:00'),
(4766, '', 'melstone@comcast.net', 'melstone@comcast.net', '', '', NULL, '', NULL, 0, 7593, '0000-00-00 00:00:00', '0000-00-00 00:00:00'),
(4767, '', 'bosdad@gmail.com', 'bosdad@gmail.com', '', '', NULL, '', NULL, 0, 7594, '0000-00-00 00:00:00', '0000-00-00 00:00:00'),
(4768, '', 'byoung@gulfeaglesupply.com', 'byoung@gulfeaglesupply.com', '', '', NULL, '', NULL, 0, 7595, '0000-00-00 00:00:00', '0000-00-00 00:00:00'),
(4769, '', 'alfysroofing@gmail.com', 'alfysroofing@gmail.com', '', '', NULL, '', NULL, 0, 7596, '0000-00-00 00:00:00', '0000-00-00 00:00:00'),
(4770, '', 'c_s_roofing@bellsouth.net', 'c_s_roofing@bellsouth.net', '', '', NULL, '', NULL, 0, 7597, '0000-00-00 00:00:00', '0000-00-00 00:00:00'),
(4771, '', 'clelandwarren@att.net', 'clelandwarren@att.net', '', '', NULL, '', NULL, 0, 7598, '0000-00-00 00:00:00', '0000-00-00 00:00:00'),
(4772, '', 'eliteroofing@juno.com', 'eliteroofing@juno.com', '', '', NULL, '', NULL, 0, 7599, '0000-00-00 00:00:00', '0000-00-00 00:00:00'),
(4773, '', 'Firstcoastroofing@juno.com', 'Firstcoastroofing@juno.com', '', '', NULL, '', NULL, 0, 7600, '0000-00-00 00:00:00', '0000-00-00 00:00:00'),
(4774, '', 'rest67@aol.com', 'rest67@aol.com', '', '', NULL, '', NULL, 0, 7601, '0000-00-00 00:00:00', '0000-00-00 00:00:00'),
(4775, '', 'lyonsroofing@hotmail.com', 'lyonsroofing@hotmail.com', '', '', NULL, '', NULL, 0, 7602, '0000-00-00 00:00:00', '0000-00-00 00:00:00'),
(4776, '', 'kylekrissy@msn.com', 'kylekrissy@msn.com', '', '', NULL, '', NULL, 0, 7603, '0000-00-00 00:00:00', '0000-00-00 00:00:00'),
(4777, '', 'ganskopm@bellsouth.net', 'ganskopm@bellsouth.net', '', '', NULL, '', NULL, 0, 7604, '0000-00-00 00:00:00', '0000-00-00 00:00:00'),
(4778, '', 'ed@peachstateinc.com', 'ed@peachstateinc.com', '', '', NULL, '', NULL, 0, 7605, '0000-00-00 00:00:00', '0000-00-00 00:00:00'),
(4779, '', 'santos@professionalsunshineroofing.com', 'santos@professionalsunshineroofing.com', '', '', NULL, '', NULL, 0, 7606, '0000-00-00 00:00:00', '0000-00-00 00:00:00'),
(4780, '', 'estimating@RKroof.com', 'estimating@RKroof.com', '', '', NULL, '', NULL, 0, 7607, '0000-00-00 00:00:00', '0000-00-00 00:00:00'),
(4781, '', 'raineyroofing@yahoo.com', 'raineyroofing@yahoo.com', '', '', NULL, '', NULL, 0, 7608, '0000-00-00 00:00:00', '0000-00-00 00:00:00'),
(4782, '', 'info@robersonroofinginc.com', 'info@robersonroofinginc.com', '', '', NULL, '', NULL, 0, 7609, '0000-00-00 00:00:00', '0000-00-00 00:00:00'),
(4783, '', 'georgekingwaynesroofing@hotmail.com', 'georgekingwaynesroofing@hotmail.com', '', '', NULL, '', NULL, 0, 7610, '0000-00-00 00:00:00', '0000-00-00 00:00:00'),
(4784, '', 'ps506743@aol.com', 'ps506743@aol.com', '', '', NULL, '', NULL, 0, 7611, '0000-00-00 00:00:00', '0000-00-00 00:00:00'),
(4785, '', 'esparzak@yahoo.com', 'esparzak@yahoo.com', '', '', NULL, '', NULL, 0, 7612, '0000-00-00 00:00:00', '0000-00-00 00:00:00'),
(4786, '', 'jtodd@lighthousecabinets.com', 'jtodd@lighthousecabinets.com', '', '', NULL, '', NULL, 0, 7613, '0000-00-00 00:00:00', '0000-00-00 00:00:00'),
(4787, '', 'smkymtcabinets@aol.com', 'smkymtcabinets@aol.com', '', '', NULL, '', NULL, 0, 7614, '0000-00-00 00:00:00', '0000-00-00 00:00:00'),
(4788, '', 'alicia@architecturaltrimcraft.com', 'alicia@architecturaltrimcraft.com', '', '', NULL, '', NULL, 0, 7615, '0000-00-00 00:00:00', '0000-00-00 00:00:00'),
(4789, '', 'KIESARA@AOL.COM', 'KIESARA@AOL.COM', '', '', NULL, '', NULL, 0, 7616, '0000-00-00 00:00:00', '0000-00-00 00:00:00'),
(4790, '', 'wmunoz@cfl.rr.com', 'wmunoz@cfl.rr.com', '', '', NULL, '', NULL, 0, 7617, '0000-00-00 00:00:00', '0000-00-00 00:00:00'),
(4791, '', 'trusspros@yahoo.com', 'trusspros@yahoo.com', '', '', NULL, '', NULL, 0, 7618, '0000-00-00 00:00:00', '0000-00-00 00:00:00'),
(4792, '', 'andersontruss@comcast.net', 'andersontruss@comcast.net', '', '', NULL, '', NULL, 0, 7619, '0000-00-00 00:00:00', '0000-00-00 00:00:00'),
(4793, '', 'cweitzel12000@yahoo.com', 'cweitzel12000@yahoo.com', '', '', NULL, '', NULL, 0, 7620, '0000-00-00 00:00:00', '0000-00-00 00:00:00'),
(4794, '', 'roger.garbers@behlenedge.com', 'roger.garbers@behlenedge.com', '', '', NULL, '', NULL, 0, 7621, '0000-00-00 00:00:00', '0000-00-00 00:00:00'),
(4795, '', 'roy@landscapesunlimited.com', 'roy@landscapesunlimited.com', '', '', NULL, '', NULL, 0, 7622, '0000-00-00 00:00:00', '0000-00-00 00:00:00'),
(4796, '', 'appoloscales@cox.net', 'appoloscales@cox.net', '', '', NULL, '', NULL, 0, 7623, '0000-00-00 00:00:00', '0000-00-00 00:00:00'),
(4797, '', 'subscriptions@trescoconsoles.com', 'subscriptions@trescoconsoles.com', '', '', NULL, '', NULL, 0, 7624, '0000-00-00 00:00:00', '0000-00-00 00:00:00'),
(4798, '', 'nbaican@aol.com', 'nbaican@aol.com', '', '', NULL, '', NULL, 0, 7625, '0000-00-00 00:00:00', '0000-00-00 00:00:00'),
(4799, '', 'dcrenshaw@crenshawsupply.com', 'dcrenshaw@crenshawsupply.com', '', '', NULL, '', NULL, 0, 7626, '0000-00-00 00:00:00', '0000-00-00 00:00:00'),
(4800, '', 'nick@gcinconline.com', 'nick@gcinconline.com', '', '', NULL, '', NULL, 0, 7627, '0000-00-00 00:00:00', '0000-00-00 00:00:00'),
(4801, '', 'pfp12@yahoo.com', 'pfp12@yahoo.com', '', '', NULL, '', NULL, 0, 7628, '0000-00-00 00:00:00', '0000-00-00 00:00:00'),
(4802, '', 'lucy.pereira@asisignage.com', 'lucy.pereira@asisignage.com', '', '', NULL, '', NULL, 0, 7629, '0000-00-00 00:00:00', '0000-00-00 00:00:00'),
(4803, '', 'terry.cole@omegapanels.com', 'terry.cole@omegapanels.com', '', '', NULL, '', NULL, 0, 7630, '0000-00-00 00:00:00', '0000-00-00 00:00:00'),
(4804, '', 'info@decorativeconcretecentralflorida.com', 'info@decorativeconcretecentralflorida.com', '', '', NULL, '', NULL, 0, 7631, '0000-00-00 00:00:00', '0000-00-00 00:00:00'),
(4805, '', 'alconstruction@hotmail.com', 'alconstruction@hotmail.com', '', '', NULL, '', NULL, 0, 7632, '0000-00-00 00:00:00', '0000-00-00 00:00:00'),
(4806, '', 'allstarconcrete30@yahoo.com', 'allstarconcrete30@yahoo.com', '', '', NULL, '', NULL, 0, 7633, '0000-00-00 00:00:00', '0000-00-00 00:00:00'),
(4807, '', 'cp.atlantisconstruction@yahoo.com', 'cp.atlantisconstruction@yahoo.com', '', '', NULL, '', NULL, 0, 7634, '0000-00-00 00:00:00', '0000-00-00 00:00:00'),
(4808, '', 'crs4bill@tampabay.rr.com', 'crs4bill@tampabay.rr.com', '', '', NULL, '', NULL, 0, 7635, '0000-00-00 00:00:00', '0000-00-00 00:00:00'),
(4809, '', 'al@dmgconcrete.com', 'al@dmgconcrete.com', '', '', NULL, '', NULL, 0, 7636, '0000-00-00 00:00:00', '0000-00-00 00:00:00'),
(4810, '', 'chuck@simconconstruction.com', 'chuck@simconconstruction.com', '', '', NULL, '', NULL, 0, 7637, '0000-00-00 00:00:00', '0000-00-00 00:00:00'),
(4811, '', 'info@scsifla.com', 'info@scsifla.com', '', '', NULL, '', NULL, 0, 7638, '0000-00-00 00:00:00', '0000-00-00 00:00:00'),
(4812, '', 'athena.toomey@ttcfl.com', 'athena.toomey@ttcfl.com', '', '', NULL, '', NULL, 0, 7639, '0000-00-00 00:00:00', '0000-00-00 00:00:00'),
(4813, '', 'johnf@castlestone.com', 'johnf@castlestone.com', '', '', NULL, '', NULL, 0, 7640, '0000-00-00 00:00:00', '0000-00-00 00:00:00'),
(4814, '', 'flprecast@earthlink.net', 'flprecast@earthlink.net', '', '', NULL, '', NULL, 0, 7641, '0000-00-00 00:00:00', '0000-00-00 00:00:00'),
(4815, '', 'erios@carolinadoor.com', 'erios@carolinadoor.com', '', '', NULL, '', NULL, 0, 7642, '0000-00-00 00:00:00', '0000-00-00 00:00:00'),
(4816, '', 'CBUHLER@RITEHITE.COM', 'CBUHLER@RITEHITE.COM', '', '', NULL, '', NULL, 0, 7643, '0000-00-00 00:00:00', '0000-00-00 00:00:00'),
(4817, '', 'franco3467@aol.com', 'franco3467@aol.com', '', '', NULL, '', NULL, 0, 7644, '0000-00-00 00:00:00', '0000-00-00 00:00:00'),
(4818, '', 'glazing@bellsouth.net', 'glazing@bellsouth.net', '', '', NULL, '', NULL, 0, 7645, '0000-00-00 00:00:00', '0000-00-00 00:00:00'),
(4819, '', 'David@perfecttouchglass.net', 'David@perfecttouchglass.net', '', '', NULL, '', NULL, 0, 7646, '0000-00-00 00:00:00', '0000-00-00 00:00:00'),
(4820, '', 'pigbass69@yahoo.com', 'pigbass69@yahoo.com', '', '', NULL, '', NULL, 0, 7647, '0000-00-00 00:00:00', '0000-00-00 00:00:00'),
(4821, '', 'khorsley@jbmathews.com', 'khorsley@jbmathews.com', '', '', NULL, '', NULL, 0, 7648, '0000-00-00 00:00:00', '0000-00-00 00:00:00'),
(4822, '', 'morganh@janusintl.com', 'morganh@janusintl.com', '', '', NULL, '', NULL, 0, 7649, '0000-00-00 00:00:00', '0000-00-00 00:00:00'),
(4823, '', 'kadair@wayne-dalton.com', 'kadair@wayne-dalton.com', '', '', NULL, '', NULL, 0, 7650, '0000-00-00 00:00:00', '0000-00-00 00:00:00'),
(4824, '', 'jhs0925@cfl.rr.com', 'jhs0925@cfl.rr.com', '', '', NULL, '', NULL, 0, 7651, '0000-00-00 00:00:00', '0000-00-00 00:00:00'),
(4825, '', 'JBaker@icommusa.com', 'JBaker@icommusa.com', '', '', NULL, '', NULL, 0, 7652, '0000-00-00 00:00:00', '0000-00-00 00:00:00'),
(4826, '', 'GBRADSHAW@ASKIDEACOM.COM', 'GBRADSHAW@ASKIDEACOM.COM', '', '', NULL, '', NULL, 0, 7653, '0000-00-00 00:00:00', '0000-00-00 00:00:00'),
(4827, '', 'chartig@itdscorp.com', 'chartig@itdscorp.com', '', '', NULL, '', NULL, 0, 7654, '0000-00-00 00:00:00', '0000-00-00 00:00:00'),
(4828, '', 'MediaSysUS@aol.com', 'MediaSysUS@aol.com', '', '', NULL, '', NULL, 0, 7655, '0000-00-00 00:00:00', '0000-00-00 00:00:00'),
(4829, '', 'wcopley@niiusa.com', 'wcopley@niiusa.com', '', '', NULL, '', NULL, 0, 7656, '0000-00-00 00:00:00', '0000-00-00 00:00:00'),
(4830, '', 'Riley@4evolutioninc.com', 'Riley@4evolutioninc.com', '', '', NULL, '', NULL, 0, 7657, '0000-00-00 00:00:00', '0000-00-00 00:00:00'),
(4831, '', 'fennellelectric@yahoo.com', 'fennellelectric@yahoo.com', '', '', NULL, '', NULL, 0, 7658, '0000-00-00 00:00:00', '0000-00-00 00:00:00'),
(4832, '', 'danny@necobiz.com', 'danny@necobiz.com', '', '', NULL, '', NULL, 0, 7659, '0000-00-00 00:00:00', '0000-00-00 00:00:00'),
(4833, '', 'javed@pegfl.com', 'javed@pegfl.com', '', '', NULL, '', NULL, 0, 7660, '0000-00-00 00:00:00', '0000-00-00 00:00:00'),
(4834, '', 'kplate@cfl.rr.com', 'kplate@cfl.rr.com', '', '', NULL, '', NULL, 0, 7661, '0000-00-00 00:00:00', '0000-00-00 00:00:00'),
(4835, '', 'bbergeron@southern-atlantic.com', 'bbergeron@southern-atlantic.com', '', '', NULL, '', NULL, 0, 7662, '0000-00-00 00:00:00', '0000-00-00 00:00:00'),
(4836, '', ' ctseng@UrbanElectric.net', ' ctseng@UrbanElectric.net', '', '', NULL, '', NULL, 0, 7663, '0000-00-00 00:00:00', '0000-00-00 00:00:00'),
(4837, '', 'zapelect@bellsouth.net', 'zapelect@bellsouth.net', '', '', NULL, '', NULL, 0, 7664, '0000-00-00 00:00:00', '0000-00-00 00:00:00'),
(4838, '', 'rveazeysr@bellsouth.net', 'rveazeysr@bellsouth.net', '', '', NULL, '', NULL, 0, 7665, '0000-00-00 00:00:00', '0000-00-00 00:00:00'),
(4839, '', 'kelly@maxwelllightning.com', 'kelly@maxwelllightning.com', '', '', NULL, '', NULL, 0, 7666, '0000-00-00 00:00:00', '0000-00-00 00:00:00'),
(4840, '', 'karen@mcleanlp.com', 'karen@mcleanlp.com', '', '', NULL, '', NULL, 0, 7667, '0000-00-00 00:00:00', '0000-00-00 00:00:00'),
(4841, '', 'tmeier@adlocks.com', 'tmeier@adlocks.com', '', '', NULL, '', NULL, 0, 7668, '0000-00-00 00:00:00', '0000-00-00 00:00:00'),
(4842, '', 'toddkoebke@comsysgroup.com', 'toddkoebke@comsysgroup.com', '', '', NULL, '', NULL, 0, 7669, '0000-00-00 00:00:00', '0000-00-00 00:00:00'),
(4843, '', 'David@GlobalAlarms.net', 'David@GlobalAlarms.net', '', '', NULL, '', NULL, 0, 7670, '0000-00-00 00:00:00', '0000-00-00 00:00:00'),
(4844, '', 'jfloren@hsas.com', 'jfloren@hsas.com', '', '', NULL, '', NULL, 0, 7671, '0000-00-00 00:00:00', '0000-00-00 00:00:00'),
(4845, '', 'tgarner@signaturesystemsfl.com', 'tgarner@signaturesystemsfl.com', '', '', NULL, '', NULL, 0, 7672, '0000-00-00 00:00:00', '0000-00-00 00:00:00'),
(4846, '', 'gmcdougal@cfl.rr.com', 'gmcdougal@cfl.rr.com', '', '', NULL, '', NULL, 0, 7673, '0000-00-00 00:00:00', '0000-00-00 00:00:00'),
(4847, '', 'jsims@repservices.com', 'jsims@repservices.com', '', '', NULL, '', NULL, 0, 7674, '0000-00-00 00:00:00', '0000-00-00 00:00:00'),
(4848, '', 'kghmak@comcast.net', 'kghmak@comcast.net', '', '', NULL, '', NULL, 0, 7675, '0000-00-00 00:00:00', '0000-00-00 00:00:00'),
(4849, '', 'pecflorida@pecflorida.com', 'pecflorida@pecflorida.com', '', '', NULL, '', NULL, 0, 7676, '0000-00-00 00:00:00', '0000-00-00 00:00:00'),
(4850, '', 'croach@seal-fla.com', 'croach@seal-fla.com', '', '', NULL, '', NULL, 0, 7677, '0000-00-00 00:00:00', '0000-00-00 00:00:00'),
(4851, '', 'estimates@epoxyfloorsfl.com', 'estimates@epoxyfloorsfl.com', '', '', NULL, '', NULL, 0, 7678, '0000-00-00 00:00:00', '0000-00-00 00:00:00'),
(4852, '', 'acis@cfl.rr.com', 'acis@cfl.rr.com', '', '', NULL, '', NULL, 0, 7679, '0000-00-00 00:00:00', '0000-00-00 00:00:00'),
(4853, '', 'TWATSON@LWSUPPLY.COM', 'TWATSON@LWSUPPLY.COM', '', '', NULL, '', NULL, 0, 7680, '0000-00-00 00:00:00', '0000-00-00 00:00:00'),
(4854, '', 'erik@baswalls.com', 'erik@baswalls.com', '', '', NULL, '', NULL, 0, 7681, '0000-00-00 00:00:00', '0000-00-00 00:00:00'),
(4855, '', 'jjault@aultsystems.com', 'jjault@aultsystems.com', '', '', NULL, '', NULL, 0, 7682, '0000-00-00 00:00:00', '0000-00-00 00:00:00'),
(4856, '', 'frankstarkey@bellsouth.net', 'frankstarkey@bellsouth.net', '', '', NULL, '', NULL, 0, 7683, '0000-00-00 00:00:00', '0000-00-00 00:00:00'),
(4857, '', 'BRUHODG@AOL.COM', 'BRUHODG@AOL.COM', '', '', NULL, '', NULL, 0, 7684, '0000-00-00 00:00:00', '0000-00-00 00:00:00'),
(4858, '', 'adam.martinez@itechsolutionsllc.com', 'adam.martinez@itechsolutionsllc.com', '', '', NULL, '', NULL, 0, 7685, '0000-00-00 00:00:00', '0000-00-00 00:00:00'),
(4859, '', 'opentradeinc@msn.com', 'opentradeinc@msn.com', '', '', NULL, '', NULL, 0, 7686, '0000-00-00 00:00:00', '0000-00-00 00:00:00'),
(4860, '', 'patriotbldgcontr@aol.com', 'patriotbldgcontr@aol.com', '', '', NULL, '', NULL, 0, 7687, '0000-00-00 00:00:00', '0000-00-00 00:00:00'),
(4861, '', 'Saturncontractors@hotmail.com', 'Saturncontractors@hotmail.com', '', '', NULL, '', NULL, 0, 7688, '0000-00-00 00:00:00', '0000-00-00 00:00:00'),
(4862, '', 'STEVEW@SYSSUPPLIES.COM', 'STEVEW@SYSSUPPLIES.COM', '', '', NULL, '', NULL, 0, 7689, '0000-00-00 00:00:00', '0000-00-00 00:00:00'),
(4863, '', 'Bill.Timmgroup@knology.net', 'Bill.Timmgroup@knology.net', '', '', NULL, '', NULL, 0, 7690, '0000-00-00 00:00:00', '0000-00-00 00:00:00'),
(4864, '', 'Bill@uswalls.com', 'Bill@uswalls.com', '', '', NULL, '', NULL, 0, 7691, '0000-00-00 00:00:00', '0000-00-00 00:00:00'),
(4865, '', 'keith@uswalls.com', 'keith@uswalls.com', '', '', NULL, '', NULL, 0, 7692, '0000-00-00 00:00:00', '0000-00-00 00:00:00'),
(4866, '', 'bcloforlando@gmail.com ', 'bcloforlando@gmail.com ', '', '', NULL, '', NULL, 0, 7693, '0000-00-00 00:00:00', '0000-00-00 00:00:00'),
(4867, '', 'sanastasia@designerswestinc.com', 'sanastasia@designerswestinc.com', '', '', NULL, '', NULL, 0, 7694, '0000-00-00 00:00:00', '0000-00-00 00:00:00'),
(4868, '', 'DLFlooring@cfl.rr.com', 'DLFlooring@cfl.rr.com', '', '', NULL, '', NULL, 0, 7695, '0000-00-00 00:00:00', '0000-00-00 00:00:00'),
(4869, '', 'info@flooringsolutionsllc.com', 'info@flooringsolutionsllc.com', '', '', NULL, '', NULL, 0, 7696, '0000-00-00 00:00:00', '0000-00-00 00:00:00'),
(4870, '', 'kandy@transcrete.info', 'kandy@transcrete.info', '', '', NULL, '', NULL, 0, 7697, '0000-00-00 00:00:00', '0000-00-00 00:00:00'),
(4871, '', 'Ricohaynes@yahoo.com', 'Ricohaynes@yahoo.com', '', '', NULL, '', NULL, 0, 7698, '0000-00-00 00:00:00', '0000-00-00 00:00:00'),
(4872, '', 'int_flooring@bellsouth.net', 'int_flooring@bellsouth.net', '', '', NULL, '', NULL, 0, 7699, '0000-00-00 00:00:00', '0000-00-00 00:00:00'),
(4873, '', 'juanguillo18@msn.com', 'juanguillo18@msn.com', '', '', NULL, '', NULL, 0, 7700, '0000-00-00 00:00:00', '0000-00-00 00:00:00'),
(4874, '', 'brian@kissimmeecarpet.com', 'brian@kissimmeecarpet.com', '', '', NULL, '', NULL, 0, 7701, '0000-00-00 00:00:00', '0000-00-00 00:00:00'),
(4875, '', 'robin@rebocommercialflooring.com', 'robin@rebocommercialflooring.com', '', '', NULL, '', NULL, 0, 7702, '0000-00-00 00:00:00', '0000-00-00 00:00:00'),
(4876, '', 'basspainting@hotmail.com', 'basspainting@hotmail.com', '', '', NULL, '', NULL, 0, 7703, '0000-00-00 00:00:00', '0000-00-00 00:00:00'),
(4877, '', 'CFCP@cfl.rr.com', 'CFCP@cfl.rr.com', '', '', NULL, '', NULL, 0, 7704, '0000-00-00 00:00:00', '0000-00-00 00:00:00'),
(4878, '', 'colorworkpainting@mail.com', 'colorworkpainting@mail.com', '', '', NULL, '', NULL, 0, 7705, '0000-00-00 00:00:00', '0000-00-00 00:00:00'),
(4879, '', 'couchpainting@bellsouth.net', 'couchpainting@bellsouth.net', '', '', NULL, '', NULL, 0, 7706, '0000-00-00 00:00:00', '0000-00-00 00:00:00'),
(4880, '', 'steve@fleischersinc.com', 'steve@fleischersinc.com', '', '', NULL, '', NULL, 0, 7707, '0000-00-00 00:00:00', '0000-00-00 00:00:00'),
(4881, '', 'jeff@saxonispainting.com', 'jeff@saxonispainting.com', '', '', NULL, '', NULL, 0, 7708, '0000-00-00 00:00:00', '0000-00-00 00:00:00'),
(4882, '', 'sonnyspainting@aol.com', 'sonnyspainting@aol.com', '', '', NULL, '', NULL, 0, 7709, '0000-00-00 00:00:00', '0000-00-00 00:00:00'),
(4883, '', 'act@advanced-tech.com', 'act@advanced-tech.com', '', '', NULL, '', NULL, 0, 7710, '0000-00-00 00:00:00', '0000-00-00 00:00:00'),
(4884, '', 'Aguirrestucco@yahoo.com', 'Aguirrestucco@yahoo.com', '', '', NULL, '', NULL, 0, 7711, '0000-00-00 00:00:00', '0000-00-00 00:00:00'),
(4885, '', 'belairwallsystems@embarqmail.com', 'belairwallsystems@embarqmail.com', '', '', NULL, '', NULL, 0, 7712, '0000-00-00 00:00:00', '0000-00-00 00:00:00'),
(4886, '', 'engagedtechniques@email.com', 'engagedtechniques@email.com', '', '', NULL, '', NULL, 0, 7713, '0000-00-00 00:00:00', '0000-00-00 00:00:00'),
(4887, '', 'JKSSERVICESINC@AIM.COM', 'JKSSERVICESINC@AIM.COM', '', '', NULL, '', NULL, 0, 7714, '0000-00-00 00:00:00', '0000-00-00 00:00:00'),
(4888, '', 'zulayc63@hotmail.com', 'zulayc63@hotmail.com', '', '', NULL, '', NULL, 0, 7715, '0000-00-00 00:00:00', '0000-00-00 00:00:00'),
(4889, '', 'laudelperez@bellsouth.net', 'laudelperez@bellsouth.net', '', '', NULL, '', NULL, 0, 7716, '0000-00-00 00:00:00', '0000-00-00 00:00:00'),
(4890, '', 'molamark1@bellsouth.net', 'molamark1@bellsouth.net', '', '', NULL, '', NULL, 0, 7717, '0000-00-00 00:00:00', '0000-00-00 00:00:00'),
(4891, '', 'rojr3@aol.com', 'rojr3@aol.com', '', '', NULL, '', NULL, 0, 7718, '0000-00-00 00:00:00', '0000-00-00 00:00:00'),
(4892, '', 'mjensen@jensenstoneworks.com', 'mjensen@jensenstoneworks.com', '', '', NULL, '', NULL, 0, 7719, '0000-00-00 00:00:00', '0000-00-00 00:00:00'),
(4893, '', 'jandjmarbletile@gmail.com', 'jandjmarbletile@gmail.com', '', '', NULL, '', NULL, 0, 7720, '0000-00-00 00:00:00', '0000-00-00 00:00:00'),
(4894, '', 'joeh@toptile.net', 'joeh@toptile.net', '', '', NULL, '', NULL, 0, 7721, '0000-00-00 00:00:00', '0000-00-00 00:00:00'),
(4895, '', 'info@bassflooring.com', 'info@bassflooring.com', '', '', NULL, '', NULL, 0, 7722, '0000-00-00 00:00:00', '0000-00-00 00:00:00'),
(4896, '', 'michelle@orlandoblindcompany.com', 'michelle@orlandoblindcompany.com', '', '', NULL, '', NULL, 0, 7723, '0000-00-00 00:00:00', '0000-00-00 00:00:00'),
(4897, '', 'khia@sunsetblindsshutters.com', 'khia@sunsetblindsshutters.com', '', '', NULL, '', NULL, 0, 7724, '0000-00-00 00:00:00', '0000-00-00 00:00:00'),
(4898, '', 'felicia@vbmwindows.net', 'felicia@vbmwindows.net', '', '', NULL, '', NULL, 0, 7725, '0000-00-00 00:00:00', '0000-00-00 00:00:00'),
(4899, '', 'rocky@verticalsunlimited.com', 'rocky@verticalsunlimited.com', '', '', NULL, '', NULL, 0, 7726, '0000-00-00 00:00:00', '0000-00-00 00:00:00'),
(4900, '', 'ellis.lumpkins@earthtech.com', 'ellis.lumpkins@earthtech.com', '', '', NULL, '', NULL, 0, 7727, '0000-00-00 00:00:00', '0000-00-00 00:00:00'),
(4901, '', 'amorris1@wm.com', 'amorris1@wm.com', '', '', NULL, '', NULL, 0, 7728, '0000-00-00 00:00:00', '0000-00-00 00:00:00'),
(4902, '', 'info@wastelogix.com', 'info@wastelogix.com', '', '', NULL, '', NULL, 0, 7729, '0000-00-00 00:00:00', '0000-00-00 00:00:00'),
(4903, '', 'ihorsericky@bellsouth.net', 'ihorsericky@bellsouth.net', '', '', NULL, '', NULL, 0, 7730, '0000-00-00 00:00:00', '0000-00-00 00:00:00'),
(4904, '', 'Meg@Refusemgmt.com', 'Meg@Refusemgmt.com', '', '', NULL, '', NULL, 0, 7731, '0000-00-00 00:00:00', '0000-00-00 00:00:00'),
(4905, '', 'tony@backuppowerservices.com', 'tony@backuppowerservices.com', '', '', NULL, '', NULL, 0, 7732, '0000-00-00 00:00:00', '0000-00-00 00:00:00'),
(4906, '', 'jcooper@continentalengines.com', 'jcooper@continentalengines.com', '', '', NULL, '', NULL, 0, 7733, '0000-00-00 00:00:00', '0000-00-00 00:00:00'),
(4907, '', 'asharp@fdda.com.', 'asharp@fdda.com.', '', '', NULL, '', NULL, 0, 7734, '0000-00-00 00:00:00', '0000-00-00 00:00:00'),
(4908, '', 'mark.barbarulo@ringpower.com', 'mark.barbarulo@ringpower.com', '', '', NULL, '', NULL, 0, 7735, '0000-00-00 00:00:00', '0000-00-00 00:00:00'),
(4909, '', 'Cad@macgregorsmith.com', 'Cad@macgregorsmith.com', '', '', NULL, '', NULL, 0, 7736, '0000-00-00 00:00:00', '0000-00-00 00:00:00'),
(4910, '', 'david@plans-specs.com', 'david@plans-specs.com', '', '', NULL, '', NULL, 0, 7737, '0000-00-00 00:00:00', '0000-00-00 00:00:00'),
(4911, '', 'contactus@cscos.com', 'contactus@cscos.com', '', '', NULL, '', NULL, 0, 7738, '0000-00-00 00:00:00', '0000-00-00 00:00:00'),
(4912, '', 'michele@geomarks.com', 'michele@geomarks.com', '', '', NULL, '', NULL, 0, 7739, '0000-00-00 00:00:00', '0000-00-00 00:00:00'),
(4913, '', 'crystal@geomarks.com', 'crystal@geomarks.com', '', '', NULL, '', NULL, 0, 7740, '0000-00-00 00:00:00', '0000-00-00 00:00:00'),
(4914, '', 'kysadonawaconstruction@yahoo.com', 'kysadonawaconstruction@yahoo.com', '', '', NULL, '', NULL, 0, 7741, '0000-00-00 00:00:00', '0000-00-00 00:00:00'),
(4915, '', 'lmoore2672@aol.com', 'lmoore2672@aol.com', '', '', NULL, '', NULL, 0, 7742, '0000-00-00 00:00:00', '0000-00-00 00:00:00'),
(4916, '', 'MCRAPO@STONEAGEPAVERS.COM', 'MCRAPO@STONEAGEPAVERS.COM', '', '', NULL, '', NULL, 0, 7743, '0000-00-00 00:00:00', '0000-00-00 00:00:00'),
(4917, '', 'kevin@stonetiledirect.com', 'kevin@stonetiledirect.com', '', '', NULL, '', NULL, 0, 7744, '0000-00-00 00:00:00', '0000-00-00 00:00:00'),
(4918, '', 'cameronepost@yahoo.com', 'cameronepost@yahoo.com', '', '', NULL, '', NULL, 0, 7745, '0000-00-00 00:00:00', '0000-00-00 00:00:00'),
(4919, '', 'george@jonesfireandsecurity.com', 'george@jonesfireandsecurity.com', '', '', NULL, '', NULL, 0, 7746, '0000-00-00 00:00:00', '0000-00-00 00:00:00'),
(4920, '', 'rjt@wiginton.net', 'rjt@wiginton.net', '', '', NULL, '', NULL, 0, 7747, '0000-00-00 00:00:00', '0000-00-00 00:00:00'),
(4921, '', 'bensibleyiv@earthlink.net', 'bensibleyiv@earthlink.net', '', '', NULL, '', NULL, 0, 7748, '0000-00-00 00:00:00', '0000-00-00 00:00:00'),
(4922, '', 'lshields@energyair.com', 'lshields@energyair.com', '', '', NULL, '', NULL, 0, 7749, '0000-00-00 00:00:00', '0000-00-00 00:00:00'),
(4923, '', 'JNEwing@aol.com', 'JNEwing@aol.com', '', '', NULL, '', NULL, 0, 7750, '0000-00-00 00:00:00', '0000-00-00 00:00:00'),
(4924, '', 'g.horman@fldist.com', 'g.horman@fldist.com', '', '', NULL, '', NULL, 0, 7751, '0000-00-00 00:00:00', '0000-00-00 00:00:00'),
(4925, '', 'flamechanical@aol.com', 'flamechanical@aol.com', '', '', NULL, '', NULL, 0, 7752, '0000-00-00 00:00:00', '0000-00-00 00:00:00'),
(4926, '', 'randy@franklinbay.com', 'randy@franklinbay.com', '', '', NULL, '', NULL, 0, 7753, '0000-00-00 00:00:00', '0000-00-00 00:00:00'),
(4927, '', 'robert@irvinefl.com', 'robert@irvinefl.com', '', '', NULL, '', NULL, 0, 7754, '0000-00-00 00:00:00', '0000-00-00 00:00:00'),
(4928, '', 'egonzalez@jacroson.com', 'egonzalez@jacroson.com', '', '', NULL, '', NULL, 0, 7755, '0000-00-00 00:00:00', '0000-00-00 00:00:00'),
(4929, '', 'mc2@mc2inc.net', 'mc2@mc2inc.net', '', '', NULL, '', NULL, 0, 7756, '0000-00-00 00:00:00', '0000-00-00 00:00:00'),
(4930, '', 'metroairtech@msn.com', 'metroairtech@msn.com', '', '', NULL, '', NULL, 0, 7757, '0000-00-00 00:00:00', '0000-00-00 00:00:00'),
(4931, '', 'ogeewill@yahoo.com', 'ogeewill@yahoo.com', '', '', NULL, '', NULL, 0, 7758, '0000-00-00 00:00:00', '0000-00-00 00:00:00'),
(4932, '', 'raficaza6667@hotmail.com', 'raficaza6667@hotmail.com', '', '', NULL, '', NULL, 0, 7759, '0000-00-00 00:00:00', '0000-00-00 00:00:00'),
(4933, '', 'Toddg@westbrookfl.com', 'Toddg@westbrookfl.com', '', '', NULL, '', NULL, 0, 7760, '0000-00-00 00:00:00', '0000-00-00 00:00:00'),
(4934, '', 'rr.reliance@rrsc.com', 'rr.reliance@rrsc.com', '', '', NULL, '', NULL, 0, 7761, '0000-00-00 00:00:00', '0000-00-00 00:00:00'),
(4935, '', 'mark@romaplumbing.com', 'mark@romaplumbing.com', '', '', NULL, '', NULL, 0, 7762, '0000-00-00 00:00:00', '0000-00-00 00:00:00'),
(4936, '', 'Paul@paramountplumbingfla.com', 'Paul@paramountplumbingfla.com', '', '', NULL, '', NULL, 0, 7763, '0000-00-00 00:00:00', '0000-00-00 00:00:00'),
(4937, '', 'xrbm@msn.com', 'xrbm@msn.com', '', '', NULL, '', NULL, 0, 7764, '0000-00-00 00:00:00', '0000-00-00 00:00:00'),
(4938, '', 'tejuneau@yahoo.com', 'tejuneau@yahoo.com', '', '', NULL, '', NULL, 0, 7765, '0000-00-00 00:00:00', '0000-00-00 00:00:00'),
(4939, '', 'estimating@srplumbing.com', 'estimating@srplumbing.com', '', '', NULL, '', NULL, 0, 7766, '0000-00-00 00:00:00', '0000-00-00 00:00:00'),
(4940, '', 'edc@westbrookfl.com', 'edc@westbrookfl.com', '', '', NULL, '', NULL, 0, 7767, '0000-00-00 00:00:00', '0000-00-00 00:00:00'),
(4941, '', 'wjmbuilding@earthlink.net', 'wjmbuilding@earthlink.net', '', '', NULL, '', NULL, 0, 7768, '0000-00-00 00:00:00', '0000-00-00 00:00:00'),
(4942, '', 'twright@A-S.com', 'twright@A-S.com', '', '', NULL, '', NULL, 0, 7769, '0000-00-00 00:00:00', '0000-00-00 00:00:00'),
(4943, '', 'CWDConnie@Hotmail.com', 'CWDConnie@Hotmail.com', '', '', NULL, '', NULL, 0, 7770, '0000-00-00 00:00:00', '0000-00-00 00:00:00'),
(4944, '', 'denise@dittdeck.com', 'denise@dittdeck.com', '', '', NULL, '', NULL, 0, 7771, '0000-00-00 00:00:00', '0000-00-00 00:00:00'),
(4945, '', 'Tommy@floridafabrication.net', 'Tommy@floridafabrication.net', '', '', NULL, '', NULL, 0, 7772, '0000-00-00 00:00:00', '0000-00-00 00:00:00'),
(4946, '', 'sales@footesteel.com ', 'sales@footesteel.com ', '', '', NULL, '', NULL, 0, 7773, '0000-00-00 00:00:00', '0000-00-00 00:00:00'),
(4947, '', 'marvin.cabrera@philamwelding.com', 'marvin.cabrera@philamwelding.com', '', '', NULL, '', NULL, 0, 7774, '0000-00-00 00:00:00', '0000-00-00 00:00:00'),
(4948, '', 'pwsmetalworks@bellsouth.net', 'pwsmetalworks@bellsouth.net', '', '', NULL, '', NULL, 0, 7775, '0000-00-00 00:00:00', '0000-00-00 00:00:00'),
(4949, '', 'jsousa@cemexusa.com', 'jsousa@cemexusa.com', '', '', NULL, '', NULL, 0, 7776, '0000-00-00 00:00:00', '0000-00-00 00:00:00'),
(4950, '', 'Kristen.helms@lgst.com', 'Kristen.helms@lgst.com', '', '', NULL, '', NULL, 0, 7777, '0000-00-00 00:00:00', '0000-00-00 00:00:00'),
(4951, '', 'rm@armor-art.com', 'rm@armor-art.com', '', '', NULL, '', NULL, 0, 7778, '0000-00-00 00:00:00', '0000-00-00 00:00:00'),
(4952, '', 'allmetalsweldfab@att.net', 'allmetalsweldfab@att.net', '', '', NULL, '', NULL, 0, 7779, '0000-00-00 00:00:00', '0000-00-00 00:00:00'),
(4953, '', 'jsweeney.ces@gmail.com', 'jsweeney.ces@gmail.com', '', '', NULL, '', NULL, 0, 7780, '0000-00-00 00:00:00', '0000-00-00 00:00:00'),
(4954, '', 'windy_siegel@yahoo.com', 'windy_siegel@yahoo.com', '', '', NULL, '', NULL, 0, 7781, '0000-00-00 00:00:00', '0000-00-00 00:00:00'),
(4955, '', 'kebbaz@embarqmall.com', 'kebbaz@embarqmall.com', '', '', NULL, '', NULL, 0, 7782, '0000-00-00 00:00:00', '0000-00-00 00:00:00'),
(4956, '', 'estimating@central environmental.com', 'estimating@central environmental.com', '', '', NULL, '', NULL, 0, 7783, '0000-00-00 00:00:00', '0000-00-00 00:00:00'),
(4957, '', 'jesse7racing@yahoo.com', 'jesse7racing@yahoo.com', '', '', NULL, '', NULL, 0, 7784, '0000-00-00 00:00:00', '0000-00-00 00:00:00'),
(4958, '', 'abshireerosion@aol.com', 'abshireerosion@aol.com', '', '', NULL, '', NULL, 0, 7785, '0000-00-00 00:00:00', '0000-00-00 00:00:00'),
(4959, '', 'kcenvironmental@bellsouth.net', 'kcenvironmental@bellsouth.net', '', '', NULL, '', NULL, 0, 7786, '0000-00-00 00:00:00', '0000-00-00 00:00:00'),
(4960, '', 'jr@wrightsinc.com', 'jr@wrightsinc.com', '', '', NULL, '', NULL, 0, 7787, '0000-00-00 00:00:00', '0000-00-00 00:00:00'),
(4961, '', 'ray@allritefence.com', 'ray@allritefence.com', '', '', NULL, '', NULL, 0, 7788, '0000-00-00 00:00:00', '0000-00-00 00:00:00'),
(4962, '', 'hrsommer@earthlink.net', 'hrsommer@earthlink.net', '', '', NULL, '', NULL, 0, 7789, '0000-00-00 00:00:00', '0000-00-00 00:00:00'),
(4963, '', 'info@carolkingscapes.com', 'info@carolkingscapes.com', '', '', NULL, '', NULL, 0, 7790, '0000-00-00 00:00:00', '0000-00-00 00:00:00');
INSERT INTO `users` (`id`, `type`, `email`, `username`, `first_name`, `last_name`, `position`, `password`, `remember_token`, `status`, `vendor_id`, `created_at`, `updated_at`) VALUES
(4964, '', 'rusty@citybeautifullandscaping.com', 'rusty@citybeautifullandscaping.com', '', '', NULL, '', NULL, 0, 7791, '0000-00-00 00:00:00', '0000-00-00 00:00:00'),
(4965, '', 'awillardandrews@aol.com', 'awillardandrews@aol.com', '', '', NULL, '', NULL, 0, 7792, '0000-00-00 00:00:00', '0000-00-00 00:00:00'),
(4966, '', 'scheduling@focalpointlandscape.com', 'scheduling@focalpointlandscape.com', '', '', NULL, '', NULL, 0, 7793, '0000-00-00 00:00:00', '0000-00-00 00:00:00'),
(4967, '', 'cornibert@embarqmail.com', 'cornibert@embarqmail.com', '', '', NULL, '', NULL, 0, 7794, '0000-00-00 00:00:00', '0000-00-00 00:00:00'),
(4968, '', 'Holly@greener-gardens.com', 'Holly@greener-gardens.com', '', '', NULL, '', NULL, 0, 7795, '0000-00-00 00:00:00', '0000-00-00 00:00:00'),
(4969, '', 'h2o_summer@bellsouth.net', 'h2o_summer@bellsouth.net', '', '', NULL, '', NULL, 0, 7796, '0000-00-00 00:00:00', '0000-00-00 00:00:00'),
(4970, '', 'adetwiler@integrityfirstlandscaping.com', 'adetwiler@integrityfirstlandscaping.com', '', '', NULL, '', NULL, 0, 7797, '0000-00-00 00:00:00', '0000-00-00 00:00:00'),
(4971, '', 'kenlinland@aol.com', 'kenlinland@aol.com', '', '', NULL, '', NULL, 0, 7798, '0000-00-00 00:00:00', '0000-00-00 00:00:00'),
(4972, '', 'Kellee@landforminc.com', 'Kellee@landforminc.com', '', '', NULL, '', NULL, 0, 7799, '0000-00-00 00:00:00', '0000-00-00 00:00:00'),
(4973, '', 'estimating@landforminc.com', 'estimating@landforminc.com', '', '', NULL, '', NULL, 0, 7800, '0000-00-00 00:00:00', '0000-00-00 00:00:00'),
(4974, '', 'admin@landirr.com', 'admin@landirr.com', '', '', NULL, '', NULL, 0, 7801, '0000-00-00 00:00:00', '0000-00-00 00:00:00'),
(4975, '', 'estimator@ldgi.us', 'estimator@ldgi.us', '', '', NULL, '', NULL, 0, 7802, '0000-00-00 00:00:00', '0000-00-00 00:00:00'),
(4976, '', 'liquidsunshinegm@yahoo.com', 'liquidsunshinegm@yahoo.com', '', '', NULL, '', NULL, 0, 7803, '0000-00-00 00:00:00', '0000-00-00 00:00:00'),
(4977, '', 'rob@stlc.net', 'rob@stlc.net', '', '', NULL, '', NULL, 0, 7804, '0000-00-00 00:00:00', '0000-00-00 00:00:00'),
(4978, '', 'cleung@sterlingsilverlandscaping.com', 'cleung@sterlingsilverlandscaping.com', '', '', NULL, '', NULL, 0, 7805, '0000-00-00 00:00:00', '0000-00-00 00:00:00'),
(4979, '', 'TNGrass@bellsouth.net', 'TNGrass@bellsouth.net', '', '', NULL, '', NULL, 0, 7806, '0000-00-00 00:00:00', '0000-00-00 00:00:00'),
(4980, '', 'Kirk@thetrostgroup.com', 'Kirk@thetrostgroup.com', '', '', NULL, '', NULL, 0, 7807, '0000-00-00 00:00:00', '0000-00-00 00:00:00'),
(4981, '', 'jstatham@valleycrest.com', 'jstatham@valleycrest.com', '', '', NULL, '', NULL, 0, 7808, '0000-00-00 00:00:00', '0000-00-00 00:00:00'),
(4982, '', 'projectmgmt@visionscapelandscaping.com', 'projectmgmt@visionscapelandscaping.com', '', '', NULL, '', NULL, 0, 7809, '0000-00-00 00:00:00', '0000-00-00 00:00:00'),
(4983, '', 'mike@vlscape.com', 'mike@vlscape.com', '', '', NULL, '', NULL, 0, 7810, '0000-00-00 00:00:00', '0000-00-00 00:00:00'),
(4984, '', 'wggrassing@cfl.rr.com', 'wggrassing@cfl.rr.com', '', '', NULL, '', NULL, 0, 7811, '0000-00-00 00:00:00', '0000-00-00 00:00:00'),
(4985, '', 'Suzy@WinterGardenGrassing.com', 'Suzy@WinterGardenGrassing.com', '', '', NULL, '', NULL, 0, 7812, '0000-00-00 00:00:00', '0000-00-00 00:00:00'),
(4986, '', 'prestigepavinginc@yahoo.com', 'prestigepavinginc@yahoo.com', '', '', NULL, '', NULL, 0, 7813, '0000-00-00 00:00:00', '0000-00-00 00:00:00'),
(4987, '', 'universalpaving@bellsouth.net', 'universalpaving@bellsouth.net', '', '', NULL, '', NULL, 0, 7814, '0000-00-00 00:00:00', '0000-00-00 00:00:00'),
(4988, '', 'debbie@allproservicesco.com', 'debbie@allproservicesco.com', '', '', NULL, '', NULL, 0, 7815, '0000-00-00 00:00:00', '0000-00-00 00:00:00'),
(4989, '', 'linda@callbrownies.com', 'linda@callbrownies.com', '', '', NULL, '', NULL, 0, 7816, '0000-00-00 00:00:00', '0000-00-00 00:00:00'),
(4990, '', 'cornerstonesite@yahoo.com', 'cornerstonesite@yahoo.com', '', '', NULL, '', NULL, 0, 7817, '0000-00-00 00:00:00', '0000-00-00 00:00:00'),
(4991, '', 'ndawg4469@yahoo.com', 'ndawg4469@yahoo.com', '', '', NULL, '', NULL, 0, 7818, '0000-00-00 00:00:00', '0000-00-00 00:00:00'),
(4992, '', 'al@groundhound.com', 'al@groundhound.com', '', '', NULL, '', NULL, 0, 7819, '0000-00-00 00:00:00', '0000-00-00 00:00:00'),
(4993, '', 'michaelahale@yahoo.com', 'michaelahale@yahoo.com', '', '', NULL, '', NULL, 0, 7820, '0000-00-00 00:00:00', '0000-00-00 00:00:00'),
(4994, '', 'Nick@SDCFL.com', 'Nick@SDCFL.com', '', '', NULL, '', NULL, 0, 7821, '0000-00-00 00:00:00', '0000-00-00 00:00:00'),
(4995, '', 'mdillon@pestbear.com', 'mdillon@pestbear.com', '', '', NULL, '', NULL, 0, 7822, '0000-00-00 00:00:00', '0000-00-00 00:00:00'),
(4996, '', 'ddavis1407@aol.com', 'ddavis1407@aol.com', '', '', NULL, '', NULL, 0, 7823, '0000-00-00 00:00:00', '0000-00-00 00:00:00'),
(4997, '', 'TBirney@daktronics.com', 'TBirney@daktronics.com', '', '', NULL, '', NULL, 0, 7824, '0000-00-00 00:00:00', '0000-00-00 00:00:00'),
(4998, '', 'mmflags@aol.com', 'mmflags@aol.com', '', '', NULL, '', NULL, 0, 7825, '0000-00-00 00:00:00', '0000-00-00 00:00:00'),
(4999, '', 'pgabriel@remsystems.com', 'pgabriel@remsystems.com', '', '', NULL, '', NULL, 0, 7826, '0000-00-00 00:00:00', '0000-00-00 00:00:00'),
(5000, '', 'gsi@gsi-signs.com', 'gsi@gsi-signs.com', '', '', NULL, '', NULL, 0, 7827, '0000-00-00 00:00:00', '0000-00-00 00:00:00'),
(5001, '', 'Sales@ProImageSigns.com', 'Sales@ProImageSigns.com', '', '', NULL, '', NULL, 0, 7828, '0000-00-00 00:00:00', '0000-00-00 00:00:00'),
(5002, '', 'signswonders@bellsouth.net', 'signswonders@bellsouth.net', '', '', NULL, '', NULL, 0, 7829, '0000-00-00 00:00:00', '0000-00-00 00:00:00'),
(5003, '', 'signkingfl@aol.com', 'signkingfl@aol.com', '', '', NULL, '', NULL, 0, 7830, '0000-00-00 00:00:00', '0000-00-00 00:00:00'),
(5004, '', 'myuniversalinfo@gmail.com', 'myuniversalinfo@gmail.com', '', '', NULL, '', NULL, 0, 7831, '0000-00-00 00:00:00', '0000-00-00 00:00:00'),
(5005, '', 'alacrproc@aol.com', 'alacrproc@aol.com', '', '', NULL, '', NULL, 0, 7832, '0000-00-00 00:00:00', '0000-00-00 00:00:00'),
(5006, '', 'Miguel_Tirado@bellsouth.net', 'Miguel_Tirado@bellsouth.net', '', '', NULL, '', NULL, 0, 7833, '0000-00-00 00:00:00', '0000-00-00 00:00:00'),
(5007, '', 'amersan@aol.com', 'amersan@aol.com', '', '', NULL, '', NULL, 0, 7834, '0000-00-00 00:00:00', '0000-00-00 00:00:00'),
(5008, '', 'bob.stephan@cps-partitions.com', 'bob.stephan@cps-partitions.com', '', '', NULL, '', NULL, 0, 7835, '0000-00-00 00:00:00', '0000-00-00 00:00:00'),
(5009, '', 'smithwassatt@earthlink.net', 'smithwassatt@earthlink.net', '', '', NULL, '', NULL, 0, 7836, '0000-00-00 00:00:00', '0000-00-00 00:00:00'),
(5010, '', 'info@salvadorconstruction.com', 'info@salvadorconstruction.com', '', '', NULL, '', NULL, 0, 7837, '0000-00-00 00:00:00', '0000-00-00 00:00:00'),
(5011, '', 'bondipapo@aol.com', 'bondipapo@aol.com', '', '', NULL, '', NULL, 0, 7838, '0000-00-00 00:00:00', '0000-00-00 00:00:00'),
(5012, '', 'Johnny@ancroofing.com', 'Johnny@ancroofing.com', '', '', NULL, '', NULL, 0, 7839, '0000-00-00 00:00:00', '0000-00-00 00:00:00'),
(5013, '', 'bburns@qualitymetals.net', 'bburns@qualitymetals.net', '', '', NULL, '', NULL, 0, 7840, '0000-00-00 00:00:00', '0000-00-00 00:00:00'),
(5014, '', 'jlong9@cfl.rr.com', 'jlong9@cfl.rr.com', '', '', NULL, '', NULL, 0, 7841, '0000-00-00 00:00:00', '0000-00-00 00:00:00'),
(5015, '', 'estimating@delphini.com', 'estimating@delphini.com', '', '', NULL, '', NULL, 0, 7842, '0000-00-00 00:00:00', '0000-00-00 00:00:00'),
(5016, '', 'mwinant@generalworksroofing.com', 'mwinant@generalworksroofing.com', '', '', NULL, '', NULL, 0, 7843, '0000-00-00 00:00:00', '0000-00-00 00:00:00'),
(5017, '', 'allbrothersroofingllc@gmail.com', 'allbrothersroofingllc@gmail.com', '', '', NULL, '', NULL, 0, 7844, '0000-00-00 00:00:00', '0000-00-00 00:00:00'),
(5018, '', 'jt@jtiroofing.com', 'jt@jtiroofing.com', '', '', NULL, '', NULL, 0, 7845, '0000-00-00 00:00:00', '0000-00-00 00:00:00'),
(5019, '', 'bkmcstoots@aol.com', 'bkmcstoots@aol.com', '', '', NULL, '', NULL, 0, 7846, '0000-00-00 00:00:00', '0000-00-00 00:00:00'),
(5020, '', 'athompson@resilientroofing.com', 'athompson@resilientroofing.com', '', '', NULL, '', NULL, 0, 7847, '0000-00-00 00:00:00', '0000-00-00 00:00:00'),
(5021, '', 'Cntrlme40@yahoo.com', 'Cntrlme40@yahoo.com', '', '', NULL, '', NULL, 0, 7848, '0000-00-00 00:00:00', '0000-00-00 00:00:00'),
(5022, '', 'info@sealswaterproofing.com', 'info@sealswaterproofing.com', '', '', NULL, '', NULL, 0, 7849, '0000-00-00 00:00:00', '0000-00-00 00:00:00'),
(5023, '', 'allbuildersinc@yahoo.com', 'allbuildersinc@yahoo.com', '', '', NULL, '', NULL, 0, 7850, '0000-00-00 00:00:00', '0000-00-00 00:00:00'),
(5024, '', 'Ross@westorangelumber.com', 'Ross@westorangelumber.com', '', '', NULL, '', NULL, 0, 7851, '0000-00-00 00:00:00', '0000-00-00 00:00:00'),
(5025, '', 'alcabinets@cfl.rr.com', 'alcabinets@cfl.rr.com', '', '', NULL, '', NULL, 0, 7852, '0000-00-00 00:00:00', '0000-00-00 00:00:00'),
(5026, '', 'jessiehughes@earthlink.net', 'jessiehughes@earthlink.net', '', '', NULL, '', NULL, 0, 7853, '0000-00-00 00:00:00', '0000-00-00 00:00:00'),
(5027, '', 'aamillwork@hotmail.com', 'aamillwork@hotmail.com', '', '', NULL, '', NULL, 0, 7854, '0000-00-00 00:00:00', '0000-00-00 00:00:00'),
(5028, '', 'mysubcontractor@gmail.com', 'mysubcontractor@gmail.com', '', '', NULL, '', NULL, 0, 7855, '0000-00-00 00:00:00', '0000-00-00 00:00:00'),
(5029, '', 'rogerglenco@bellsouth.net', 'rogerglenco@bellsouth.net', '', '', NULL, '', NULL, 0, 7856, '0000-00-00 00:00:00', '0000-00-00 00:00:00'),
(5030, '', 'roger@glencoindustries.com', 'roger@glencoindustries.com', '', '', NULL, '', NULL, 0, 7857, '0000-00-00 00:00:00', '0000-00-00 00:00:00'),
(5031, '', 'Kavanaughan@aol.com', 'Kavanaughan@aol.com', '', '', NULL, '', NULL, 0, 7858, '0000-00-00 00:00:00', '0000-00-00 00:00:00'),
(5032, '', 'todde@bcg.bz', 'todde@bcg.bz', '', '', NULL, '', NULL, 0, 7859, '0000-00-00 00:00:00', '0000-00-00 00:00:00'),
(5033, '', 'richardb@bcg.bz', 'richardb@bcg.bz', '', '', NULL, '', NULL, 0, 7860, '0000-00-00 00:00:00', '0000-00-00 00:00:00'),
(5034, '', 'rickmoya529@hotmail.com', 'rickmoya529@hotmail.com', '', '', NULL, '', NULL, 0, 7861, '0000-00-00 00:00:00', '0000-00-00 00:00:00'),
(5035, '', 'usfence1@gmail.com', 'usfence1@gmail.com', '', '', NULL, '', NULL, 0, 7862, '0000-00-00 00:00:00', '0000-00-00 00:00:00'),
(5036, '', 'floors@gerstung.com', 'floors@gerstung.com', '', '', NULL, '', NULL, 0, 7863, '0000-00-00 00:00:00', '0000-00-00 00:00:00'),
(5037, '', 'barbieshauling@yahoo.com', 'barbieshauling@yahoo.com', '', '', NULL, '', NULL, 0, 7864, '0000-00-00 00:00:00', '0000-00-00 00:00:00'),
(5038, '', 'dgilbert@soundseal.com', 'dgilbert@soundseal.com', '', '', NULL, '', NULL, 0, 7865, '0000-00-00 00:00:00', '0000-00-00 00:00:00'),
(5039, '', 'michellezierk@yahoo.com', 'michellezierk@yahoo.com', '', '', NULL, '', NULL, 0, 7866, '0000-00-00 00:00:00', '0000-00-00 00:00:00'),
(5040, '', 'mud.slingers@sbcglobal.net', 'mud.slingers@sbcglobal.net', '', '', NULL, '', NULL, 0, 7867, '0000-00-00 00:00:00', '0000-00-00 00:00:00'),
(5041, '', 'Dean@Carnahanwhite.com', 'Dean@Carnahanwhite.com', '', '', NULL, '', NULL, 0, 7868, '0000-00-00 00:00:00', '0000-00-00 00:00:00'),
(5042, '', 'jfilippo@white-electrical.com', 'jfilippo@white-electrical.com', '', '', NULL, '', NULL, 0, 7869, '0000-00-00 00:00:00', '0000-00-00 00:00:00'),
(5043, '', 'STIncorporated@aol.com', 'STIncorporated@aol.com', '', '', NULL, '', NULL, 0, 7870, '0000-00-00 00:00:00', '0000-00-00 00:00:00'),
(5044, '', 'terrence@tspservices.com', 'terrence@tspservices.com', '', '', NULL, '', NULL, 0, 7871, '0000-00-00 00:00:00', '0000-00-00 00:00:00'),
(5045, '', 'info5@everhart-lumber.com', 'info5@everhart-lumber.com', '', '', NULL, '', NULL, 0, 7872, '0000-00-00 00:00:00', '0000-00-00 00:00:00'),
(5046, '', 'OTDINC@COMCAST.NET', 'OTDINC@COMCAST.NET', '', '', NULL, '', NULL, 0, 7873, '0000-00-00 00:00:00', '0000-00-00 00:00:00'),
(5047, '', 'mburke@progressrail.com', 'mburke@progressrail.com', '', '', NULL, '', NULL, 0, 7874, '0000-00-00 00:00:00', '0000-00-00 00:00:00'),
(5048, '', 'clilly@cableone.net', 'clilly@cableone.net', '', '', NULL, '', NULL, 0, 7875, '0000-00-00 00:00:00', '0000-00-00 00:00:00'),
(5049, '', 'generalmasonryii@bellsouth.net', 'generalmasonryii@bellsouth.net', '', '', NULL, '', NULL, 0, 7876, '0000-00-00 00:00:00', '0000-00-00 00:00:00'),
(5050, '', 'Houston@constructionconceptsofar.com', 'Houston@constructionconceptsofar.com', '', '', NULL, '', NULL, 0, 7877, '0000-00-00 00:00:00', '0000-00-00 00:00:00'),
(5051, '', 'lassiter.steven@gmail.com', 'lassiter.steven@gmail.com', '', '', NULL, '', NULL, 0, 7878, '0000-00-00 00:00:00', '0000-00-00 00:00:00'),
(5052, '', 'jcw5314@hotmail.com', 'jcw5314@hotmail.com', '', '', NULL, '', NULL, 0, 7879, '0000-00-00 00:00:00', '0000-00-00 00:00:00'),
(5053, '', 'glynhumphrey@bellsouth.net', 'glynhumphrey@bellsouth.net', '', '', NULL, '', NULL, 0, 7880, '0000-00-00 00:00:00', '0000-00-00 00:00:00'),
(5054, '', 'james@huntco.com', 'james@huntco.com', '', '', NULL, '', NULL, 0, 7881, '0000-00-00 00:00:00', '0000-00-00 00:00:00'),
(5055, '', 'doorengineering@cox.net', 'doorengineering@cox.net', '', '', NULL, '', NULL, 0, 7882, '0000-00-00 00:00:00', '0000-00-00 00:00:00'),
(5056, '', 'hqisales@hydroquipinc.com', 'hqisales@hydroquipinc.com', '', '', NULL, '', NULL, 0, 7883, '0000-00-00 00:00:00', '0000-00-00 00:00:00'),
(5057, '', 'jenniferbeauchamp@hotmail.com', 'jenniferbeauchamp@hotmail.com', '', '', NULL, '', NULL, 0, 7884, '0000-00-00 00:00:00', '0000-00-00 00:00:00'),
(5058, '', 'MLods@ARDESIGN-INC.COM', 'MLods@ARDESIGN-INC.COM', '', '', NULL, '', NULL, 0, 7885, '0000-00-00 00:00:00', '0000-00-00 00:00:00'),
(5059, '', 'bbryant@roughbros.com', 'bbryant@roughbros.com', '', '', NULL, '', NULL, 0, 7886, '0000-00-00 00:00:00', '0000-00-00 00:00:00'),
(5060, '', 'steve@wondermetals.com', 'steve@wondermetals.com', '', '', NULL, '', NULL, 0, 7887, '0000-00-00 00:00:00', '0000-00-00 00:00:00'),
(5061, '', 'wadkins@rileen1.com', 'wadkins@rileen1.com', '', '', NULL, '', NULL, 0, 7888, '0000-00-00 00:00:00', '0000-00-00 00:00:00'),
(5062, '', 'skek@bellsouth.net', 'skek@bellsouth.net', '', '', NULL, '', NULL, 0, 7889, '0000-00-00 00:00:00', '0000-00-00 00:00:00'),
(5063, '', 'aalbarran@ktstoneworks.com', 'aalbarran@ktstoneworks.com', '', '', NULL, '', NULL, 0, 7890, '0000-00-00 00:00:00', '0000-00-00 00:00:00'),
(5064, '', 'suellen@pcsfiber.com', 'suellen@pcsfiber.com', '', '', NULL, '', NULL, 0, 7891, '0000-00-00 00:00:00', '0000-00-00 00:00:00'),
(5065, '', 'VCollins@Davcoelectric.com', 'VCollins@Davcoelectric.com', '', '', NULL, '', NULL, 0, 7892, '0000-00-00 00:00:00', '0000-00-00 00:00:00'),
(5066, '', 'ericsinclair@acousti.com', 'ericsinclair@acousti.com', '', '', NULL, '', NULL, 0, 7893, '0000-00-00 00:00:00', '0000-00-00 00:00:00'),
(5067, '', 'bing@jjrconstruction.com', 'bing@jjrconstruction.com', '', '', NULL, '', NULL, 0, 7894, '0000-00-00 00:00:00', '0000-00-00 00:00:00'),
(5068, '', 'rencoplumbing@aol.com', 'rencoplumbing@aol.com', '', '', NULL, '', NULL, 0, 7895, '0000-00-00 00:00:00', '0000-00-00 00:00:00'),
(5069, '', 'alucon@bellsouth.net', 'alucon@bellsouth.net', '', '', NULL, '', NULL, 0, 7896, '0000-00-00 00:00:00', '0000-00-00 00:00:00'),
(5070, '', 'TOM@ARCHITECTUREMETALS.COM', 'TOM@ARCHITECTUREMETALS.COM', '', '', NULL, '', NULL, 0, 7897, '0000-00-00 00:00:00', '0000-00-00 00:00:00'),
(5071, '', 'brent@sportsurfaces.com', 'brent@sportsurfaces.com', '', '', NULL, '', NULL, 0, 7898, '0000-00-00 00:00:00', '0000-00-00 00:00:00'),
(5072, '', 'priscilla@bgdemolition.com', 'priscilla@bgdemolition.com', '', '', NULL, '', NULL, 0, 7899, '0000-00-00 00:00:00', '0000-00-00 00:00:00'),
(5073, '', 'monstercontracting@yahoo.com', 'monstercontracting@yahoo.com', '', '', NULL, '', NULL, 0, 7900, '0000-00-00 00:00:00', '0000-00-00 00:00:00'),
(5074, '', 'rmiller@zf-inc.com', 'rmiller@zf-inc.com', '', '', NULL, '', NULL, 0, 7901, '0000-00-00 00:00:00', '0000-00-00 00:00:00'),
(5075, '', 'sean@aquaturfintl.com ', 'sean@aquaturfintl.com ', '', '', NULL, '', NULL, 0, 7902, '0000-00-00 00:00:00', '0000-00-00 00:00:00'),
(5076, '', 'mike@mikeroachinc.com', 'mike@mikeroachinc.com', '', '', NULL, '', NULL, 0, 7903, '0000-00-00 00:00:00', '0000-00-00 00:00:00'),
(5077, '', 'mfong@diligentpest.com', 'mfong@diligentpest.com', '', '', NULL, '', NULL, 0, 7904, '0000-00-00 00:00:00', '0000-00-00 00:00:00'),
(5078, '', 'margaret@baronsign.com', 'margaret@baronsign.com', '', '', NULL, '', NULL, 0, 7905, '0000-00-00 00:00:00', '0000-00-00 00:00:00'),
(5079, '', 'streetsignsusa@bellsouth.net', 'streetsignsusa@bellsouth.net', '', '', NULL, '', NULL, 0, 7906, '0000-00-00 00:00:00', '0000-00-00 00:00:00'),
(5080, '', 'mike.goff@hwy-tech.com', 'mike.goff@hwy-tech.com', '', '', NULL, '', NULL, 0, 7907, '0000-00-00 00:00:00', '0000-00-00 00:00:00'),
(5081, '', 'cshumway07@comcast.net', 'cshumway07@comcast.net', '', '', NULL, '', NULL, 0, 7908, '0000-00-00 00:00:00', '0000-00-00 00:00:00'),
(5082, '', 'roofsplusinc@aol.com', 'roofsplusinc@aol.com', '', '', NULL, '', NULL, 0, 7909, '0000-00-00 00:00:00', '0000-00-00 00:00:00'),
(5083, '', 'romina@roofingteam.net', 'romina@roofingteam.net', '', '', NULL, '', NULL, 0, 7910, '0000-00-00 00:00:00', '0000-00-00 00:00:00'),
(5084, '', 'info@purcellaconstruction.com', 'info@purcellaconstruction.com', '', '', NULL, '', NULL, 0, 7911, '0000-00-00 00:00:00', '0000-00-00 00:00:00'),
(5085, '', 'rodney@zunielectric.com', 'rodney@zunielectric.com', '', '', NULL, '', NULL, 0, 7912, '0000-00-00 00:00:00', '0000-00-00 00:00:00'),
(5086, '', 'pg@polsonandgrady.com ', 'pg@polsonandgrady.com ', '', '', NULL, '', NULL, 0, 7913, '0000-00-00 00:00:00', '0000-00-00 00:00:00'),
(5087, '', 'gh@generalhydronics.com', 'gh@generalhydronics.com', '', '', NULL, '', NULL, 0, 7914, '0000-00-00 00:00:00', '0000-00-00 00:00:00'),
(5088, '', 'mesaverde@mesaverdeinc.com', 'mesaverde@mesaverdeinc.com', '', '', NULL, '', NULL, 0, 7915, '0000-00-00 00:00:00', '0000-00-00 00:00:00'),
(5089, '', 'lahmannfencing@att.net', 'lahmannfencing@att.net', '', '', NULL, '', NULL, 0, 7916, '0000-00-00 00:00:00', '0000-00-00 00:00:00'),
(5090, '', 'briore@gorbel.com', 'briore@gorbel.com', '', '', NULL, '', NULL, 0, 7917, '0000-00-00 00:00:00', '0000-00-00 00:00:00'),
(5091, '', 'platinumdwmain.com', 'platinumdwmain.com', '', '', NULL, '', NULL, 0, 7918, '0000-00-00 00:00:00', '0000-00-00 00:00:00'),
(5092, '', 'chuckb@platinumdwmain.com', 'chuckb@platinumdwmain.com', '', '', NULL, '', NULL, 0, 7919, '0000-00-00 00:00:00', '0000-00-00 00:00:00'),
(5093, '', 'flintjackie@aol.com', 'flintjackie@aol.com', '', '', NULL, '', NULL, 0, 7920, '0000-00-00 00:00:00', '0000-00-00 00:00:00'),
(5094, '', 'shaune@parkut.com', 'shaune@parkut.com', '', '', NULL, '', NULL, 0, 7921, '0000-00-00 00:00:00', '0000-00-00 00:00:00'),
(5095, '', 'freddy@custom-precast.com', 'freddy@custom-precast.com', '', '', NULL, '', NULL, 0, 7922, '0000-00-00 00:00:00', '0000-00-00 00:00:00'),
(5096, '', 'cmc@americancrescent.com', 'cmc@americancrescent.com', '', '', NULL, '', NULL, 0, 7923, '0000-00-00 00:00:00', '0000-00-00 00:00:00'),
(5097, '', 'tommy@controlscem.com', 'tommy@controlscem.com', '', '', NULL, '', NULL, 0, 7924, '0000-00-00 00:00:00', '0000-00-00 00:00:00'),
(5098, '', 'matt@smithpaintingcons.com', 'matt@smithpaintingcons.com', '', '', NULL, '', NULL, 0, 7925, '0000-00-00 00:00:00', '0000-00-00 00:00:00'),
(5099, '', 'john@metromechanical.net', 'john@metromechanical.net', '', '', NULL, '', NULL, 0, 7926, '0000-00-00 00:00:00', '0000-00-00 00:00:00'),
(5100, '', 'jamesboggs21@charter.net', 'jamesboggs21@charter.net', '', '', NULL, '', NULL, 0, 7927, '0000-00-00 00:00:00', '0000-00-00 00:00:00'),
(5101, '', 'don@accreditedtile.com', 'don@accreditedtile.com', '', '', NULL, '', NULL, 0, 7928, '0000-00-00 00:00:00', '0000-00-00 00:00:00'),
(5102, '', 'dalegroff@universalconcrete.com', 'dalegroff@universalconcrete.com', '', '', NULL, '', NULL, 0, 7929, '0000-00-00 00:00:00', '0000-00-00 00:00:00'),
(5103, '', 'info@cathers.com', 'info@cathers.com', '', '', NULL, '', NULL, 0, 7930, '0000-00-00 00:00:00', '0000-00-00 00:00:00'),
(5104, '', 'hebstudio@yahoo.com', 'hebstudio@yahoo.com', '', '', NULL, '', NULL, 0, 7931, '0000-00-00 00:00:00', '0000-00-00 00:00:00'),
(5105, '', 'ron@airtabinternational.com', 'ron@airtabinternational.com', '', '', NULL, '', NULL, 0, 7932, '0000-00-00 00:00:00', '0000-00-00 00:00:00'),
(5106, '', 'mikewilsonpf@tds.net', 'mikewilsonpf@tds.net', '', '', NULL, '', NULL, 0, 7933, '0000-00-00 00:00:00', '0000-00-00 00:00:00'),
(5107, '', 'montpetitmc@290signs.com', 'montpetitmc@290signs.com', '', '', NULL, '', NULL, 0, 7934, '0000-00-00 00:00:00', '0000-00-00 00:00:00'),
(5108, '', 'completeconcreteanddesigns@gmail.com', 'completeconcreteanddesigns@gmail.com', '', '', NULL, '', NULL, 0, 7935, '0000-00-00 00:00:00', '0000-00-00 00:00:00'),
(5109, '', 'dmiller@bcicon.com', 'dmiller@bcicon.com', '', '', NULL, '', NULL, 0, 7936, '0000-00-00 00:00:00', '0000-00-00 00:00:00'),
(5110, '', 'philiptate@bruceconcrete.com', 'philiptate@bruceconcrete.com', '', '', NULL, '', NULL, 0, 7937, '0000-00-00 00:00:00', '0000-00-00 00:00:00'),
(5111, '', 'jurz64@hotmail.com', 'jurz64@hotmail.com', '', '', NULL, '', NULL, 0, 7938, '0000-00-00 00:00:00', '0000-00-00 00:00:00'),
(5112, '', 'kiahm@beelman.com', 'kiahm@beelman.com', '', '', NULL, '', NULL, 0, 7939, '0000-00-00 00:00:00', '0000-00-00 00:00:00'),
(5113, '', 'design@creativeconcretepros.com', 'design@creativeconcretepros.com', '', '', NULL, '', NULL, 0, 7940, '0000-00-00 00:00:00', '0000-00-00 00:00:00'),
(5114, '', 'jhorstmann@helitechonline.com', 'jhorstmann@helitechonline.com', '', '', NULL, '', NULL, 0, 7941, '0000-00-00 00:00:00', '0000-00-00 00:00:00'),
(5115, '', 'cdhs399@sbcglobal.net', 'cdhs399@sbcglobal.net', '', '', NULL, '', NULL, 0, 7942, '0000-00-00 00:00:00', '0000-00-00 00:00:00'),
(5116, '', 'htojo214@sbcglobal.net', 'htojo214@sbcglobal.net', '', '', NULL, '', NULL, 0, 7943, '0000-00-00 00:00:00', '0000-00-00 00:00:00'),
(5117, '', 'jimsglassandmore@aol.com', 'jimsglassandmore@aol.com', '', '', NULL, '', NULL, 0, 7944, '0000-00-00 00:00:00', '0000-00-00 00:00:00'),
(5118, '', 'glassdoctor222@yahoo.com', 'glassdoctor222@yahoo.com', '', '', NULL, '', NULL, 0, 7945, '0000-00-00 00:00:00', '0000-00-00 00:00:00'),
(5119, '', 'info@lyonsglasscompany.com', 'info@lyonsglasscompany.com', '', '', NULL, '', NULL, 0, 7946, '0000-00-00 00:00:00', '0000-00-00 00:00:00'),
(5120, '', 'rob.verheyen@wilkewindow.com', 'rob.verheyen@wilkewindow.com', '', '', NULL, '', NULL, 0, 7947, '0000-00-00 00:00:00', '0000-00-00 00:00:00'),
(5121, '', 'allemanj@ideasthatwork.biz', 'allemanj@ideasthatwork.biz', '', '', NULL, '', NULL, 0, 7948, '0000-00-00 00:00:00', '0000-00-00 00:00:00'),
(5122, '', 'a-age@sbcglobal.net', 'a-age@sbcglobal.net', '', '', NULL, '', NULL, 0, 7949, '0000-00-00 00:00:00', '0000-00-00 00:00:00'),
(5123, '', 'elecchris@hometel.com', 'elecchris@hometel.com', '', '', NULL, '', NULL, 0, 7950, '0000-00-00 00:00:00', '0000-00-00 00:00:00'),
(5124, '', 'bartone@bartonelectricinc.com', 'bartone@bartonelectricinc.com', '', '', NULL, '', NULL, 0, 7951, '0000-00-00 00:00:00', '0000-00-00 00:00:00'),
(5125, '', 'bce@belclairelectric.com', 'bce@belclairelectric.com', '', '', NULL, '', NULL, 0, 7952, '0000-00-00 00:00:00', '0000-00-00 00:00:00'),
(5126, '', 'current1986@gmail.com', 'current1986@gmail.com', '', '', NULL, '', NULL, 0, 7953, '0000-00-00 00:00:00', '0000-00-00 00:00:00'),
(5127, '', 'mrr@htc.net', 'mrr@htc.net', '', '', NULL, '', NULL, 0, 7954, '0000-00-00 00:00:00', '0000-00-00 00:00:00'),
(5128, '', ' jthompson@glaenzerelectric.com', ' jthompson@glaenzerelectric.com', '', '', NULL, '', NULL, 0, 7955, '0000-00-00 00:00:00', '0000-00-00 00:00:00'),
(5129, '', 'jcarril@glaenzerelectric.com', 'jcarril@glaenzerelectric.com', '', '', NULL, '', NULL, 0, 7956, '0000-00-00 00:00:00', '0000-00-00 00:00:00'),
(5130, '', 'lglaenzer@glaenzerelectric.com', 'lglaenzer@glaenzerelectric.com', '', '', NULL, '', NULL, 0, 7957, '0000-00-00 00:00:00', '0000-00-00 00:00:00'),
(5131, '', 'grant.cane@geco.com', 'grant.cane@geco.com', '', '', NULL, '', NULL, 0, 7958, '0000-00-00 00:00:00', '0000-00-00 00:00:00'),
(5132, '', 'steve@headenelectric.com', 'steve@headenelectric.com', '', '', NULL, '', NULL, 0, 7959, '0000-00-00 00:00:00', '0000-00-00 00:00:00'),
(5133, '', 'jjarvis@jarvis-electric.com', 'jjarvis@jarvis-electric.com', '', '', NULL, '', NULL, 0, 7960, '0000-00-00 00:00:00', '0000-00-00 00:00:00'),
(5134, '', 'twsiddall@zakcompanies.com', 'twsiddall@zakcompanies.com', '', '', NULL, '', NULL, 0, 7961, '0000-00-00 00:00:00', '0000-00-00 00:00:00'),
(5135, '', 'littekenelectric@whisperhome.com', 'littekenelectric@whisperhome.com', '', '', NULL, '', NULL, 0, 7962, '0000-00-00 00:00:00', '0000-00-00 00:00:00'),
(5136, '', 'gbland@lowryelect.com', 'gbland@lowryelect.com', '', '', NULL, '', NULL, 0, 7963, '0000-00-00 00:00:00', '0000-00-00 00:00:00'),
(5137, '', 'macelec1254@sbcglobal.net', 'macelec1254@sbcglobal.net', '', '', NULL, '', NULL, 0, 7964, '0000-00-00 00:00:00', '0000-00-00 00:00:00'),
(5138, '', 'matt@mcelectric-inc.com', 'matt@mcelectric-inc.com', '', '', NULL, '', NULL, 0, 7965, '0000-00-00 00:00:00', '0000-00-00 00:00:00'),
(5139, '', 'contact@ofallonelectric.com', 'contact@ofallonelectric.com', '', '', NULL, '', NULL, 0, 7966, '0000-00-00 00:00:00', '0000-00-00 00:00:00'),
(5140, '', 'matt.crook@ofallenelectric.com', 'matt.crook@ofallenelectric.com', '', '', NULL, '', NULL, 0, 7967, '0000-00-00 00:00:00', '0000-00-00 00:00:00'),
(5141, '', 'matt.crook@ofallonelectric.com', 'matt.crook@ofallonelectric.com', '', '', NULL, '', NULL, 0, 7968, '0000-00-00 00:00:00', '0000-00-00 00:00:00'),
(5142, '', 'tracy.eichholz@ofallonelectric.com', 'tracy.eichholz@ofallonelectric.com', '', '', NULL, '', NULL, 0, 7969, '0000-00-00 00:00:00', '0000-00-00 00:00:00'),
(5143, '', 'pfefferelec@gmail.com', 'pfefferelec@gmail.com', '', '', NULL, '', NULL, 0, 7970, '0000-00-00 00:00:00', '0000-00-00 00:00:00'),
(5144, '', 'mkemper@pyramidelectrical.com', 'mkemper@pyramidelectrical.com', '', '', NULL, '', NULL, 0, 7971, '0000-00-00 00:00:00', '0000-00-00 00:00:00'),
(5145, '', 'rakerselectric@sbcglobal.net', 'rakerselectric@sbcglobal.net', '', '', NULL, '', NULL, 0, 7972, '0000-00-00 00:00:00', '0000-00-00 00:00:00'),
(5146, '', 'tuckerelectrical@yahoo.com', 'tuckerelectrical@yahoo.com', '', '', NULL, '', NULL, 0, 7973, '0000-00-00 00:00:00', '0000-00-00 00:00:00'),
(5147, '', 'info@wissehr.com', 'info@wissehr.com', '', '', NULL, '', NULL, 0, 7974, '0000-00-00 00:00:00', '0000-00-00 00:00:00'),
(5148, '', 'chris.hartnet@seraphim-int.com', 'chris.hartnet@seraphim-int.com', '', '', NULL, '', NULL, 0, 7975, '0000-00-00 00:00:00', '0000-00-00 00:00:00'),
(5149, '', 'vfaye68@hotmail.com', 'vfaye68@hotmail.com', '', '', NULL, '', NULL, 0, 7976, '0000-00-00 00:00:00', '0000-00-00 00:00:00'),
(5150, '', 'mgoewert@american-extint.com', 'mgoewert@american-extint.com', '', '', NULL, '', NULL, 0, 7977, '0000-00-00 00:00:00', '0000-00-00 00:00:00'),
(5151, '', 'calhoun@compu-type.net', 'calhoun@compu-type.net', '', '', NULL, '', NULL, 0, 7978, '0000-00-00 00:00:00', '0000-00-00 00:00:00'),
(5152, '', 'markweis@georgeweiscompany.com', 'markweis@georgeweiscompany.com', '', '', NULL, '', NULL, 0, 7979, '0000-00-00 00:00:00', '0000-00-00 00:00:00'),
(5153, '', 'kathy.wilson@floorcoveringsinternational.com', 'kathy.wilson@floorcoveringsinternational.com', '', '', NULL, '', NULL, 0, 7980, '0000-00-00 00:00:00', '0000-00-00 00:00:00'),
(5154, '', 'michael.kurtz@floorcoveringsinternational.com', 'michael.kurtz@floorcoveringsinternational.com', '', '', NULL, '', NULL, 0, 7981, '0000-00-00 00:00:00', '0000-00-00 00:00:00'),
(5155, '', 'duck1@ezeeweb.com', 'duck1@ezeeweb.com', '', '', NULL, '', NULL, 0, 7982, '0000-00-00 00:00:00', '0000-00-00 00:00:00'),
(5156, '', 'gouldfloor@hometel.com', 'gouldfloor@hometel.com', '', '', NULL, '', NULL, 0, 7983, '0000-00-00 00:00:00', '0000-00-00 00:00:00'),
(5157, '', 'kfc84@hotmail.com', 'kfc84@hotmail.com', '', '', NULL, '', NULL, 0, 7984, '0000-00-00 00:00:00', '0000-00-00 00:00:00'),
(5158, '', 'mcneilbros1@att.net', 'mcneilbros1@att.net', '', '', NULL, '', NULL, 0, 7985, '0000-00-00 00:00:00', '0000-00-00 00:00:00'),
(5159, '', 'jason@niemannsamericanflooring.com', 'jason@niemannsamericanflooring.com', '', '', NULL, '', NULL, 0, 7986, '0000-00-00 00:00:00', '0000-00-00 00:00:00'),
(5160, '', 'davco@davcopainting.com', 'davco@davcopainting.com', '', '', NULL, '', NULL, 0, 7987, '0000-00-00 00:00:00', '0000-00-00 00:00:00'),
(5161, '', 'jackshipley@1791.com', 'jackshipley@1791.com', '', '', NULL, '', NULL, 0, 7988, '0000-00-00 00:00:00', '0000-00-00 00:00:00'),
(5162, '', 'willka_63@yahoo.com', 'willka_63@yahoo.com', '', '', NULL, '', NULL, 0, 7989, '0000-00-00 00:00:00', '0000-00-00 00:00:00'),
(5163, '', 'jill@zarpropertysolutions.com', 'jill@zarpropertysolutions.com', '', '', NULL, '', NULL, 0, 7990, '0000-00-00 00:00:00', '0000-00-00 00:00:00'),
(5164, '', 'james.dallasinteriors@gmail.com', 'james.dallasinteriors@gmail.com', '', '', NULL, '', NULL, 0, 7991, '0000-00-00 00:00:00', '0000-00-00 00:00:00'),
(5165, '', 'qualitywoodflooring@yahoo.com', 'qualitywoodflooring@yahoo.com', '', '', NULL, '', NULL, 0, 7992, '0000-00-00 00:00:00', '0000-00-00 00:00:00'),
(5166, '', 'sheila@baysingerdesigngroup.com', 'sheila@baysingerdesigngroup.com', '', '', NULL, '', NULL, 0, 7993, '0000-00-00 00:00:00', '0000-00-00 00:00:00'),
(5167, '', 'breichert@ewrassociates.com', 'breichert@ewrassociates.com', '', '', NULL, '', NULL, 0, 7994, '0000-00-00 00:00:00', '0000-00-00 00:00:00'),
(5168, '', 'khayes@hornershifrin.com', 'khayes@hornershifrin.com', '', '', NULL, '', NULL, 0, 7995, '0000-00-00 00:00:00', '0000-00-00 00:00:00'),
(5169, '', 'cblair@shawneepsi.com', 'cblair@shawneepsi.com', '', '', NULL, '', NULL, 0, 7996, '0000-00-00 00:00:00', '0000-00-00 00:00:00'),
(5170, '', 'mbarnal@TWM-Inc.com', 'mbarnal@TWM-Inc.com', '', '', NULL, '', NULL, 0, 7997, '0000-00-00 00:00:00', '0000-00-00 00:00:00'),
(5171, '', 'aauld@hotmail.com', 'aauld@hotmail.com', '', '', NULL, '', NULL, 0, 7998, '0000-00-00 00:00:00', '0000-00-00 00:00:00'),
(5172, '', 'bartermasonry@gmail.com', 'bartermasonry@gmail.com', '', '', NULL, '', NULL, 0, 7999, '0000-00-00 00:00:00', '0000-00-00 00:00:00'),
(5173, '', 'beckerbrick@sbcglobal.net', 'beckerbrick@sbcglobal.net', '', '', NULL, '', NULL, 0, 8000, '0000-00-00 00:00:00', '0000-00-00 00:00:00'),
(5174, '', 'e', 'e', '', '', NULL, '', NULL, 0, 8001, '0000-00-00 00:00:00', '0000-00-00 00:00:00'),
(5175, '', 'rthorpe63@sbcglobal.net', 'rthorpe63@sbcglobal.net', '', '', NULL, '', NULL, 0, 8002, '0000-00-00 00:00:00', '0000-00-00 00:00:00'),
(5176, '', 'dan@tbrick.com', 'dan@tbrick.com', '', '', NULL, '', NULL, 0, 8003, '0000-00-00 00:00:00', '0000-00-00 00:00:00'),
(5177, '', 'bids@bistatefire.com', 'bids@bistatefire.com', '', '', NULL, '', NULL, 0, 8004, '0000-00-00 00:00:00', '0000-00-00 00:00:00'),
(5178, '', 'estimating@boyerfire.com', 'estimating@boyerfire.com', '', '', NULL, '', NULL, 0, 8005, '0000-00-00 00:00:00', '0000-00-00 00:00:00'),
(5179, '', 'jay@hockinc.com', 'jay@hockinc.com', '', '', NULL, '', NULL, 0, 8006, '0000-00-00 00:00:00', '0000-00-00 00:00:00'),
(5180, '', 'kathytied@gmail.com', 'kathytied@gmail.com', '', '', NULL, '', NULL, 0, 8007, '0000-00-00 00:00:00', '0000-00-00 00:00:00'),
(5181, '', 'tom@belocooling.com', 'tom@belocooling.com', '', '', NULL, '', NULL, 0, 8008, '0000-00-00 00:00:00', '0000-00-00 00:00:00'),
(5182, '', 'mfrederick@custmech.com', 'mfrederick@custmech.com', '', '', NULL, '', NULL, 0, 8009, '0000-00-00 00:00:00', '0000-00-00 00:00:00'),
(5183, '', 'davinroymech@peaknet.net', 'davinroymech@peaknet.net', '', '', NULL, '', NULL, 0, 8010, '0000-00-00 00:00:00', '0000-00-00 00:00:00'),
(5184, '', 'mepbids@ehretinc.com', 'mepbids@ehretinc.com', '', '', NULL, '', NULL, 0, 8011, '0000-00-00 00:00:00', '0000-00-00 00:00:00'),
(5185, '', 'ed@hockinc.com', 'ed@hockinc.com', '', '', NULL, '', NULL, 0, 8012, '0000-00-00 00:00:00', '0000-00-00 00:00:00'),
(5186, '', 'hughesheatingandcooling@charter.net', 'hughesheatingandcooling@charter.net', '', '', NULL, '', NULL, 0, 8013, '0000-00-00 00:00:00', '0000-00-00 00:00:00'),
(5187, '', 'jhughes68@hughesheatandcool.net', 'jhughes68@hughesheatandcool.net', '', '', NULL, '', NULL, 0, 8014, '0000-00-00 00:00:00', '0000-00-00 00:00:00'),
(5188, '', 'dbracey@iconmech.com', 'dbracey@iconmech.com', '', '', NULL, '', NULL, 0, 8015, '0000-00-00 00:00:00', '0000-00-00 00:00:00'),
(5189, '', 'aldavinroy@hotmail.com', 'aldavinroy@hotmail.com', '', '', NULL, '', NULL, 0, 8016, '0000-00-00 00:00:00', '0000-00-00 00:00:00'),
(5190, '', 'miklosey5@earthlink.net', 'miklosey5@earthlink.net', '', '', NULL, '', NULL, 0, 8017, '0000-00-00 00:00:00', '0000-00-00 00:00:00'),
(5191, '', 'csplumbllc@gmail.com', 'csplumbllc@gmail.com', '', '', NULL, '', NULL, 0, 8018, '0000-00-00 00:00:00', '0000-00-00 00:00:00'),
(5192, '', 'craftonplumbing@att.net', 'craftonplumbing@att.net', '', '', NULL, '', NULL, 0, 8019, '0000-00-00 00:00:00', '0000-00-00 00:00:00'),
(5193, '', 'dennis@cullerplumbing.com', 'dennis@cullerplumbing.com', '', '', NULL, '', NULL, 0, 8020, '0000-00-00 00:00:00', '0000-00-00 00:00:00'),
(5194, '', 'flushritesewer@gmail.com', 'flushritesewer@gmail.com', '', '', NULL, '', NULL, 0, 8021, '0000-00-00 00:00:00', '0000-00-00 00:00:00'),
(5195, '', 'kckc77@hotmail.com', 'kckc77@hotmail.com', '', '', NULL, '', NULL, 0, 8022, '0000-00-00 00:00:00', '0000-00-00 00:00:00'),
(5196, '', 'hendricksplmb@yahoo.com', 'hendricksplmb@yahoo.com', '', '', NULL, '', NULL, 0, 8023, '0000-00-00 00:00:00', '0000-00-00 00:00:00'),
(5197, '', 'loellkepobg@gtec.com', 'loellkepobg@gtec.com', '', '', NULL, '', NULL, 0, 8024, '0000-00-00 00:00:00', '0000-00-00 00:00:00'),
(5198, '', 'tom@maxsonservices.com', 'tom@maxsonservices.com', '', '', NULL, '', NULL, 0, 8025, '0000-00-00 00:00:00', '0000-00-00 00:00:00'),
(5199, '', 'Samsonplumbing.company@gmail.com', 'Samsonplumbing.company@gmail.com', '', '', NULL, '', NULL, 0, 8026, '0000-00-00 00:00:00', '0000-00-00 00:00:00'),
(5200, '', 'swift.plumbingllc@att.net', 'swift.plumbingllc@att.net', '', '', NULL, '', NULL, 0, 8027, '0000-00-00 00:00:00', '0000-00-00 00:00:00'),
(5201, '', 'tandsplumbing@ussonet.net', 'tandsplumbing@ussonet.net', '', '', NULL, '', NULL, 0, 8028, '0000-00-00 00:00:00', '0000-00-00 00:00:00'),
(5202, '', 'terrysplumbing@charter.net', 'terrysplumbing@charter.net', '', '', NULL, '', NULL, 0, 8029, '0000-00-00 00:00:00', '0000-00-00 00:00:00'),
(5203, '', 'rehkem@papadocs.com', 'rehkem@papadocs.com', '', '', NULL, '', NULL, 0, 8030, '0000-00-00 00:00:00', '0000-00-00 00:00:00'),
(5204, '', 'shewbros@frontier.com', 'shewbros@frontier.com', '', '', NULL, '', NULL, 0, 8031, '0000-00-00 00:00:00', '0000-00-00 00:00:00'),
(5205, '', 'gmsteelfab@yahoo.com', 'gmsteelfab@yahoo.com', '', '', NULL, '', NULL, 0, 8032, '0000-00-00 00:00:00', '0000-00-00 00:00:00'),
(5206, '', 'befager@fager-mcgee.com', 'befager@fager-mcgee.com', '', '', NULL, '', NULL, 0, 8033, '0000-00-00 00:00:00', '0000-00-00 00:00:00'),
(5207, '', 'bids@fager-mcgee.com', 'bids@fager-mcgee.com', '', '', NULL, '', NULL, 0, 8034, '0000-00-00 00:00:00', '0000-00-00 00:00:00'),
(5208, '', 'scottd@firststagefab.com', 'scottd@firststagefab.com', '', '', NULL, '', NULL, 0, 8035, '0000-00-00 00:00:00', '0000-00-00 00:00:00'),
(5209, '', 'amoore@kloecknermetals.com', 'amoore@kloecknermetals.com', '', '', NULL, '', NULL, 0, 8036, '0000-00-00 00:00:00', '0000-00-00 00:00:00'),
(5210, '', 'mercuriosmi@yahoo.com', 'mercuriosmi@yahoo.com', '', '', NULL, '', NULL, 0, 8037, '0000-00-00 00:00:00', '0000-00-00 00:00:00'),
(5211, '', 'estimating@pmwfab.com', 'estimating@pmwfab.com', '', '', NULL, '', NULL, 0, 8038, '0000-00-00 00:00:00', '0000-00-00 00:00:00'),
(5212, '', 'mcgee@yahoo.com', 'mcgee@yahoo.com', '', '', NULL, '', NULL, 0, 8039, '0000-00-00 00:00:00', '0000-00-00 00:00:00'),
(5213, '', 'darren@tru-Bilt.com', 'darren@tru-Bilt.com', '', '', NULL, '', NULL, 0, 8040, '0000-00-00 00:00:00', '0000-00-00 00:00:00'),
(5214, '', 'estimators@waltersmetalfab.com', 'estimators@waltersmetalfab.com', '', '', NULL, '', NULL, 0, 8041, '0000-00-00 00:00:00', '0000-00-00 00:00:00'),
(5215, '', 'info@abatepro.com', 'info@abatepro.com', '', '', NULL, '', NULL, 0, 8042, '0000-00-00 00:00:00', '0000-00-00 00:00:00'),
(5216, '', 'tcrow@avanti-group.cpm', 'tcrow@avanti-group.cpm', '', '', NULL, '', NULL, 0, 8043, '0000-00-00 00:00:00', '0000-00-00 00:00:00'),
(5217, '', 'sbhate@bhate.com', 'sbhate@bhate.com', '', '', NULL, '', NULL, 0, 8044, '0000-00-00 00:00:00', '0000-00-00 00:00:00'),
(5218, '', 'fecs@midwest.net', 'fecs@midwest.net', '', '', NULL, '', NULL, 0, 8045, '0000-00-00 00:00:00', '0000-00-00 00:00:00'),
(5219, '', 'jennifer@freemanenvironmental.com', 'jennifer@freemanenvironmental.com', '', '', NULL, '', NULL, 0, 8046, '0000-00-00 00:00:00', '0000-00-00 00:00:00'),
(5220, '', 'bopenlander@miradorenterprises.com', 'bopenlander@miradorenterprises.com', '', '', NULL, '', NULL, 0, 8047, '0000-00-00 00:00:00', '0000-00-00 00:00:00'),
(5221, '', 'jeckart@sciengineering.com', 'jeckart@sciengineering.com', '', '', NULL, '', NULL, 0, 8048, '0000-00-00 00:00:00', '0000-00-00 00:00:00'),
(5222, '', 'dale@mahoneyasphalt.com', 'dale@mahoneyasphalt.com', '', '', NULL, '', NULL, 0, 8049, '0000-00-00 00:00:00', '0000-00-00 00:00:00'),
(5223, '', 'rob@oilandchip.com', 'rob@oilandchip.com', '', '', NULL, '', NULL, 0, 8050, '0000-00-00 00:00:00', '0000-00-00 00:00:00'),
(5224, '', 'triplecasphalt@gmail.com', 'triplecasphalt@gmail.com', '', '', NULL, '', NULL, 0, 8051, '0000-00-00 00:00:00', '0000-00-00 00:00:00'),
(5225, '', 'bockjeff@me.com', 'bockjeff@me.com', '', '', NULL, '', NULL, 0, 8052, '0000-00-00 00:00:00', '0000-00-00 00:00:00'),
(5226, '', 'nwboringco@msn.com', 'nwboringco@msn.com', '', '', NULL, '', NULL, 0, 8053, '0000-00-00 00:00:00', '0000-00-00 00:00:00'),
(5227, '', 'estimating@ahrenscontracting.com', 'estimating@ahrenscontracting.com', '', '', NULL, '', NULL, 0, 8054, '0000-00-00 00:00:00', '0000-00-00 00:00:00'),
(5228, '', 'sidcotrash@hotmail.com', 'sidcotrash@hotmail.com', '', '', NULL, '', NULL, 0, 8055, '0000-00-00 00:00:00', '0000-00-00 00:00:00'),
(5229, '', 'buci@sbcglobal.net', 'buci@sbcglobal.net', '', '', NULL, '', NULL, 0, 8056, '0000-00-00 00:00:00', '0000-00-00 00:00:00'),
(5230, '', 'rdsbcllc@hotmail.com', 'rdsbcllc@hotmail.com', '', '', NULL, '', NULL, 0, 8057, '0000-00-00 00:00:00', '0000-00-00 00:00:00'),
(5231, '', 'jody@dwmertzke.com', 'jody@dwmertzke.com', '', '', NULL, '', NULL, 0, 8058, '0000-00-00 00:00:00', '0000-00-00 00:00:00'),
(5232, '', 'smorris@hanksel.com', 'smorris@hanksel.com', '', '', NULL, '', NULL, 0, 8059, '0000-00-00 00:00:00', '0000-00-00 00:00:00'),
(5233, '', 'hurstandson@yahoo.com', 'hurstandson@yahoo.com', '', '', NULL, '', NULL, 0, 8060, '0000-00-00 00:00:00', '0000-00-00 00:00:00'),
(5234, '', 'andrea_fencedepot@yahoo.com', 'andrea_fencedepot@yahoo.com', '', '', NULL, '', NULL, 0, 8061, '0000-00-00 00:00:00', '0000-00-00 00:00:00'),
(5235, '', 'chucksexcavating@hotmail.com', 'chucksexcavating@hotmail.com', '', '', NULL, '', NULL, 0, 8062, '0000-00-00 00:00:00', '0000-00-00 00:00:00'),
(5236, '', 'info@hanksel.com', 'info@hanksel.com', '', '', NULL, '', NULL, 0, 8063, '0000-00-00 00:00:00', '0000-00-00 00:00:00'),
(5237, '', 'sweaver@smsengineers.com', 'sweaver@smsengineers.com', '', '', NULL, '', NULL, 0, 8064, '0000-00-00 00:00:00', '0000-00-00 00:00:00'),
(5238, '', 'joe@hearthandhomeservice.com', 'joe@hearthandhomeservice.com', '', '', NULL, '', NULL, 0, 8065, '0000-00-00 00:00:00', '0000-00-00 00:00:00'),
(5239, '', 'cphunt@southernilscale.com', 'cphunt@southernilscale.com', '', '', NULL, '', NULL, 0, 8066, '0000-00-00 00:00:00', '0000-00-00 00:00:00'),
(5240, '', 'nutekinsulationinc@gmail.com', 'nutekinsulationinc@gmail.com', '', '', NULL, '', NULL, 0, 8067, '0000-00-00 00:00:00', '0000-00-00 00:00:00'),
(5241, '', 'sean@joinersmr.com', 'sean@joinersmr.com', '', '', NULL, '', NULL, 0, 8068, '0000-00-00 00:00:00', '0000-00-00 00:00:00'),
(5242, '', 'hardin.mike2@gmail.com', 'hardin.mike2@gmail.com', '', '', NULL, '', NULL, 0, 8069, '0000-00-00 00:00:00', '0000-00-00 00:00:00'),
(5243, '', 'kristina@jacobsunroom.com', 'kristina@jacobsunroom.com', '', '', NULL, '', NULL, 0, 8070, '0000-00-00 00:00:00', '0000-00-00 00:00:00'),
(5244, '', 'sales@lakesideroofing.com', 'sales@lakesideroofing.com', '', '', NULL, '', NULL, 0, 8071, '0000-00-00 00:00:00', '0000-00-00 00:00:00'),
(5245, '', 'jkeller@tyconbuilders.net', 'jkeller@tyconbuilders.net', '', '', NULL, '', NULL, 0, 8072, '0000-00-00 00:00:00', '0000-00-00 00:00:00'),
(5246, '', 'can''t leave message', 'can''t leave message', '', '', NULL, '', NULL, 0, 8073, '0000-00-00 00:00:00', '0000-00-00 00:00:00'),
(5247, '', 'pjjun@junconstruction.com', 'pjjun@junconstruction.com', '', '', NULL, '', NULL, 0, 8074, '0000-00-00 00:00:00', '0000-00-00 00:00:00'),
(5248, '', 'arkadrefinishing@gmail.com', 'arkadrefinishing@gmail.com', '', '', NULL, '', NULL, 0, 8075, '0000-00-00 00:00:00', '0000-00-00 00:00:00'),
(5249, '', 'margaret@historictimberandplank.com', 'margaret@historictimberandplank.com', '', '', NULL, '', NULL, 0, 8076, '0000-00-00 00:00:00', '0000-00-00 00:00:00'),
(5250, '', 'kitchenland@sbcglobal.net', 'kitchenland@sbcglobal.net', '', '', NULL, '', NULL, 0, 8077, '0000-00-00 00:00:00', '0000-00-00 00:00:00'),
(5251, '', 'bids@stonetreefabrications.com', 'bids@stonetreefabrications.com', '', '', NULL, '', NULL, 0, 8078, '0000-00-00 00:00:00', '0000-00-00 00:00:00'),
(5252, '', 'alyson@tycour.com', 'alyson@tycour.com', '', '', NULL, '', NULL, 0, 8079, '0000-00-00 00:00:00', '0000-00-00 00:00:00'),
(5253, '', 'bob@tycour.com', 'bob@tycour.com', '', '', NULL, '', NULL, 0, 8080, '0000-00-00 00:00:00', '0000-00-00 00:00:00'),
(5254, '', 'duganswoodworking@yahoo.com', 'duganswoodworking@yahoo.com', '', '', NULL, '', NULL, 0, 8081, '0000-00-00 00:00:00', '0000-00-00 00:00:00'),
(5255, '', 'joe@historictimberandplank.com', 'joe@historictimberandplank.com', '', '', NULL, '', NULL, 0, 8082, '0000-00-00 00:00:00', '0000-00-00 00:00:00'),
(5256, '', 'cmarrese@dwyerproducts.com', 'cmarrese@dwyerproducts.com', '', '', NULL, '', NULL, 0, 8083, '0000-00-00 00:00:00', '0000-00-00 00:00:00'),
(5257, '', 'bidroom@ceilingsystems.com', 'bidroom@ceilingsystems.com', '', '', NULL, '', NULL, 0, 8084, '0000-00-00 00:00:00', '0000-00-00 00:00:00'),
(5258, '', 'speedwaysteel@speedwaysteel.net', 'speedwaysteel@speedwaysteel.net', '', '', NULL, '', NULL, 0, 8085, '0000-00-00 00:00:00', '0000-00-00 00:00:00'),
(5259, '', 'kate@hsecontractors.com', 'kate@hsecontractors.com', '', '', NULL, '', NULL, 0, 8086, '0000-00-00 00:00:00', '0000-00-00 00:00:00'),
(5260, '', 'directofficenow@gmail.com', 'directofficenow@gmail.com', '', '', NULL, '', NULL, 0, 8087, '0000-00-00 00:00:00', '0000-00-00 00:00:00'),
(5261, '', 'tara@acibuildingsystems.com;Durden.duncan@acibuildingsystems.com', 'tara@acibuildingsystems.com;Durden.duncan@acibuildingsystems.com', '', '', NULL, '', NULL, 0, 8088, '0000-00-00 00:00:00', '0000-00-00 00:00:00'),
(5262, '', 'lladdison@bellsouth.net', 'lladdison@bellsouth.net', '', '', NULL, '', NULL, 0, 8089, '0000-00-00 00:00:00', '0000-00-00 00:00:00'),
(5263, '', 'cmason@globalindustrial.com', 'cmason@globalindustrial.com', '', '', NULL, '', NULL, 0, 8090, '0000-00-00 00:00:00', '0000-00-00 00:00:00'),
(5264, '', 'chris-rice@att.net', 'chris-rice@att.net', '', '', NULL, '', NULL, 0, 8091, '0000-00-00 00:00:00', '0000-00-00 00:00:00'),
(5265, '', 'kend@southernpan.com', 'kend@southernpan.com', '', '', NULL, '', NULL, 0, 8092, '0000-00-00 00:00:00', '0000-00-00 00:00:00'),
(5266, '', 'mghetu@stuccoteam.com', 'mghetu@stuccoteam.com', '', '', NULL, '', NULL, 0, 8093, '0000-00-00 00:00:00', '0000-00-00 00:00:00'),
(5267, '', 'Randy@stuccoteam.com', 'Randy@stuccoteam.com', '', '', NULL, '', NULL, 0, 8094, '0000-00-00 00:00:00', '0000-00-00 00:00:00'),
(5268, '', 'ReedLandscaping@BellSouth.net', 'ReedLandscaping@BellSouth.net', '', '', NULL, '', NULL, 0, 8095, '0000-00-00 00:00:00', '0000-00-00 00:00:00'),
(5269, '', 'suzanne@spcwoodcraft.com', 'suzanne@spcwoodcraft.com', '', '', NULL, '', NULL, 0, 8096, '0000-00-00 00:00:00', '0000-00-00 00:00:00'),
(5270, '', 'design@nlpcorp.com', 'design@nlpcorp.com', '', '', NULL, '', NULL, 0, 8097, '0000-00-00 00:00:00', '0000-00-00 00:00:00'),
(5271, '', 'smwhite@customvault.com', 'smwhite@customvault.com', '', '', NULL, '', NULL, 0, 8098, '0000-00-00 00:00:00', '0000-00-00 00:00:00'),
(5272, '', 'dbalas@conmat.net', 'dbalas@conmat.net', '', '', NULL, '', NULL, 0, 8099, '0000-00-00 00:00:00', '0000-00-00 00:00:00'),
(5273, '', 'WNolan@omega-comm.com', 'WNolan@omega-comm.com', '', '', NULL, '', NULL, 0, 8100, '0000-00-00 00:00:00', '0000-00-00 00:00:00'),
(5274, '', 'kedmondson@ehgllc.com', 'kedmondson@ehgllc.com', '', '', NULL, '', NULL, 0, 8101, '0000-00-00 00:00:00', '0000-00-00 00:00:00'),
(5275, '', 'bsanders@ehgllc.com', 'bsanders@ehgllc.com', '', '', NULL, '', NULL, 0, 8102, '0000-00-00 00:00:00', '0000-00-00 00:00:00'),
(5276, '', 'kjohnson@lesco.net', 'kjohnson@lesco.net', '', '', NULL, '', NULL, 0, 8103, '0000-00-00 00:00:00', '0000-00-00 00:00:00'),
(5277, '', 'GeorgeCulver@hotmail.com', 'GeorgeCulver@hotmail.com', '', '', NULL, '', NULL, 0, 8104, '0000-00-00 00:00:00', '0000-00-00 00:00:00'),
(5278, '', 'Richard.Anderson@starktruss.com', 'Richard.Anderson@starktruss.com', '', '', NULL, '', NULL, 0, 8105, '0000-00-00 00:00:00', '0000-00-00 00:00:00'),
(5279, '', 'metroofdalton@aol.com', 'metroofdalton@aol.com', '', '', NULL, '', NULL, 0, 8106, '0000-00-00 00:00:00', '0000-00-00 00:00:00'),
(5280, '', 'bobmcmorris@midsouth.cc', 'bobmcmorris@midsouth.cc', '', '', NULL, '', NULL, 0, 8107, '0000-00-00 00:00:00', '0000-00-00 00:00:00'),
(5281, '', 'engrvr77@hotmail.com', 'engrvr77@hotmail.com', '', '', NULL, '', NULL, 0, 8108, '0000-00-00 00:00:00', '0000-00-00 00:00:00'),
(5282, '', 'hfisales@gmail.com', 'hfisales@gmail.com', '', '', NULL, '', NULL, 0, 8109, '0000-00-00 00:00:00', '0000-00-00 00:00:00'),
(5283, '', 'daniel.myers@paulisystems.com', 'daniel.myers@paulisystems.com', '', '', NULL, '', NULL, 0, 8110, '0000-00-00 00:00:00', '0000-00-00 00:00:00'),
(5284, '', 'don@theclaw.net', 'don@theclaw.net', '', '', NULL, '', NULL, 0, 8111, '0000-00-00 00:00:00', '0000-00-00 00:00:00'),
(5285, '', 'info@accutecmfg.com', 'info@accutecmfg.com', '', '', NULL, '', NULL, 0, 8112, '0000-00-00 00:00:00', '0000-00-00 00:00:00'),
(5286, '', 'lhotchkiss@vistawall.com', 'lhotchkiss@vistawall.com', '', '', NULL, '', NULL, 0, 8113, '0000-00-00 00:00:00', '0000-00-00 00:00:00'),
(5287, '', 'ellenj@inclinator.com', 'ellenj@inclinator.com', '', '', NULL, '', NULL, 0, 8114, '0000-00-00 00:00:00', '0000-00-00 00:00:00'),
(5288, '', 'moyws@msn.com', 'moyws@msn.com', '', '', NULL, '', NULL, 0, 8115, '0000-00-00 00:00:00', '0000-00-00 00:00:00'),
(5289, '', 'rsettle@stopsinking.com', 'rsettle@stopsinking.com', '', '', NULL, '', NULL, 0, 8116, '0000-00-00 00:00:00', '0000-00-00 00:00:00'),
(5290, '', 'kwilliams@barfab.org', 'kwilliams@barfab.org', '', '', NULL, '', NULL, 0, 8117, '0000-00-00 00:00:00', '0000-00-00 00:00:00'),
(5291, '', 'jrayburn74@gmail.com', 'jrayburn74@gmail.com', '', '', NULL, '', NULL, 0, 8118, '0000-00-00 00:00:00', '0000-00-00 00:00:00'),
(5292, '', 'lyndeaahc@yahoo.com', 'lyndeaahc@yahoo.com', '', '', NULL, '', NULL, 0, 8119, '0000-00-00 00:00:00', '0000-00-00 00:00:00'),
(5293, '', 'jimc@overheadtampa.com', 'jimc@overheadtampa.com', '', '', NULL, '', NULL, 0, 8120, '0000-00-00 00:00:00', '0000-00-00 00:00:00'),
(5294, '', 'mslauer8@yahoo.com', 'mslauer8@yahoo.com', '', '', NULL, '', NULL, 0, 8121, '0000-00-00 00:00:00', '0000-00-00 00:00:00'),
(5295, '', ' rick@tricountyglass.com', ' rick@tricountyglass.com', '', '', NULL, '', NULL, 0, 8122, '0000-00-00 00:00:00', '0000-00-00 00:00:00'),
(5296, '', 'cdrury@tcmllc.com', 'cdrury@tcmllc.com', '', '', NULL, '', NULL, 0, 8123, '0000-00-00 00:00:00', '0000-00-00 00:00:00'),
(5297, '', 'rml@skylightconcepts.com', 'rml@skylightconcepts.com', '', '', NULL, '', NULL, 0, 8124, '0000-00-00 00:00:00', '0000-00-00 00:00:00'),
(5298, '', 'psmith@tcmlle.com', 'psmith@tcmlle.com', '', '', NULL, '', NULL, 0, 8125, '0000-00-00 00:00:00', '0000-00-00 00:00:00'),
(5299, '', 'joew@wflinc.com', 'joew@wflinc.com', '', '', NULL, '', NULL, 0, 8126, '0000-00-00 00:00:00', '0000-00-00 00:00:00'),
(5300, '', 'vetconnect@adcprotek.com', 'vetconnect@adcprotek.com', '', '', NULL, '', NULL, 0, 8127, '0000-00-00 00:00:00', '0000-00-00 00:00:00'),
(5301, '', 'charlie@lightning-specialists.com', 'charlie@lightning-specialists.com', '', '', NULL, '', NULL, 0, 8128, '0000-00-00 00:00:00', '0000-00-00 00:00:00'),
(5302, '', 'csagro@repservices.com', 'csagro@repservices.com', '', '', NULL, '', NULL, 0, 8129, '0000-00-00 00:00:00', '0000-00-00 00:00:00'),
(5303, '', 'bradl@johnson-lancaster.com', 'bradl@johnson-lancaster.com', '', '', NULL, '', NULL, 0, 8130, '0000-00-00 00:00:00', '0000-00-00 00:00:00'),
(5304, '', 'bids@floridacarpetservice.com', 'bids@floridacarpetservice.com', '', '', NULL, '', NULL, 0, 8131, '0000-00-00 00:00:00', '0000-00-00 00:00:00'),
(5305, '', 'caainc@hotmail.com', 'caainc@hotmail.com', '', '', NULL, '', NULL, 0, 8132, '0000-00-00 00:00:00', '0000-00-00 00:00:00'),
(5306, '', 'remodeling_a2z@yahoo.com', 'remodeling_a2z@yahoo.com', '', '', NULL, '', NULL, 0, 8133, '0000-00-00 00:00:00', '0000-00-00 00:00:00'),
(5307, '', 'namvet6468@aol.com', 'namvet6468@aol.com', '', '', NULL, '', NULL, 0, 8134, '0000-00-00 00:00:00', '0000-00-00 00:00:00'),
(5308, '', 'calibeyconstruct@aol.com', 'calibeyconstruct@aol.com', '', '', NULL, '', NULL, 0, 8135, '0000-00-00 00:00:00', '0000-00-00 00:00:00'),
(5309, '', 'jmframing1@verizon.net', 'jmframing1@verizon.net', '', '', NULL, '', NULL, 0, 8136, '0000-00-00 00:00:00', '0000-00-00 00:00:00'),
(5310, '', 'brianf@rauh-co.com', 'brianf@rauh-co.com', '', '', NULL, '', NULL, 0, 8137, '0000-00-00 00:00:00', '0000-00-00 00:00:00');
INSERT INTO `users` (`id`, `type`, `email`, `username`, `first_name`, `last_name`, `position`, `password`, `remember_token`, `status`, `vendor_id`, `created_at`, `updated_at`) VALUES
(5311, '', 'achalet1980@gmail.com', 'achalet1980@gmail.com', '', '', NULL, '', NULL, 0, 8138, '0000-00-00 00:00:00', '0000-00-00 00:00:00'),
(5312, '', 'flooringworld@aol.com', 'flooringworld@aol.com', '', '', NULL, '', NULL, 0, 8139, '0000-00-00 00:00:00', '0000-00-00 00:00:00'),
(5313, '', 'UFPMel@aol.com', 'UFPMel@aol.com', '', '', NULL, '', NULL, 0, 8140, '0000-00-00 00:00:00', '0000-00-00 00:00:00'),
(5314, '', 'terry@budgetpainting.biz', 'terry@budgetpainting.biz', '', '', NULL, '', NULL, 0, 8141, '0000-00-00 00:00:00', '0000-00-00 00:00:00'),
(5315, '', 'usama57@verizon.net', 'usama57@verizon.net', '', '', NULL, '', NULL, 0, 8142, '0000-00-00 00:00:00', '0000-00-00 00:00:00'),
(5316, '', 'allie4259@verizon.net', 'allie4259@verizon.net', '', '', NULL, '', NULL, 0, 8143, '0000-00-00 00:00:00', '0000-00-00 00:00:00'),
(5317, '', 'vladm.slon@gmail.com', 'vladm.slon@gmail.com', '', '', NULL, '', NULL, 0, 8144, '0000-00-00 00:00:00', '0000-00-00 00:00:00'),
(5318, '', 'bryan@vicspainting.com', 'bryan@vicspainting.com', '', '', NULL, '', NULL, 0, 8145, '0000-00-00 00:00:00', '0000-00-00 00:00:00'),
(5319, '', '2brothersstucco@gmail.com', '2brothersstucco@gmail.com', '', '', NULL, '', NULL, 0, 8146, '0000-00-00 00:00:00', '0000-00-00 00:00:00'),
(5320, '', 'RGreenlee@trginc.net', 'RGreenlee@trginc.net', '', '', NULL, '', NULL, 0, 8147, '0000-00-00 00:00:00', '0000-00-00 00:00:00'),
(5321, '', 'bhaines@floridachalkboard.com', 'bhaines@floridachalkboard.com', '', '', NULL, '', NULL, 0, 8148, '0000-00-00 00:00:00', '0000-00-00 00:00:00'),
(5322, '', 'spheric2us@hotmail.com', 'spheric2us@hotmail.com', '', '', NULL, '', NULL, 0, 8149, '0000-00-00 00:00:00', '0000-00-00 00:00:00'),
(5323, '', 'jinc0001@tampabay.rr.com', 'jinc0001@tampabay.rr.com', '', '', NULL, '', NULL, 0, 8150, '0000-00-00 00:00:00', '0000-00-00 00:00:00'),
(5324, '', 'info@ambienttech.com', 'info@ambienttech.com', '', '', NULL, '', NULL, 0, 8151, '0000-00-00 00:00:00', '0000-00-00 00:00:00'),
(5325, '', 'bbennett@aircorpsonline.com', 'bbennett@aircorpsonline.com', '', '', NULL, '', NULL, 0, 8152, '0000-00-00 00:00:00', '0000-00-00 00:00:00'),
(5329, '', 'reiring@bchmechanical.com', 'reiring@bchmechanical.com', '', '', NULL, '', NULL, 0, 8156, '0000-00-00 00:00:00', '0000-00-00 00:00:00'),
(5330, '', 'bluemapleleaf@verizon.net', 'bluemapleleaf@verizon.net', '', '', NULL, '', NULL, 0, 8157, '0000-00-00 00:00:00', '0000-00-00 00:00:00'),
(5331, '', 'RandkMechanical@tampabay.rr.com', 'RandkMechanical@tampabay.rr.com', '', '', NULL, '', NULL, 0, 8158, '0000-00-00 00:00:00', '0000-00-00 00:00:00'),
(5332, '', 'Tim@supercheapinc.com', 'Tim@supercheapinc.com', '', '', NULL, '', NULL, 0, 8159, '0000-00-00 00:00:00', '0000-00-00 00:00:00'),
(5333, '', 'zr@hammerhaug.com', 'zr@hammerhaug.com', '', '', NULL, '', NULL, 0, 8160, '0000-00-00 00:00:00', '0000-00-00 00:00:00'),
(5334, '', 'houseofmetal@aol.com', 'houseofmetal@aol.com', '', '', NULL, '', NULL, 0, 8161, '0000-00-00 00:00:00', '0000-00-00 00:00:00'),
(5335, '', 'swoods.usw@barfab.org', 'swoods.usw@barfab.org', '', '', NULL, '', NULL, 0, 8162, '0000-00-00 00:00:00', '0000-00-00 00:00:00'),
(5336, '', 'Bigscott394@yahoo.com', 'Bigscott394@yahoo.com', '', '', NULL, '', NULL, 0, 8163, '0000-00-00 00:00:00', '0000-00-00 00:00:00'),
(5337, '', 'RobertY@ameriprideinc.com', 'RobertY@ameriprideinc.com', '', '', NULL, '', NULL, 0, 8164, '0000-00-00 00:00:00', '0000-00-00 00:00:00'),
(5338, '', 'elandscape@tampabay.rr.com', 'elandscape@tampabay.rr.com', '', '', NULL, '', NULL, 0, 8165, '0000-00-00 00:00:00', '0000-00-00 00:00:00'),
(5339, '', 'info@jrjlandscaping.us', 'info@jrjlandscaping.us', '', '', NULL, '', NULL, 0, 8166, '0000-00-00 00:00:00', '0000-00-00 00:00:00'),
(5340, '', 'james@jrjlandscaping.us', 'james@jrjlandscaping.us', '', '', NULL, '', NULL, 0, 8167, '0000-00-00 00:00:00', '0000-00-00 00:00:00'),
(5341, '', 'zahira17@yahoo.com', 'zahira17@yahoo.com', '', '', NULL, '', NULL, 0, 8168, '0000-00-00 00:00:00', '0000-00-00 00:00:00'),
(5342, '', 'landscapersinc123@yahoo.com', 'landscapersinc123@yahoo.com', '', '', NULL, '', NULL, 0, 8169, '0000-00-00 00:00:00', '0000-00-00 00:00:00'),
(5343, '', 'blake.fleeman@gsdc.com', 'blake.fleeman@gsdc.com', '', '', NULL, '', NULL, 0, 8170, '0000-00-00 00:00:00', '0000-00-00 00:00:00'),
(5344, '', 'jcomuntzis@westcoastlawns.com', 'jcomuntzis@westcoastlawns.com', '', '', NULL, '', NULL, 0, 8171, '0000-00-00 00:00:00', '0000-00-00 00:00:00'),
(5345, '', 'deck@tampabay.rr.com', 'deck@tampabay.rr.com', '', '', NULL, '', NULL, 0, 8172, '0000-00-00 00:00:00', '0000-00-00 00:00:00'),
(5346, '', 'dolphinm@tampabay.rr.com', 'dolphinm@tampabay.rr.com', '', '', NULL, '', NULL, 0, 8173, '0000-00-00 00:00:00', '0000-00-00 00:00:00'),
(5347, '', 'gary@enterprisemarine.com', 'gary@enterprisemarine.com', '', '', NULL, '', NULL, 0, 8174, '0000-00-00 00:00:00', '0000-00-00 00:00:00'),
(5348, '', 'scott@integritycontractorsfl.com', 'scott@integritycontractorsfl.com', '', '', NULL, '', NULL, 0, 8175, '0000-00-00 00:00:00', '0000-00-00 00:00:00'),
(5349, '', 'ContactUs@suncoastpaving.com', 'ContactUs@suncoastpaving.com', '', '', NULL, '', NULL, 0, 8176, '0000-00-00 00:00:00', '0000-00-00 00:00:00'),
(5350, '', 'dpcramer@msn.com', 'dpcramer@msn.com', '', '', NULL, '', NULL, 0, 8177, '0000-00-00 00:00:00', '0000-00-00 00:00:00'),
(5351, '', 'tagarelli@verizon.net', 'tagarelli@verizon.net', '', '', NULL, '', NULL, 0, 8178, '0000-00-00 00:00:00', '0000-00-00 00:00:00'),
(5352, '', 'steve@awningworksinc.com', 'steve@awningworksinc.com', '', '', NULL, '', NULL, 0, 8179, '0000-00-00 00:00:00', '0000-00-00 00:00:00'),
(5353, '', 'dmelinsky@gcgraphiccomm.com', 'dmelinsky@gcgraphiccomm.com', '', '', NULL, '', NULL, 0, 8180, '0000-00-00 00:00:00', '0000-00-00 00:00:00'),
(5354, '', 'sdickson@specialtiesdirect.com', 'sdickson@specialtiesdirect.com', '', '', NULL, '', NULL, 0, 8181, '0000-00-00 00:00:00', '0000-00-00 00:00:00'),
(5355, '', 'jdonald@sidingmd.com', 'jdonald@sidingmd.com', '', '', NULL, '', NULL, 0, 8182, '0000-00-00 00:00:00', '0000-00-00 00:00:00'),
(5356, '', 'george@fgmetals.com', 'george@fgmetals.com', '', '', NULL, '', NULL, 0, 8183, '0000-00-00 00:00:00', '0000-00-00 00:00:00'),
(5357, '', 'hendrickroofing@tampabay.rr.com', 'hendrickroofing@tampabay.rr.com', '', '', NULL, '', NULL, 0, 8184, '0000-00-00 00:00:00', '0000-00-00 00:00:00'),
(5358, '', 'info@metalroofingcontractor.com', 'info@metalroofingcontractor.com', '', '', NULL, '', NULL, 0, 8185, '0000-00-00 00:00:00', '0000-00-00 00:00:00'),
(5359, '', 'rcurtiss6@tampabay.rr.com', 'rcurtiss6@tampabay.rr.com', '', '', NULL, '', NULL, 0, 8186, '0000-00-00 00:00:00', '0000-00-00 00:00:00'),
(5360, '', 'shannon@lusarakitchens.com', 'shannon@lusarakitchens.com', '', '', NULL, '', NULL, 0, 8187, '0000-00-00 00:00:00', '0000-00-00 00:00:00'),
(5361, '', 'gregg@mill-rite.com', 'gregg@mill-rite.com', '', '', NULL, '', NULL, 0, 8188, '0000-00-00 00:00:00', '0000-00-00 00:00:00'),
(5362, '', 'matt@fsftinc.com', 'matt@fsftinc.com', '', '', NULL, '', NULL, 0, 8189, '0000-00-00 00:00:00', '0000-00-00 00:00:00'),
(5363, '', 'weisrobart@sbcglobal.net', 'weisrobart@sbcglobal.net', '', '', NULL, '', NULL, 0, 8190, '0000-00-00 00:00:00', '0000-00-00 00:00:00'),
(5364, '', 'kchown@duo-gard.com', 'kchown@duo-gard.com', '', '', NULL, '', NULL, 0, 8191, '0000-00-00 00:00:00', '0000-00-00 00:00:00'),
(5365, '', 'Kent.shaeffer@steelceilings.com', 'Kent.shaeffer@steelceilings.com', '', '', NULL, '', NULL, 0, 8192, '0000-00-00 00:00:00', '0000-00-00 00:00:00'),
(5366, '', 'armbruster@fleet-imports.com', 'armbruster@fleet-imports.com', '', '', NULL, '', NULL, 0, 8193, '0000-00-00 00:00:00', '0000-00-00 00:00:00'),
(5367, '', 'smustasa@apecformwork.com', 'smustasa@apecformwork.com', '', '', NULL, '', NULL, 0, 8194, '0000-00-00 00:00:00', '0000-00-00 00:00:00'),
(5368, '', 'ngubash@carterstructures.com', 'ngubash@carterstructures.com', '', '', NULL, '', NULL, 0, 8195, '0000-00-00 00:00:00', '0000-00-00 00:00:00'),
(5369, '', 'bdewey@tuckerconcrete.com', 'bdewey@tuckerconcrete.com', '', '', NULL, '', NULL, 0, 8196, '0000-00-00 00:00:00', '0000-00-00 00:00:00'),
(5370, '', 'robertcasonawcs@bellsouth.net', 'robertcasonawcs@bellsouth.net', '', '', NULL, '', NULL, 0, 8197, '0000-00-00 00:00:00', '0000-00-00 00:00:00'),
(5371, '', 'mikewilsonawcs@bellsouth.net', 'mikewilsonawcs@bellsouth.net', '', '', NULL, '', NULL, 0, 8198, '0000-00-00 00:00:00', '0000-00-00 00:00:00'),
(5372, '', 'rgrabiak@netversant.com', 'rgrabiak@netversant.com', '', '', NULL, '', NULL, 0, 8199, '0000-00-00 00:00:00', '0000-00-00 00:00:00'),
(5373, '', 'neiinstall@aol.com', 'neiinstall@aol.com', '', '', NULL, '', NULL, 0, 8200, '0000-00-00 00:00:00', '0000-00-00 00:00:00'),
(5374, '', 'cherndon@corrpro.com', 'cherndon@corrpro.com', '', '', NULL, '', NULL, 0, 8201, '0000-00-00 00:00:00', '0000-00-00 00:00:00'),
(5375, '', 'mbfreeze@maggart.net', 'mbfreeze@maggart.net', '', '', NULL, '', NULL, 0, 8202, '0000-00-00 00:00:00', '0000-00-00 00:00:00'),
(5376, '', 'tmontour@seinteriors.com', 'tmontour@seinteriors.com', '', '', NULL, '', NULL, 0, 8203, '0000-00-00 00:00:00', '0000-00-00 00:00:00'),
(5377, '', 'steveholland@timelessbp.com', 'steveholland@timelessbp.com', '', '', NULL, '', NULL, 0, 8204, '0000-00-00 00:00:00', '0000-00-00 00:00:00'),
(5378, '', 'floorsandmore@mac.com', 'floorsandmore@mac.com', '', '', NULL, '', NULL, 0, 8205, '0000-00-00 00:00:00', '0000-00-00 00:00:00'),
(5379, '', 'dhunter@paintingIHS.com', 'dhunter@paintingIHS.com', '', '', NULL, '', NULL, 0, 8206, '0000-00-00 00:00:00', '0000-00-00 00:00:00'),
(5380, '', 'efcontractors@yahoo.com', 'efcontractors@yahoo.com', '', '', NULL, '', NULL, 0, 8207, '0000-00-00 00:00:00', '0000-00-00 00:00:00'),
(5381, '', 'estimating@unitedei.com', 'estimating@unitedei.com', '', '', NULL, '', NULL, 0, 8208, '0000-00-00 00:00:00', '0000-00-00 00:00:00'),
(5382, '', 'rick@unitedei.com', 'rick@unitedei.com', '', '', NULL, '', NULL, 0, 8209, '0000-00-00 00:00:00', '0000-00-00 00:00:00'),
(5383, '', 'sgoodrich@schoolspecialty.com', 'sgoodrich@schoolspecialty.com', '', '', NULL, '', NULL, 0, 8210, '0000-00-00 00:00:00', '0000-00-00 00:00:00'),
(5384, '', 'SEdwards@BlindBart.com', 'SEdwards@BlindBart.com', '', '', NULL, '', NULL, 0, 8211, '0000-00-00 00:00:00', '0000-00-00 00:00:00'),
(5385, '', 'admin@phoenixwindows.com', 'admin@phoenixwindows.com', '', '', NULL, '', NULL, 0, 8212, '0000-00-00 00:00:00', '0000-00-00 00:00:00'),
(5386, '', 'indorfn@att.net', 'indorfn@att.net', '', '', NULL, '', NULL, 0, 8213, '0000-00-00 00:00:00', '0000-00-00 00:00:00'),
(5387, '', 'idsdemo@bellsouth.net', 'idsdemo@bellsouth.net', '', '', NULL, '', NULL, 0, 8214, '0000-00-00 00:00:00', '0000-00-00 00:00:00'),
(5388, '', 'dsosebee@eco-tech.net', 'dsosebee@eco-tech.net', '', '', NULL, '', NULL, 0, 8215, '0000-00-00 00:00:00', '0000-00-00 00:00:00'),
(5389, '', 'gspann@utilitysys.com', 'gspann@utilitysys.com', '', '', NULL, '', NULL, 0, 8216, '0000-00-00 00:00:00', '0000-00-00 00:00:00'),
(5390, '', 'sgbai@samsign.com', 'sgbai@samsign.com', '', '', NULL, '', NULL, 0, 8217, '0000-00-00 00:00:00', '0000-00-00 00:00:00'),
(5391, '', 'runderhill@northlandcustom.com', 'runderhill@northlandcustom.com', '', '', NULL, '', NULL, 0, 8218, '0000-00-00 00:00:00', '0000-00-00 00:00:00'),
(5392, '', 'mml@loganconstructionco.com', 'mml@loganconstructionco.com', '', '', NULL, '', NULL, 0, 8219, '0000-00-00 00:00:00', '0000-00-00 00:00:00'),
(5393, '', 'vperez@lwcsolutions.com', 'vperez@lwcsolutions.com', '', '', NULL, '', NULL, 0, 8220, '0000-00-00 00:00:00', '0000-00-00 00:00:00'),
(5394, '', 'rduprey@bellsouth.net', 'rduprey@bellsouth.net', '', '', NULL, '', NULL, 0, 8221, '0000-00-00 00:00:00', '0000-00-00 00:00:00'),
(5395, '', 'mkviii@bellsouth.net', 'mkviii@bellsouth.net', '', '', NULL, '', NULL, 0, 8222, '0000-00-00 00:00:00', '0000-00-00 00:00:00'),
(5396, '', 'rkelectricfl@gmail.com', 'rkelectricfl@gmail.com', '', '', NULL, '', NULL, 0, 8223, '0000-00-00 00:00:00', '0000-00-00 00:00:00'),
(5397, '', 'rjdrywallllc@aol.com', 'rjdrywallllc@aol.com', '', '', NULL, '', NULL, 0, 8224, '0000-00-00 00:00:00', '0000-00-00 00:00:00'),
(5398, '', 'rfrisch@ppg.com', 'rfrisch@ppg.com', '', '', NULL, '', NULL, 0, 8225, '0000-00-00 00:00:00', '0000-00-00 00:00:00'),
(5399, '', 'bjohnston@thebuildersstore.net', 'bjohnston@thebuildersstore.net', '', '', NULL, '', NULL, 0, 8226, '0000-00-00 00:00:00', '0000-00-00 00:00:00'),
(5400, '', 'chooli@aol.com', 'chooli@aol.com', '', '', NULL, '', NULL, 0, 8227, '0000-00-00 00:00:00', '0000-00-00 00:00:00'),
(5401, '', 'Tom.CTLConsultants@gmail.com', 'Tom.CTLConsultants@gmail.com', '', '', NULL, '', NULL, 0, 8228, '0000-00-00 00:00:00', '0000-00-00 00:00:00'),
(5402, '', 'lnorman@premierarchstone.com', 'lnorman@premierarchstone.com', '', '', NULL, '', NULL, 0, 8229, '0000-00-00 00:00:00', '0000-00-00 00:00:00'),
(5403, '', 'omegamaniac532002@yahoo.com', 'omegamaniac532002@yahoo.com', '', '', NULL, '', NULL, 0, 8230, '0000-00-00 00:00:00', '0000-00-00 00:00:00'),
(5404, '', 'EDDIE@AWMCONSTRUCTION.COM', 'EDDIE@AWMCONSTRUCTION.COM', '', '', NULL, '', NULL, 0, 8231, '0000-00-00 00:00:00', '0000-00-00 00:00:00'),
(5405, '', 'kyle@rcpshelters.com', 'kyle@rcpshelters.com', '', '', NULL, '', NULL, 0, 8232, '0000-00-00 00:00:00', '0000-00-00 00:00:00'),
(5406, '', 'timbr@gate.net', 'timbr@gate.net', '', '', NULL, '', NULL, 0, 8233, '0000-00-00 00:00:00', '0000-00-00 00:00:00'),
(5407, '', 'TARA@sopsinc.com', 'TARA@sopsinc.com', '', '', NULL, '', NULL, 0, 8234, '0000-00-00 00:00:00', '0000-00-00 00:00:00'),
(5408, '', 'vll7598@bellsouth.net', 'vll7598@bellsouth.net', '', '', NULL, '', NULL, 0, 8235, '0000-00-00 00:00:00', '0000-00-00 00:00:00'),
(5409, '', 'remicks@84lumber.com', 'remicks@84lumber.com', '', '', NULL, '', NULL, 0, 8236, '0000-00-00 00:00:00', '0000-00-00 00:00:00'),
(5410, '', 'sdaukus@sbcglobal.net', 'sdaukus@sbcglobal.net', '', '', NULL, '', NULL, 0, 8237, '0000-00-00 00:00:00', '0000-00-00 00:00:00'),
(5411, '', 'wcm@windycitymanufacturing.com', 'wcm@windycitymanufacturing.com', '', '', NULL, '', NULL, 0, 8238, '0000-00-00 00:00:00', '0000-00-00 00:00:00'),
(5412, '', 'dsundberg@eeandg.com', 'dsundberg@eeandg.com', '', '', NULL, '', NULL, 0, 8239, '0000-00-00 00:00:00', '0000-00-00 00:00:00'),
(5413, '', 'erupnow@inprocorp.com', 'erupnow@inprocorp.com', '', '', NULL, '', NULL, 0, 8240, '0000-00-00 00:00:00', '0000-00-00 00:00:00'),
(5414, '', 'ulf@megadoor.com', 'ulf@megadoor.com', '', '', NULL, '', NULL, 0, 8241, '0000-00-00 00:00:00', '0000-00-00 00:00:00'),
(5415, '', 'jimlacey@allprosound.com', 'jimlacey@allprosound.com', '', '', NULL, '', NULL, 0, 8242, '0000-00-00 00:00:00', '0000-00-00 00:00:00'),
(5416, '', 'sales@coldraco.com', 'sales@coldraco.com', '', '', NULL, '', NULL, 0, 8243, '0000-00-00 00:00:00', '0000-00-00 00:00:00'),
(5417, '', 'gwiesinger@mieleusa.com', 'gwiesinger@mieleusa.com', '', '', NULL, '', NULL, 0, 8244, '0000-00-00 00:00:00', '0000-00-00 00:00:00'),
(5418, '', 'ralva@mailboxes.com', 'ralva@mailboxes.com', '', '', NULL, '', NULL, 0, 8245, '0000-00-00 00:00:00', '0000-00-00 00:00:00'),
(5419, '', 'jteel@metalsales.us.com', 'jteel@metalsales.us.com', '', '', NULL, '', NULL, 0, 8246, '0000-00-00 00:00:00', '0000-00-00 00:00:00'),
(5420, '', 'jhar121453@aol.com', 'jhar121453@aol.com', '', '', NULL, '', NULL, 0, 8247, '0000-00-00 00:00:00', '0000-00-00 00:00:00'),
(5421, '', 'brunersconcrete@yahoo.com', 'brunersconcrete@yahoo.com', '', '', NULL, '', NULL, 0, 8248, '0000-00-00 00:00:00', '0000-00-00 00:00:00'),
(5422, '', 'wsystems@sc.rr.com', 'wsystems@sc.rr.com', '', '', NULL, '', NULL, 0, 8249, '0000-00-00 00:00:00', '0000-00-00 00:00:00'),
(5423, '', 'Prooney@allphaseelectrical.net', 'Prooney@allphaseelectrical.net', '', '', NULL, '', NULL, 0, 8250, '0000-00-00 00:00:00', '0000-00-00 00:00:00'),
(5424, '', 'support@cmark.org', 'support@cmark.org', '', '', NULL, '', NULL, 0, 8251, '0000-00-00 00:00:00', '0000-00-00 00:00:00'),
(5425, '', 'jennifer@praileauflooring.com', 'jennifer@praileauflooring.com', '', '', NULL, '', NULL, 0, 8252, '0000-00-00 00:00:00', '0000-00-00 00:00:00'),
(5426, '', 'palmettocarpet@bellsouth.net', 'palmettocarpet@bellsouth.net', '', '', NULL, '', NULL, 0, 8253, '0000-00-00 00:00:00', '0000-00-00 00:00:00'),
(5427, '', 'jcrouse@brockcontract.com', 'jcrouse@brockcontract.com', '', '', NULL, '', NULL, 0, 8254, '0000-00-00 00:00:00', '0000-00-00 00:00:00'),
(5428, '', 'rusty@bellsouth.net', 'rusty@bellsouth.net', '', '', NULL, '', NULL, 0, 8255, '0000-00-00 00:00:00', '0000-00-00 00:00:00'),
(5429, '', 'trickard@tiledepotinc.com', 'trickard@tiledepotinc.com', '', '', NULL, '', NULL, 0, 8256, '0000-00-00 00:00:00', '0000-00-00 00:00:00'),
(5430, '', 'clarencebauer@msn.com', 'clarencebauer@msn.com', '', '', NULL, '', NULL, 0, 8257, '0000-00-00 00:00:00', '0000-00-00 00:00:00'),
(5431, '', 'ldillon@dillonconstructionservices.com', 'ldillon@dillonconstructionservices.com', '', '', NULL, '', NULL, 0, 8258, '0000-00-00 00:00:00', '0000-00-00 00:00:00'),
(5432, '', 'charles.davis@ge.com', 'charles.davis@ge.com', '', '', NULL, '', NULL, 0, 8259, '0000-00-00 00:00:00', '0000-00-00 00:00:00'),
(5433, '', 'joeltyson@labarrier.com', 'joeltyson@labarrier.com', '', '', NULL, '', NULL, 0, 8260, '0000-00-00 00:00:00', '0000-00-00 00:00:00'),
(5434, '', 'Chadvoy@aol.com', 'Chadvoy@aol.com', '', '', NULL, '', NULL, 0, 8261, '0000-00-00 00:00:00', '0000-00-00 00:00:00'),
(5435, '', 'patmasinc@aol.com', 'patmasinc@aol.com', '', '', NULL, '', NULL, 0, 8262, '0000-00-00 00:00:00', '0000-00-00 00:00:00'),
(5436, '', 'anthony.smith@ifpinc.us', 'anthony.smith@ifpinc.us', '', '', NULL, '', NULL, 0, 8263, '0000-00-00 00:00:00', '0000-00-00 00:00:00'),
(5437, '', 'officemanager@blythewoodhvac.net', 'officemanager@blythewoodhvac.net', '', '', NULL, '', NULL, 0, 8264, '0000-00-00 00:00:00', '0000-00-00 00:00:00'),
(5438, '', 'smiliechristie@bellsouth.net', 'smiliechristie@bellsouth.net', '', '', NULL, '', NULL, 0, 8265, '0000-00-00 00:00:00', '0000-00-00 00:00:00'),
(5439, '', 'mansellac@yahoo.com', 'mansellac@yahoo.com', '', '', NULL, '', NULL, 0, 8266, '0000-00-00 00:00:00', '0000-00-00 00:00:00'),
(5440, '', 'rwatts@northvalleysvc.net', 'rwatts@northvalleysvc.net', '', '', NULL, '', NULL, 0, 8267, '0000-00-00 00:00:00', '0000-00-00 00:00:00'),
(5441, '', 'Jcatoe@pierceandcatoe.com', 'Jcatoe@pierceandcatoe.com', '', '', NULL, '', NULL, 0, 8268, '0000-00-00 00:00:00', '0000-00-00 00:00:00'),
(5442, '', 'duncanplumbingandgas@sc.rr.com', 'duncanplumbingandgas@sc.rr.com', '', '', NULL, '', NULL, 0, 8269, '0000-00-00 00:00:00', '0000-00-00 00:00:00'),
(5443, '', 'kentbarker@sc.rr.com', 'kentbarker@sc.rr.com', '', '', NULL, '', NULL, 0, 8270, '0000-00-00 00:00:00', '0000-00-00 00:00:00'),
(5444, '', 'scsteelerector@sc.rr.com', 'scsteelerector@sc.rr.com', '', '', NULL, '', NULL, 0, 8271, '0000-00-00 00:00:00', '0000-00-00 00:00:00'),
(5445, '', 'pricepaving1@windstream.net', 'pricepaving1@windstream.net', '', '', NULL, '', NULL, 0, 8272, '0000-00-00 00:00:00', '0000-00-00 00:00:00'),
(5446, '', 'Lml716@aol.com', 'Lml716@aol.com', '', '', NULL, '', NULL, 0, 8273, '0000-00-00 00:00:00', '0000-00-00 00:00:00'),
(5447, '', 'Blogro@aol.com', 'Blogro@aol.com', '', '', NULL, '', NULL, 0, 8274, '0000-00-00 00:00:00', '0000-00-00 00:00:00'),
(5448, '', 'Stephen.Simpson@SimpsonDevelopmentGroup.com', 'Stephen.Simpson@SimpsonDevelopmentGroup.com', '', '', NULL, '', NULL, 0, 8275, '0000-00-00 00:00:00', '0000-00-00 00:00:00'),
(5449, '', 'vernontooke@bellsouth.net', 'vernontooke@bellsouth.net', '', '', NULL, '', NULL, 0, 8276, '0000-00-00 00:00:00', '0000-00-00 00:00:00'),
(5450, '', 'westsavsite@aol.com', 'westsavsite@aol.com', '', '', NULL, '', NULL, 0, 8277, '0000-00-00 00:00:00', '0000-00-00 00:00:00'),
(5451, '', 'cprevost162@yahoo.com', 'cprevost162@yahoo.com', '', '', NULL, '', NULL, 0, 8278, '0000-00-00 00:00:00', '0000-00-00 00:00:00'),
(5452, '', 'info@cutterinsulationinc.com', 'info@cutterinsulationinc.com', '', '', NULL, '', NULL, 0, 8279, '0000-00-00 00:00:00', '0000-00-00 00:00:00'),
(5453, '', 'mikes@marconstruction.com', 'mikes@marconstruction.com', '', '', NULL, '', NULL, 0, 8280, '0000-00-00 00:00:00', '0000-00-00 00:00:00'),
(5454, '', 'chopkins16@sc.rr.com', 'chopkins16@sc.rr.com', '', '', NULL, '', NULL, 0, 8281, '0000-00-00 00:00:00', '0000-00-00 00:00:00'),
(5455, '', 'appleroof1@yahoo.com', 'appleroof1@yahoo.com', '', '', NULL, '', NULL, 0, 8282, '0000-00-00 00:00:00', '0000-00-00 00:00:00'),
(5456, '', 'roofer@nuvox.net', 'roofer@nuvox.net', '', '', NULL, '', NULL, 0, 8283, '0000-00-00 00:00:00', '0000-00-00 00:00:00'),
(5457, '', 'klucas11@sc.rr.com', 'klucas11@sc.rr.com', '', '', NULL, '', NULL, 0, 8284, '0000-00-00 00:00:00', '0000-00-00 00:00:00'),
(5458, '', 'cpettway@rsgcolumbia.com', 'cpettway@rsgcolumbia.com', '', '', NULL, '', NULL, 0, 8285, '0000-00-00 00:00:00', '0000-00-00 00:00:00'),
(5459, '', 'melroofingplus@bellsouth.net', 'melroofingplus@bellsouth.net', '', '', NULL, '', NULL, 0, 8286, '0000-00-00 00:00:00', '0000-00-00 00:00:00'),
(5460, '', 'tbryant@jaaat.com', 'tbryant@jaaat.com', '', '', NULL, '', NULL, 0, 8287, '0000-00-00 00:00:00', '0000-00-00 00:00:00'),
(5461, '', 'lukek@cobletrenchsafety.com', 'lukek@cobletrenchsafety.com', '', '', NULL, '', NULL, 0, 8288, '0000-00-00 00:00:00', '0000-00-00 00:00:00'),
(5462, '', 'WGoode@aegisfilms.com', 'WGoode@aegisfilms.com', '', '', NULL, '', NULL, 0, 8289, '0000-00-00 00:00:00', '0000-00-00 00:00:00'),
(5463, '', 'Anna@zanesspecialty.com', 'Anna@zanesspecialty.com', '', '', NULL, '', NULL, 0, 8290, '0000-00-00 00:00:00', '0000-00-00 00:00:00'),
(5464, '', 'ken@allentri.com', 'ken@allentri.com', '', '', NULL, '', NULL, 0, 8291, '0000-00-00 00:00:00', '0000-00-00 00:00:00'),
(5465, '', 'randy.cook@mavenconstructionllc.com', 'randy.cook@mavenconstructionllc.com', '', '', NULL, '', NULL, 0, 8292, '0000-00-00 00:00:00', '0000-00-00 00:00:00'),
(5466, '', 'rtdollar@earthlink.net', 'rtdollar@earthlink.net', '', '', NULL, '', NULL, 0, 8293, '0000-00-00 00:00:00', '0000-00-00 00:00:00'),
(5467, '', 'donc135@aol.com', 'donc135@aol.com', '', '', NULL, '', NULL, 0, 8294, '0000-00-00 00:00:00', '0000-00-00 00:00:00'),
(5468, '', 'jay@gosaliaco.com', 'jay@gosaliaco.com', '', '', NULL, '', NULL, 0, 8295, '0000-00-00 00:00:00', '0000-00-00 00:00:00'),
(5469, '', 'greg@gritzgc.com', 'greg@gritzgc.com', '', '', NULL, '', NULL, 0, 8296, '0000-00-00 00:00:00', '0000-00-00 00:00:00'),
(5470, '', 'marsellaconstruction@verizon.net', 'marsellaconstruction@verizon.net', '', '', NULL, '', NULL, 0, 8297, '0000-00-00 00:00:00', '0000-00-00 00:00:00'),
(5471, '', 'sharon@rabfoundationrepair.com', 'sharon@rabfoundationrepair.com', '', '', NULL, '', NULL, 0, 8298, '0000-00-00 00:00:00', '0000-00-00 00:00:00'),
(5472, '', 'dreeser@tsi.fdn.com', 'dreeser@tsi.fdn.com', '', '', NULL, '', NULL, 0, 8299, '0000-00-00 00:00:00', '0000-00-00 00:00:00'),
(5473, '', 'jerrys@tsi.fdn.com', 'jerrys@tsi.fdn.com', '', '', NULL, '', NULL, 0, 8300, '0000-00-00 00:00:00', '0000-00-00 00:00:00'),
(5474, '', 'velezconcrete@verizon.net', 'velezconcrete@verizon.net', '', '', NULL, '', NULL, 0, 8301, '0000-00-00 00:00:00', '0000-00-00 00:00:00'),
(5475, '', 'kfrith1@tampabay.rr.com', 'kfrith1@tampabay.rr.com', '', '', NULL, '', NULL, 0, 8302, '0000-00-00 00:00:00', '0000-00-00 00:00:00'),
(5476, '', 'jason.green@ext.cemex.com', 'jason.green@ext.cemex.com', '', '', NULL, '', NULL, 0, 8303, '0000-00-00 00:00:00', '0000-00-00 00:00:00'),
(5477, '', 'gary@craftmaxdev.com', 'gary@craftmaxdev.com', '', '', NULL, '', NULL, 0, 8304, '0000-00-00 00:00:00', '0000-00-00 00:00:00'),
(5478, '', 'rhawkins@dumooresystems.com', 'rhawkins@dumooresystems.com', '', '', NULL, '', NULL, 0, 8305, '0000-00-00 00:00:00', '0000-00-00 00:00:00'),
(5479, '', 'paul.dachoff@oldcastle.com', 'paul.dachoff@oldcastle.com', '', '', NULL, '', NULL, 0, 8306, '0000-00-00 00:00:00', '0000-00-00 00:00:00'),
(5480, '', 'bbarker@americanrollupdoor.com', 'bbarker@americanrollupdoor.com', '', '', NULL, '', NULL, 0, 8307, '0000-00-00 00:00:00', '0000-00-00 00:00:00'),
(5481, '', '8662964316@tagline.cc', '8662964316@tagline.cc', '', '', NULL, '', NULL, 0, 8308, '0000-00-00 00:00:00', '0000-00-00 00:00:00'),
(5482, '', 'rutha@canteradoors.com', 'rutha@canteradoors.com', '', '', NULL, '', NULL, 0, 8309, '0000-00-00 00:00:00', '0000-00-00 00:00:00'),
(5483, '', 'cstewart@dhoi.com', 'cstewart@dhoi.com', '', '', NULL, '', NULL, 0, 8310, '0000-00-00 00:00:00', '0000-00-00 00:00:00'),
(5484, '', 'jdollar@minercorp.com', 'jdollar@minercorp.com', '', '', NULL, '', NULL, 0, 8311, '0000-00-00 00:00:00', '0000-00-00 00:00:00'),
(5485, '', 'qepbids@fdn.com', 'qepbids@fdn.com', '', '', NULL, '', NULL, 0, 8312, '0000-00-00 00:00:00', '0000-00-00 00:00:00'),
(5486, '', 'apinfo@ykk-api.com', 'apinfo@ykk-api.com', '', '', NULL, '', NULL, 0, 8313, '0000-00-00 00:00:00', '0000-00-00 00:00:00'),
(5487, '', 'frank@framelessglassco.com', 'frank@framelessglassco.com', '', '', NULL, '', NULL, 0, 8314, '0000-00-00 00:00:00', '0000-00-00 00:00:00'),
(5488, '', 'bayareaglass1@aol.com', 'bayareaglass1@aol.com', '', '', NULL, '', NULL, 0, 8315, '0000-00-00 00:00:00', '0000-00-00 00:00:00'),
(5489, '', 'mark.burrows@countrysideglass.com', 'mark.burrows@countrysideglass.com', '', '', NULL, '', NULL, 0, 8316, '0000-00-00 00:00:00', '0000-00-00 00:00:00'),
(5490, '', 'bsnell@carolinadoor.com', 'bsnell@carolinadoor.com', '', '', NULL, '', NULL, 0, 8317, '0000-00-00 00:00:00', '0000-00-00 00:00:00'),
(5491, '', 'gskukalek@faourglass.com', 'gskukalek@faourglass.com', '', '', NULL, '', NULL, 0, 8318, '0000-00-00 00:00:00', '0000-00-00 00:00:00'),
(5492, '', 'sales@glassprostampa.com', 'sales@glassprostampa.com', '', '', NULL, '', NULL, 0, 8319, '0000-00-00 00:00:00', '0000-00-00 00:00:00'),
(5493, '', 'tampatint1@aol.com', 'tampatint1@aol.com', '', '', NULL, '', NULL, 0, 8320, '0000-00-00 00:00:00', '0000-00-00 00:00:00'),
(5494, '', 'mikec@solartekwindowtinting.com', 'mikec@solartekwindowtinting.com', '', '', NULL, '', NULL, 0, 8321, '0000-00-00 00:00:00', '0000-00-00 00:00:00'),
(5495, '', 'taluminum@tampabay.rr.com', 'taluminum@tampabay.rr.com', '', '', NULL, '', NULL, 0, 8322, '0000-00-00 00:00:00', '0000-00-00 00:00:00'),
(5496, '', 'ddelapaz@advancedengineeredsystems.com', 'ddelapaz@advancedengineeredsystems.com', '', '', NULL, '', NULL, 0, 8323, '0000-00-00 00:00:00', '0000-00-00 00:00:00'),
(5497, '', 'bryan.kummer@contechsolution.com', 'bryan.kummer@contechsolution.com', '', '', NULL, '', NULL, 0, 8324, '0000-00-00 00:00:00', '0000-00-00 00:00:00'),
(5498, '', 'jdubois@kablelink.com', 'jdubois@kablelink.com', '', '', NULL, '', NULL, 0, 8325, '0000-00-00 00:00:00', '0000-00-00 00:00:00'),
(5499, '', 'mark.robbins@tekplansolutions.com', 'mark.robbins@tekplansolutions.com', '', '', NULL, '', NULL, 0, 8326, '0000-00-00 00:00:00', '0000-00-00 00:00:00'),
(5500, '', 'steve.kuethe@tekplansolutions.com', 'steve.kuethe@tekplansolutions.com', '', '', NULL, '', NULL, 0, 8327, '0000-00-00 00:00:00', '0000-00-00 00:00:00'),
(5501, '', 'anthonyp@accicable.com', 'anthonyp@accicable.com', '', '', NULL, '', NULL, 0, 8328, '0000-00-00 00:00:00', '0000-00-00 00:00:00'),
(5502, '', 'james@1emc.com ', 'james@1emc.com ', '', '', NULL, '', NULL, 0, 8329, '0000-00-00 00:00:00', '0000-00-00 00:00:00'),
(5503, '', 'falconelectric@msn.com', 'falconelectric@msn.com', '', '', NULL, '', NULL, 0, 8330, '0000-00-00 00:00:00', '0000-00-00 00:00:00'),
(5504, '', 'hectoriii@delgadoelectric.com', 'hectoriii@delgadoelectric.com', '', '', NULL, '', NULL, 0, 8331, '0000-00-00 00:00:00', '0000-00-00 00:00:00'),
(5505, '', 'andre@iceglp.com', 'andre@iceglp.com', '', '', NULL, '', NULL, 0, 8332, '0000-00-00 00:00:00', '0000-00-00 00:00:00'),
(5506, '', 'mgregory@metroservicesgrp.com', 'mgregory@metroservicesgrp.com', '', '', NULL, '', NULL, 0, 8333, '0000-00-00 00:00:00', '0000-00-00 00:00:00'),
(5507, '', 'rscent1@verizon.net', 'rscent1@verizon.net', '', '', NULL, '', NULL, 0, 8334, '0000-00-00 00:00:00', '0000-00-00 00:00:00'),
(5508, '', 'leads@rg-electric.com', 'leads@rg-electric.com', '', '', NULL, '', NULL, 0, 8335, '0000-00-00 00:00:00', '0000-00-00 00:00:00'),
(5509, '', 'tawinfo@tawinc.com', 'tawinfo@tawinc.com', '', '', NULL, '', NULL, 0, 8336, '0000-00-00 00:00:00', '0000-00-00 00:00:00'),
(5510, '', 'd.malott@acfpower.com', 'd.malott@acfpower.com', '', '', NULL, '', NULL, 0, 8337, '0000-00-00 00:00:00', '0000-00-00 00:00:00'),
(5511, '', 'CRAIG@LIGHTINGANDBULBSSUPPLY.COM', 'CRAIG@LIGHTINGANDBULBSSUPPLY.COM', '', '', NULL, '', NULL, 0, 8338, '0000-00-00 00:00:00', '0000-00-00 00:00:00'),
(5512, '', 'allstarsecurity@tampabay.rr.com', 'allstarsecurity@tampabay.rr.com', '', '', NULL, '', NULL, 0, 8339, '0000-00-00 00:00:00', '0000-00-00 00:00:00'),
(5513, '', 'deborah.vanaalten@brinks.com', 'deborah.vanaalten@brinks.com', '', '', NULL, '', NULL, 0, 8340, '0000-00-00 00:00:00', '0000-00-00 00:00:00'),
(5514, '', 'mingles@speakeasy.net', 'mingles@speakeasy.net', '', '', NULL, '', NULL, 0, 8341, '0000-00-00 00:00:00', '0000-00-00 00:00:00'),
(5515, '', 'anythingcarwash@aol.com', 'anythingcarwash@aol.com', '', '', NULL, '', NULL, 0, 8342, '0000-00-00 00:00:00', '0000-00-00 00:00:00'),
(5516, '', 'jerryh@labds.com', 'jerryh@labds.com', '', '', NULL, '', NULL, 0, 8343, '0000-00-00 00:00:00', '0000-00-00 00:00:00'),
(5517, '', 'Jerryh86@gmail.com', 'Jerryh86@gmail.com', '', '', NULL, '', NULL, 0, 8344, '0000-00-00 00:00:00', '0000-00-00 00:00:00'),
(5518, '', 'khudkins@tcstraffic.com', 'khudkins@tcstraffic.com', '', '', NULL, '', NULL, 0, 8345, '0000-00-00 00:00:00', '0000-00-00 00:00:00'),
(5519, '', 'randy.epoxy99@gmail.com', 'randy.epoxy99@gmail.com', '', '', NULL, '', NULL, 0, 8346, '0000-00-00 00:00:00', '0000-00-00 00:00:00'),
(5520, '', 'jim.sergey@tennantco.com', 'jim.sergey@tennantco.com', '', '', NULL, '', NULL, 0, 8347, '0000-00-00 00:00:00', '0000-00-00 00:00:00'),
(5521, '', 'jtorres4073@yahoo.com', 'jtorres4073@yahoo.com', '', '', NULL, '', NULL, 0, 8348, '0000-00-00 00:00:00', '0000-00-00 00:00:00'),
(5522, '', 'info@upman.com', 'info@upman.com', '', '', NULL, '', NULL, 0, 8349, '0000-00-00 00:00:00', '0000-00-00 00:00:00'),
(5523, '', 'dgr_capitol@hotmail.com', 'dgr_capitol@hotmail.com', '', '', NULL, '', NULL, 0, 8350, '0000-00-00 00:00:00', '0000-00-00 00:00:00'),
(5524, '', 'joe@lifestylecarpets.com', 'joe@lifestylecarpets.com', '', '', NULL, '', NULL, 0, 8351, '0000-00-00 00:00:00', '0000-00-00 00:00:00'),
(5525, '', 'larry@lifestylecarpets.com', 'larry@lifestylecarpets.com', '', '', NULL, '', NULL, 0, 8352, '0000-00-00 00:00:00', '0000-00-00 00:00:00'),
(5526, '', 'pippinswork@aol.com', 'pippinswork@aol.com', '', '', NULL, '', NULL, 0, 8353, '0000-00-00 00:00:00', '0000-00-00 00:00:00'),
(5527, '', 'freshstartdevelop@yahoo.com', 'freshstartdevelop@yahoo.com', '', '', NULL, '', NULL, 0, 8354, '0000-00-00 00:00:00', '0000-00-00 00:00:00'),
(5528, '', 'carole@horizonsurfacesystems.com', 'carole@horizonsurfacesystems.com', '', '', NULL, '', NULL, 0, 8355, '0000-00-00 00:00:00', '0000-00-00 00:00:00'),
(5529, '', 'esellers@interface-networks.com', 'esellers@interface-networks.com', '', '', NULL, '', NULL, 0, 8356, '0000-00-00 00:00:00', '0000-00-00 00:00:00'),
(5530, '', 'kcdillo@comcast.net', 'kcdillo@comcast.net', '', '', NULL, '', NULL, 0, 8357, '0000-00-00 00:00:00', '0000-00-00 00:00:00'),
(5531, '', 'landings@tampabay.rr.com', 'landings@tampabay.rr.com', '', '', NULL, '', NULL, 0, 8358, '0000-00-00 00:00:00', '0000-00-00 00:00:00'),
(5532, '', 'majorbuilders@verizon.net', 'majorbuilders@verizon.net', '', '', NULL, '', NULL, 0, 8359, '0000-00-00 00:00:00', '0000-00-00 00:00:00'),
(5533, '', 'wmalphus@aol.com', 'wmalphus@aol.com', '', '', NULL, '', NULL, 0, 8360, '0000-00-00 00:00:00', '0000-00-00 00:00:00'),
(5534, '', 'oriordanco@aol.com', 'oriordanco@aol.com', '', '', NULL, '', NULL, 0, 8361, '0000-00-00 00:00:00', '0000-00-00 00:00:00'),
(5535, '', 'chuck@pcsflorida.net', 'chuck@pcsflorida.net', '', '', NULL, '', NULL, 0, 8362, '0000-00-00 00:00:00', '0000-00-00 00:00:00'),
(5536, '', 'paulrobinson22@msn.com', 'paulrobinson22@msn.com', '', '', NULL, '', NULL, 0, 8363, '0000-00-00 00:00:00', '0000-00-00 00:00:00'),
(5537, '', 'terrance@pro-fitdevelopment.com', 'terrance@pro-fitdevelopment.com', '', '', NULL, '', NULL, 0, 8364, '0000-00-00 00:00:00', '0000-00-00 00:00:00'),
(5538, '', 'lcarryer@2xrc.com', 'lcarryer@2xrc.com', '', '', NULL, '', NULL, 0, 8365, '0000-00-00 00:00:00', '0000-00-00 00:00:00'),
(5539, '', 'arlene.maldonado@gmail.com', 'arlene.maldonado@gmail.com', '', '', NULL, '', NULL, 0, 8366, '0000-00-00 00:00:00', '0000-00-00 00:00:00'),
(5540, '', 'sweetdrywallllc@aol.com', 'sweetdrywallllc@aol.com', '', '', NULL, '', NULL, 0, 8367, '0000-00-00 00:00:00', '0000-00-00 00:00:00'),
(5541, '', 'rfrancum@bioflexindustries.com', 'rfrancum@bioflexindustries.com', '', '', NULL, '', NULL, 0, 8368, '0000-00-00 00:00:00', '0000-00-00 00:00:00'),
(5542, '', 'sabhot2@aol.com', 'sabhot2@aol.com', '', '', NULL, '', NULL, 0, 8369, '0000-00-00 00:00:00', '0000-00-00 00:00:00'),
(5543, '', 'acullinan@floortechinc.com.', 'acullinan@floortechinc.com.', '', '', NULL, '', NULL, 0, 8370, '0000-00-00 00:00:00', '0000-00-00 00:00:00'),
(5544, '', 'marty@coatingsincorporated.com', 'marty@coatingsincorporated.com', '', '', NULL, '', NULL, 0, 8371, '0000-00-00 00:00:00', '0000-00-00 00:00:00'),
(5545, '', 'andrea@pandoflooring.com', 'andrea@pandoflooring.com', '', '', NULL, '', NULL, 0, 8372, '0000-00-00 00:00:00', '0000-00-00 00:00:00'),
(5546, '', 'keving@stewardmellon.com', 'keving@stewardmellon.com', '', '', NULL, '', NULL, 0, 8373, '0000-00-00 00:00:00', '0000-00-00 00:00:00'),
(5547, '', 'baldrich@paintingandwaterproofing.com', 'baldrich@paintingandwaterproofing.com', '', '', NULL, '', NULL, 0, 8374, '0000-00-00 00:00:00', '0000-00-00 00:00:00'),
(5548, '', 'kcole@pps-i.com', 'kcole@pps-i.com', '', '', NULL, '', NULL, 0, 8375, '0000-00-00 00:00:00', '0000-00-00 00:00:00'),
(5549, '', 'Gallo@stuccousa.com', 'Gallo@stuccousa.com', '', '', NULL, '', NULL, 0, 8376, '0000-00-00 00:00:00', '0000-00-00 00:00:00'),
(5550, '', 'Jerryb@stuccousa.com', 'Jerryb@stuccousa.com', '', '', NULL, '', NULL, 0, 8377, '0000-00-00 00:00:00', '0000-00-00 00:00:00'),
(5551, '', 'AYJTILE@VERIZON.NET', 'AYJTILE@VERIZON.NET', '', '', NULL, '', NULL, 0, 8378, '0000-00-00 00:00:00', '0000-00-00 00:00:00'),
(5552, '', 'felixtilemarble@gmail.com', 'felixtilemarble@gmail.com', '', '', NULL, '', NULL, 0, 8379, '0000-00-00 00:00:00', '0000-00-00 00:00:00'),
(5553, '', 'josh@greatbritaintile.com', 'josh@greatbritaintile.com', '', '', NULL, '', NULL, 0, 8380, '0000-00-00 00:00:00', '0000-00-00 00:00:00'),
(5554, '', 'tcof87@yahoo.com', 'tcof87@yahoo.com', '', '', NULL, '', NULL, 0, 8381, '0000-00-00 00:00:00', '0000-00-00 00:00:00'),
(5555, '', 'bsimpson@floridabuilderappliances.com', 'bsimpson@floridabuilderappliances.com', '', '', NULL, '', NULL, 0, 8382, '0000-00-00 00:00:00', '0000-00-00 00:00:00'),
(5556, '', 'southeasternseating@hotmail.com', 'southeasternseating@hotmail.com', '', '', NULL, '', NULL, 0, 8383, '0000-00-00 00:00:00', '0000-00-00 00:00:00'),
(5557, '', 'bids@arehna.com', 'bids@arehna.com', '', '', NULL, '', NULL, 0, 8385, '0000-00-00 00:00:00', '0000-00-00 00:00:00'),
(5558, '', 'message', 'message', '', '', NULL, '', NULL, 0, 8386, '0000-00-00 00:00:00', '0000-00-00 00:00:00'),
(5559, '', 'sgimson@cas-corp.com', 'sgimson@cas-corp.com', '', '', NULL, '', NULL, 0, 8387, '0000-00-00 00:00:00', '0000-00-00 00:00:00'),
(5560, '', 'rabell@acmebarricades.com', 'rabell@acmebarricades.com', '', '', NULL, '', NULL, 0, 8388, '0000-00-00 00:00:00', '0000-00-00 00:00:00'),
(5561, '', 'tecleancleaning@aol.com', 'tecleancleaning@aol.com', '', '', NULL, '', NULL, 0, 8389, '0000-00-00 00:00:00', '0000-00-00 00:00:00'),
(5562, '', 'dbanks1@diversifiedlifting.com', 'dbanks1@diversifiedlifting.com', '', '', NULL, '', NULL, 0, 8390, '0000-00-00 00:00:00', '0000-00-00 00:00:00'),
(5563, '', 'Tbsconstr@verizon.net', 'Tbsconstr@verizon.net', '', '', NULL, '', NULL, 0, 8391, '0000-00-00 00:00:00', '0000-00-00 00:00:00'),
(5564, '', 'aalonso@rticonnection.com', 'aalonso@rticonnection.com', '', '', NULL, '', NULL, 0, 8392, '0000-00-00 00:00:00', '0000-00-00 00:00:00'),
(5565, '', 'mmoscato@skilledresources.com', 'mmoscato@skilledresources.com', '', '', NULL, '', NULL, 0, 8393, '0000-00-00 00:00:00', '0000-00-00 00:00:00'),
(5566, '', 'office@group3survey.com', 'office@group3survey.com', '', '', NULL, '', NULL, 0, 8394, '0000-00-00 00:00:00', '0000-00-00 00:00:00'),
(5567, '', 'John@JTLS.US', 'John@JTLS.US', '', '', NULL, '', NULL, 0, 8395, '0000-00-00 00:00:00', '0000-00-00 00:00:00'),
(5568, '', 'tfarleo@stoneagepavers.com', 'tfarleo@stoneagepavers.com', '', '', NULL, '', NULL, 0, 8396, '0000-00-00 00:00:00', '0000-00-00 00:00:00'),
(5569, '', 'stevegearen@gmail.com', 'stevegearen@gmail.com', '', '', NULL, '', NULL, 0, 8397, '0000-00-00 00:00:00', '0000-00-00 00:00:00'),
(5570, '', 'mtrimble@coxfire.com', 'mtrimble@coxfire.com', '', '', NULL, '', NULL, 0, 8398, '0000-00-00 00:00:00', '0000-00-00 00:00:00'),
(5571, '', 'dixiefirep@aol.com', 'dixiefirep@aol.com', '', '', NULL, '', NULL, 0, 8399, '0000-00-00 00:00:00', '0000-00-00 00:00:00'),
(5572, '', 'chad@metroonefire.com', 'chad@metroonefire.com', '', '', NULL, '', NULL, 0, 8400, '0000-00-00 00:00:00', '0000-00-00 00:00:00'),
(5573, '', 'oti@msn.com', 'oti@msn.com', '', '', NULL, '', NULL, 0, 8401, '0000-00-00 00:00:00', '0000-00-00 00:00:00'),
(5574, '', 'rich@amsco-ac.com', 'rich@amsco-ac.com', '', '', NULL, '', NULL, 0, 8402, '0000-00-00 00:00:00', '0000-00-00 00:00:00'),
(5575, '', 'lorenf@amechsolutions.com', 'lorenf@amechsolutions.com', '', '', NULL, '', NULL, 0, 8403, '0000-00-00 00:00:00', '0000-00-00 00:00:00'),
(5576, '', 'semechanical@tampabay.rr.com', 'semechanical@tampabay.rr.com', '', '', NULL, '', NULL, 0, 8404, '0000-00-00 00:00:00', '0000-00-00 00:00:00'),
(5577, '', 'lfchaumont@trane.com', 'lfchaumont@trane.com', '', '', NULL, '', NULL, 0, 8405, '0000-00-00 00:00:00', '0000-00-00 00:00:00'),
(5578, '', 'nicolette.jacopelle@trane.com', 'nicolette.jacopelle@trane.com', '', '', NULL, '', NULL, 0, 8406, '0000-00-00 00:00:00', '0000-00-00 00:00:00'),
(5579, '', 'eddiecorbitt@bayareaplumbing.com', 'eddiecorbitt@bayareaplumbing.com', '', '', NULL, '', NULL, 0, 8407, '0000-00-00 00:00:00', '0000-00-00 00:00:00'),
(5580, '', 'csaba@tampabay.rr.com', 'csaba@tampabay.rr.com', '', '', NULL, '', NULL, 0, 8408, '0000-00-00 00:00:00', '0000-00-00 00:00:00'),
(5581, '', 'chuckcjr@cogginsplumbing.com', 'chuckcjr@cogginsplumbing.com', '', '', NULL, '', NULL, 0, 8409, '0000-00-00 00:00:00', '0000-00-00 00:00:00'),
(5582, '', '01plumber@gmail.com', '01plumber@gmail.com', '', '', NULL, '', NULL, 0, 8410, '0000-00-00 00:00:00', '0000-00-00 00:00:00'),
(5583, '', 'medero1@aol.com', 'medero1@aol.com', '', '', NULL, '', NULL, 0, 8411, '0000-00-00 00:00:00', '0000-00-00 00:00:00'),
(5584, '', 'reevesbuilding@verizon.net', 'reevesbuilding@verizon.net', '', '', NULL, '', NULL, 0, 8412, '0000-00-00 00:00:00', '0000-00-00 00:00:00'),
(5585, '', 'info@velocityplumbing.com', 'info@velocityplumbing.com', '', '', NULL, '', NULL, 0, 8413, '0000-00-00 00:00:00', '0000-00-00 00:00:00'),
(5586, '', 'bob@noventing.com', 'bob@noventing.com', '', '', NULL, '', NULL, 0, 8414, '0000-00-00 00:00:00', '0000-00-00 00:00:00'),
(5587, '', 'jmcrory@arehna.com', 'jmcrory@arehna.com', '', '', NULL, '', NULL, 0, 8415, '0000-00-00 00:00:00', '0000-00-00 00:00:00'),
(5588, '', 'cedric@taylortestinglabs.com', 'cedric@taylortestinglabs.com', '', '', NULL, '', NULL, 0, 8416, '0000-00-00 00:00:00', '0000-00-00 00:00:00'),
(5589, '', 'mmetzcus@therm-all.com', 'mmetzcus@therm-all.com', '', '', NULL, '', NULL, 0, 8417, '0000-00-00 00:00:00', '0000-00-00 00:00:00'),
(5590, '', 'lincolnwelding@verizon.net', 'lincolnwelding@verizon.net', '', '', NULL, '', NULL, 0, 8418, '0000-00-00 00:00:00', '0000-00-00 00:00:00'),
(5591, '', 'ljking@daytonmetalproducts.com', 'ljking@daytonmetalproducts.com', '', '', NULL, '', NULL, 0, 8419, '0000-00-00 00:00:00', '0000-00-00 00:00:00'),
(5592, '', 'THGeneDunn@msn.com', 'THGeneDunn@msn.com', '', '', NULL, '', NULL, 0, 8420, '0000-00-00 00:00:00', '0000-00-00 00:00:00'),
(5593, '', 'jspranza@gerdauameristeel.com', 'jspranza@gerdauameristeel.com', '', '', NULL, '', NULL, 0, 8421, '0000-00-00 00:00:00', '0000-00-00 00:00:00'),
(5594, '', 'juliek@indianawireproducts.com', 'juliek@indianawireproducts.com', '', '', NULL, '', NULL, 0, 8422, '0000-00-00 00:00:00', '0000-00-00 00:00:00'),
(5595, '', 'sduroe@innovsteel.com', 'sduroe@innovsteel.com', '', '', NULL, '', NULL, 0, 8423, '0000-00-00 00:00:00', '0000-00-00 00:00:00'),
(5596, '', 'jfarris@metalsales.us.com', 'jfarris@metalsales.us.com', '', '', NULL, '', NULL, 0, 8424, '0000-00-00 00:00:00', '0000-00-00 00:00:00'),
(5597, '', 'jbrown@pride-enterprises.org', 'jbrown@pride-enterprises.org', '', '', NULL, '', NULL, 0, 8425, '0000-00-00 00:00:00', '0000-00-00 00:00:00'),
(5598, '', 'sthoresen@usatampa.com', 'sthoresen@usatampa.com', '', '', NULL, '', NULL, 0, 8426, '0000-00-00 00:00:00', '0000-00-00 00:00:00'),
(5599, '', 'cthomas@acplm.net', 'cthomas@acplm.net', '', '', NULL, '', NULL, 0, 8427, '0000-00-00 00:00:00', '0000-00-00 00:00:00'),
(5600, '', 'officemanager@durasealfla.com', 'officemanager@durasealfla.com', '', '', NULL, '', NULL, 0, 8428, '0000-00-00 00:00:00', '0000-00-00 00:00:00'),
(5601, '', 'novakm@gatorgap.com', 'novakm@gatorgap.com', '', '', NULL, '', NULL, 0, 8429, '0000-00-00 00:00:00', '0000-00-00 00:00:00'),
(5602, '', 'quotes@kandrincfl.com', 'quotes@kandrincfl.com', '', '', NULL, '', NULL, 0, 8430, '0000-00-00 00:00:00', '0000-00-00 00:00:00'),
(5603, '', 'kevinhinson@palmettoprime.com', 'kevinhinson@palmettoprime.com', '', '', NULL, '', NULL, 0, 8431, '0000-00-00 00:00:00', '0000-00-00 00:00:00'),
(5604, '', 'fernandoplss@aol.com', 'fernandoplss@aol.com', '', '', NULL, '', NULL, 0, 8432, '0000-00-00 00:00:00', '0000-00-00 00:00:00'),
(5605, '', 'hopeplss@aol.com', 'hopeplss@aol.com', '', '', NULL, '', NULL, 0, 8433, '0000-00-00 00:00:00', '0000-00-00 00:00:00'),
(5606, '', 'floridaqualitypaving@gmail.com', 'floridaqualitypaving@gmail.com', '', '', NULL, '', NULL, 0, 8434, '0000-00-00 00:00:00', '0000-00-00 00:00:00'),
(5607, '', 'karensmith@absolutegutters.com', 'karensmith@absolutegutters.com', '', '', NULL, '', NULL, 0, 8435, '0000-00-00 00:00:00', '0000-00-00 00:00:00'),
(5608, '', 'tom@advanced-demo.com', 'tom@advanced-demo.com', '', '', NULL, '', NULL, 0, 8436, '0000-00-00 00:00:00', '0000-00-00 00:00:00'),
(5609, '', 'tim.smith@d1cd.com', 'tim.smith@d1cd.com', '', '', NULL, '', NULL, 0, 8437, '0000-00-00 00:00:00', '0000-00-00 00:00:00'),
(5610, '', 'afsfc@tampabay.rr.com', 'afsfc@tampabay.rr.com', '', '', NULL, '', NULL, 0, 8438, '0000-00-00 00:00:00', '0000-00-00 00:00:00'),
(5611, '', 'acmefence@verizon.net', 'acmefence@verizon.net', '', '', NULL, '', NULL, 0, 8439, '0000-00-00 00:00:00', '0000-00-00 00:00:00'),
(5612, '', 'jason@advancedfencing.com', 'jason@advancedfencing.com', '', '', NULL, '', NULL, 0, 8440, '0000-00-00 00:00:00', '0000-00-00 00:00:00'),
(5613, '', 'jason@bayareafencecorp.com', 'jason@bayareafencecorp.com', '', '', NULL, '', NULL, 0, 8441, '0000-00-00 00:00:00', '0000-00-00 00:00:00'),
(5614, '', 'commfence@aol.com', 'commfence@aol.com', '', '', NULL, '', NULL, 0, 8442, '0000-00-00 00:00:00', '0000-00-00 00:00:00'),
(5615, '', 'southfloridafence@tampabay.rr.com', 'southfloridafence@tampabay.rr.com', '', '', NULL, '', NULL, 0, 8443, '0000-00-00 00:00:00', '0000-00-00 00:00:00'),
(5616, '', 'rlastra@thefgsgroup.com', 'rlastra@thefgsgroup.com', '', '', NULL, '', NULL, 0, 8444, '0000-00-00 00:00:00', '0000-00-00 00:00:00'),
(5617, '', 'dcoxe@earthtech.net ', 'dcoxe@earthtech.net ', '', '', NULL, '', NULL, 0, 8445, '0000-00-00 00:00:00', '0000-00-00 00:00:00'),
(5618, '', 'commercial@neckeystone.com', 'commercial@neckeystone.com', '', '', NULL, '', NULL, 0, 8446, '0000-00-00 00:00:00', '0000-00-00 00:00:00'),
(5619, '', 'aajlawncare@gmail.com', 'aajlawncare@gmail.com', '', '', NULL, '', NULL, 0, 8447, '0000-00-00 00:00:00', '0000-00-00 00:00:00'),
(5620, '', 'jrobledo@ameriscapeusa.com', 'jrobledo@ameriscapeusa.com', '', '', NULL, '', NULL, 0, 8448, '0000-00-00 00:00:00', '0000-00-00 00:00:00'),
(5621, '', 'ken@aquaproirrigation.com', 'ken@aquaproirrigation.com', '', '', NULL, '', NULL, 0, 8449, '0000-00-00 00:00:00', '0000-00-00 00:00:00'),
(5622, '', 'elitedesignerlandscaping@yahoo.com', 'elitedesignerlandscaping@yahoo.com', '', '', NULL, '', NULL, 0, 8450, '0000-00-00 00:00:00', '0000-00-00 00:00:00'),
(5623, '', 'estimates@esterlineirrigation.com', 'estimates@esterlineirrigation.com', '', '', NULL, '', NULL, 0, 8451, '0000-00-00 00:00:00', '0000-00-00 00:00:00'),
(5624, '', 'felixirr@yahoo.com', 'felixirr@yahoo.com', '', '', NULL, '', NULL, 0, 8452, '0000-00-00 00:00:00', '0000-00-00 00:00:00'),
(5625, '', 'ozieflemister@hotmail.com', 'ozieflemister@hotmail.com', '', '', NULL, '', NULL, 0, 8453, '0000-00-00 00:00:00', '0000-00-00 00:00:00'),
(5626, '', 'mlancaster@floridalandscapeconsultants.com', 'mlancaster@floridalandscapeconsultants.com', '', '', NULL, '', NULL, 0, 8454, '0000-00-00 00:00:00', '0000-00-00 00:00:00'),
(5627, '', 'greenturfs@aol.com', 'greenturfs@aol.com', '', '', NULL, '', NULL, 0, 8455, '0000-00-00 00:00:00', '0000-00-00 00:00:00'),
(5628, '', 'montesturf@tampabay.rr.com', 'montesturf@tampabay.rr.com', '', '', NULL, '', NULL, 0, 8456, '0000-00-00 00:00:00', '0000-00-00 00:00:00'),
(5629, '', 'jlarkins@murlandscaping.com', 'jlarkins@murlandscaping.com', '', '', NULL, '', NULL, 0, 8457, '0000-00-00 00:00:00', '0000-00-00 00:00:00'),
(5630, '', 'NouryLandcareInc@yahoo.com', 'NouryLandcareInc@yahoo.com', '', '', NULL, '', NULL, 0, 8458, '0000-00-00 00:00:00', '0000-00-00 00:00:00'),
(5631, '', 'jwoodho793@aol.com', 'jwoodho793@aol.com', '', '', NULL, '', NULL, 0, 8459, '0000-00-00 00:00:00', '0000-00-00 00:00:00'),
(5632, '', 'pcope@qgsdevelopment.com', 'pcope@qgsdevelopment.com', '', '', NULL, '', NULL, 0, 8460, '0000-00-00 00:00:00', '0000-00-00 00:00:00'),
(5633, '', 'rsestimating1@aol.com', 'rsestimating1@aol.com', '', '', NULL, '', NULL, 0, 8461, '0000-00-00 00:00:00', '0000-00-00 00:00:00'),
(5634, '', 'cmcguirt@raymow.com', 'cmcguirt@raymow.com', '', '', NULL, '', NULL, 0, 8462, '0000-00-00 00:00:00', '0000-00-00 00:00:00'),
(5635, '', 'reederlandscape@aol.com', 'reederlandscape@aol.com', '', '', NULL, '', NULL, 0, 8463, '0000-00-00 00:00:00', '0000-00-00 00:00:00'),
(5636, '', 'Rbanks@sunriselandscape.com', 'Rbanks@sunriselandscape.com', '', '', NULL, '', NULL, 0, 8464, '0000-00-00 00:00:00', '0000-00-00 00:00:00'),
(5637, '', 'rjohnson581@verizon.net', 'rjohnson581@verizon.net', '', '', NULL, '', NULL, 0, 8465, '0000-00-00 00:00:00', '0000-00-00 00:00:00'),
(5638, '', 'tonywilliams@wlmslandscape.com', 'tonywilliams@wlmslandscape.com', '', '', NULL, '', NULL, 0, 8466, '0000-00-00 00:00:00', '0000-00-00 00:00:00'),
(5639, '', 'myseawall@aol.com', 'myseawall@aol.com', '', '', NULL, '', NULL, 0, 8467, '0000-00-00 00:00:00', '0000-00-00 00:00:00'),
(5640, '', 'chadkelly@waterfrontsolutions.com', 'chadkelly@waterfrontsolutions.com', '', '', NULL, '', NULL, 0, 8468, '0000-00-00 00:00:00', '0000-00-00 00:00:00'),
(5641, '', 'pathecker@1waterline.com', 'pathecker@1waterline.com', '', '', NULL, '', NULL, 0, 8469, '0000-00-00 00:00:00', '0000-00-00 00:00:00'),
(5642, '', 'jeff@terraopusllc.com', 'jeff@terraopusllc.com', '', '', NULL, '', NULL, 0, 8470, '0000-00-00 00:00:00', '0000-00-00 00:00:00'),
(5643, '', 'stephen@cookcc.com', 'stephen@cookcc.com', '', '', NULL, '', NULL, 0, 8471, '0000-00-00 00:00:00', '0000-00-00 00:00:00'),
(5644, '', 'dixiel@peppercontracting.com', 'dixiel@peppercontracting.com', '', '', NULL, '', NULL, 0, 8472, '0000-00-00 00:00:00', '0000-00-00 00:00:00'),
(5645, '', 'info@simmonssitedevelopment.com ', 'info@simmonssitedevelopment.com ', '', '', NULL, '', NULL, 0, 8473, '0000-00-00 00:00:00', '0000-00-00 00:00:00'),
(5646, '', 'showell@sitecrafters.org', 'showell@sitecrafters.org', '', '', NULL, '', NULL, 0, 8474, '0000-00-00 00:00:00', '0000-00-00 00:00:00'),
(5647, '', 'cindy.hartman@rentokil.com', 'cindy.hartman@rentokil.com', '', '', NULL, '', NULL, 0, 8475, '0000-00-00 00:00:00', '0000-00-00 00:00:00'),
(5648, '', 'mark.bingaman@rentokil.com', 'mark.bingaman@rentokil.com', '', '', NULL, '', NULL, 0, 8476, '0000-00-00 00:00:00', '0000-00-00 00:00:00'),
(5649, '', 'gwdillon@pcl.com', 'gwdillon@pcl.com', '', '', NULL, '', NULL, 0, 8477, '0000-00-00 00:00:00', '0000-00-00 00:00:00'),
(5650, '', 'jechajkowski@pcl.com', 'jechajkowski@pcl.com', '', '', NULL, '', NULL, 0, 8478, '0000-00-00 00:00:00', '0000-00-00 00:00:00'),
(5651, '', 'jmrichard@pcl.com', 'jmrichard@pcl.com', '', '', NULL, '', NULL, 0, 8479, '0000-00-00 00:00:00', '0000-00-00 00:00:00'),
(5652, '', 'jeremy@sunbeltcsi.net', 'jeremy@sunbeltcsi.net', '', '', NULL, '', NULL, 0, 8480, '0000-00-00 00:00:00', '0000-00-00 00:00:00'),
(5653, '', 'matthew@awningprofessionals.com', 'matthew@awningprofessionals.com', '', '', NULL, '', NULL, 0, 8481, '0000-00-00 00:00:00', '0000-00-00 00:00:00'),
(5654, '', 'rick@awningprofessionals.com', 'rick@awningprofessionals.com', '', '', NULL, '', NULL, 0, 8482, '0000-00-00 00:00:00', '0000-00-00 00:00:00'),
(5655, '', 'JFelty@TampaBay.rr.com', 'JFelty@TampaBay.rr.com', '', '', NULL, '', NULL, 0, 8483, '0000-00-00 00:00:00', '0000-00-00 00:00:00'),
(5656, '', 'david@aumillerpools.com', 'david@aumillerpools.com', '', '', NULL, '', NULL, 0, 8484, '0000-00-00 00:00:00', '0000-00-00 00:00:00'),
(5657, '', 'cweighin@tampabay.rr.com', 'cweighin@tampabay.rr.com', '', '', NULL, '', NULL, 0, 8485, '0000-00-00 00:00:00', '0000-00-00 00:00:00'),
(5658, '', 'schaller@vangoghsigns.com', 'schaller@vangoghsigns.com', '', '', NULL, '', NULL, 0, 8486, '0000-00-00 00:00:00', '0000-00-00 00:00:00'),
(5659, '', 'fgrivna@tampabay.rr.com', 'fgrivna@tampabay.rr.com', '', '', NULL, '', NULL, 0, 8487, '0000-00-00 00:00:00', '0000-00-00 00:00:00'),
(5660, '', 'dknapp@bagcontract.com', 'dknapp@bagcontract.com', '', '', NULL, '', NULL, 0, 8488, '0000-00-00 00:00:00', '0000-00-00 00:00:00');
